{"id":487,"date":"2023-03-14T18:31:44","date_gmt":"2023-03-14T16:31:44","guid":{"rendered":"https:\/\/marketplace.epassi.fi\/art-hub\/?post_type=product&#038;p=487"},"modified":"2025-07-22T13:21:06","modified_gmt":"2025-07-22T10:21:06","slug":"taidepaivakirja-botanical-erikoiskurssi-alkaa-10-4-2023","status":"publish","type":"product","link":"https:\/\/marketplace.epassi.fi\/art-hub\/kauppa\/kulttuuriedut\/taidepaivakirja-botanical-erikoiskurssi-alkaa-10-4-2023\/","title":{"rendered":"Taidep\u00e4iv\u00e4kirja Botanical -erikoiskurssi."},"content":{"rendered":"<p>Taidep\u00e4iv\u00e4kirja Botanical vie kasvun ja muutoksen \u00e4\u00e4relle kasviteemojen kautta. Kurssin teht\u00e4viss\u00e4 tutkimme el\u00e4m\u00e4\u00e4 ymp\u00e4rill\u00e4mme ja inspiroidumme muun muassa v\u00e4reist\u00e4 ja muodoista. Juurrutamme itsemme tukevasti maahan ja pohdimme teht\u00e4vien kautta my\u00f6s oman el\u00e4m\u00e4mme perusarvoja, miss\u00e4 olemme ja mihin olemme matkalla. Intuitiivisen ja luovan taiteen avulla avaamme syd\u00e4memme tulevaisuudelle ja kaikille tulevaisuuden mahdollisuuksille.<\/p>\n<p>Kolmen viikon kurssi sis\u00e4lt\u00e4\u00e4 viisitoista luovaan taiteen tekemiseen perustuvaa alkua, joista kasvaa jokaiselle omanlaisensa teos tai teoksia.<\/p>\n<p>Viikko 1: Teemana kukat<\/p>\n<p>Viikko 2: Teemana lehdet<\/p>\n<p>Viikko 3: Teemana juuret<\/p>\n<p>Luovassa taiteen tekemisess\u00e4 teht\u00e4v\u00e4t antavat l\u00e4ht\u00f6kohdan ja jokainen soveltaa niit\u00e4 haluamallaan tavalla. Lopputulos on jokaisella erilainen, omanlaisensa. V\u00e4\u00e4r\u00e4\u00e4 tapaa tehd\u00e4 ei ole, eik\u00e4 teht\u00e4viss\u00e4 voi ep\u00e4onnistua. T\u00e4rkeint\u00e4 on antaa intuitiolle tilaa ja luovuudelle vapauden virrata. Lopputulosta ei voi ennakoida, eik\u00e4 lopputulos itse asiassa ole edes t\u00e4rke\u00e4. T\u00e4rke\u00e4mp\u00e4\u00e4 on prosessi, kaikki se, mit\u00e4 tapahtuu taiteen tekemisen aikana. Niin\u00e4 hetkin\u00e4 voimme oppia paljon my\u00f6s itsest\u00e4mme.<\/p>\n<p>Kurssi sis\u00e4lt\u00e4\u00e4 kolmen viikon aikana viisitoista luovaan taiteen tekemiseen pohjautuvaa kuvallista harjoitusta sek\u00e4 mindfulnessharjoituksia piirt\u00e4en, kirjoittaen ja kuunnellen. Lis\u00e4ksi sinulla on mahdollisuus osallistua viikoittain pidett\u00e4viin tunnin mittaisiin Taidep\u00e4iv\u00e4kirja Live -maalaushetkiin. Kurssin kaikki teht\u00e4v\u00e4t ovat avoinna vuoden 2026 loppuun saakka.<\/p>\n<p>Jos haluat mielummin aloittaa yhdess\u00e4 ryhm\u00e4n kanssa, uusi ryhm\u00e4 aloittaa loppiaisena 6.1.2025. Ryhm\u00e4aloituksissa teht\u00e4v\u00e4t tulevat yksitellen kerran p\u00e4iv\u00e4ss\u00e4, kolmen viikon ajan. Uusille kurssille pidet\u00e4\u00e4n puolen tunnin livetapaamisia ennen viikoittaisia Taidep\u00e4iv\u00e4kirja Live -maalaushetki\u00e4. Tapaamiset my\u00f6s tallennetaan tammikuun ajan, joten jos et p\u00e4\u00e4se mukaan, voit katsoa tallenteen my\u00f6hemmin. Jos haluat aloittaa kurssin vasta tammikussa, laita siit\u00e4 minulle viesti\u00e4 osoitteeseen riika.pikkuvirta@art-hub.fi. Muussa tapauksessa saat kaikki teht\u00e4v\u00e4t k\u00e4ytt\u00f6\u00f6si heti.<\/p>\n<p>V\u00e4linein\u00e4 toimii parhaiten vesiv\u00e4rit, mutta lis\u00e4n\u00e4 voit k\u00e4ytt\u00e4\u00e4 guassia tai akryyliv\u00e4ri\u00e4. Tarvitset my\u00f6s ohutk\u00e4rkisen mustan tussin jolla voit piirt\u00e4\u00e4 maalauksen p\u00e4\u00e4lle ja liimaa (voit k\u00e4ytt\u00e4\u00e4 liimapuikkoa, vedell\u00e4 laimennettua erikeeperi\u00e4 tai decoupage-koristelakkaa. Lis\u00e4ksi tarvitset taidep\u00e4iv\u00e4kirjan, joka voi olla mik\u00e4 tahansa luonnoskirja, jossa sivut ovat mielell\u00e4\u00e4n hieman paksumpaa paperia (yli 120g).<\/p>\n<p>Maksun suorittamisen j\u00e4lkeen saat viimeist\u00e4\u00e4n seuraavana p\u00e4iv\u00e4n\u00e4 tunnukset kurssialustalle.<\/p>\n<p>Opettajana toimii luovan maalaustaiteen opettaja ja kuvataiteilija Riika Pikkuvirta (TaM).<\/p>\n<p>Lis\u00e4tietoja saat Riikalta riika@amco.fi<\/p>\n","protected":false},"excerpt":{"rendered":"<p>Taidep\u00e4iv\u00e4kirja Botanical vie kasvun ja muutoksen \u00e4\u00e4relle kasviteemojen kautta. Kurssin teht\u00e4viss\u00e4 tutkimme el\u00e4m\u00e4\u00e4 ymp\u00e4rill\u00e4mme ja inspiroidumme muun muassa v\u00e4reist\u00e4 ja muodoista. Juurrutamme itsemme tukevasti maahan ja pohdimme teht\u00e4vien kautta my\u00f6s oman el\u00e4m\u00e4mme perusarvoja, miss\u00e4 olemme ja mihin olemme matkalla. Intuitiivisen ja luovan taiteen avulla avaamme syd\u00e4memme tulevaisuudelle ja kaikille tulevaisuuden mahdollisuuksille.<\/p>\n<p>Kolmen viikon kurssi sis\u00e4lt\u00e4\u00e4 viisitoista luovaan taiteen tekemiseen perustuvaa alkua, joista kasvaa jokaiselle omanlaisensa teos tai teoksia.<\/p>\n","protected":false},"featured_media":488,"comment_status":"open","ping_status":"closed","template":"","meta":{"_acf_changed":false,"_kad_post_transparent":"default","_kad_post_title":"","_kad_post_layout":"default","_kad_post_sidebar_id":"","_kad_post_content_style":"default","_kad_post_vertical_padding":"default","_kad_post_feature":"","_kad_post_feature_position":"","_kad_post_header":false,"_kad_post_footer":false,"_kad_post_classname":""},"product_brand":[],"product_cat":[20],"product_tag":[],"class_list":{"0":"post-487","1":"product","2":"type-product","3":"status-publish","4":"has-post-thumbnail","6":"product_cat-kulttuuriedut","8":"first","9":"instock","10":"virtual","11":"taxable","12":"purchasable","13":"product-type-simple","14":"entry","15":"content-bg","16":"loop-entry"},"acf":[],"_links":{"self":[{"href":"https:\/\/marketplace.epassi.fi\/art-hub\/wp-json\/wp\/v2\/product\/487","targetHints":{"allow":["GET"]}}],"collection":[{"href":"https:\/\/marketplace.epassi.fi\/art-hub\/wp-json\/wp\/v2\/product"}],"about":[{"href":"https:\/\/marketplace.epassi.fi\/art-hub\/wp-json\/wp\/v2\/types\/product"}],"replies":[{"embeddable":true,"href":"https:\/\/marketplace.epassi.fi\/art-hub\/wp-json\/wp\/v2\/comments?post=487"}],"wp:featuredmedia":[{"embeddable":true,"href":"https:\/\/marketplace.epassi.fi\/art-hub\/wp-json\/wp\/v2\/media\/488"}],"wp:attachment":[{"href":"https:\/\/marketplace.epassi.fi\/art-hub\/wp-json\/wp\/v2\/media?parent=487"}],"wp:term":[{"taxonomy":"product_brand","embeddable":true,"href":"https:\/\/marketplace.epassi.fi\/art-hub\/wp-json\/wp\/v2\/product_brand?post=487"},{"taxonomy":"product_cat","embeddable":true,"href":"https:\/\/marketplace.epassi.fi\/art-hub\/wp-json\/wp\/v2\/product_cat?post=487"},{"taxonomy":"product_tag","embeddable":true,"href":"https:\/\/marketplace.epassi.fi\/art-hub\/wp-json\/wp\/v2\/product_tag?post=487"}],"curies":[{"name":"wp","href":"https:\/\/api.w.org\/{rel}","templated":true}]}}