{"id":290,"date":"2021-10-20T17:09:46","date_gmt":"2021-10-20T17:09:46","guid":{"rendered":"https:\/\/marketplace.epassi.fi\/askellusklinikka\/?post_type=product&#038;p=290"},"modified":"2024-09-01T00:03:21","modified_gmt":"2024-08-31T21:03:21","slug":"swedish-posture-ristiselantuki","status":"publish","type":"product","link":"https:\/\/marketplace.epassi.fi\/askellusklinikka\/kauppa\/ergosafe\/ergosafe-muut\/swedish-posture-ristiselantuki\/","title":{"rendered":"Swedish Posture -ristisel\u00e4ntuki"},"content":{"rendered":"<div>Sel\u00e4n venytys auttaa p\u00e4\u00e4sem\u00e4\u00e4n eroon sel\u00e4n j\u00e4nnityksest\u00e4, lis\u00e4\u00e4 joustavuutta ja antaa sinulle paremman asennon. Selk\u00e4tuen avulla voit v\u00e4hent\u00e4\u00e4 j\u00e4nnityst\u00e4, joka aiheutuu kireist\u00e4 lihaksista, puristuksissa olevista hermoista ja nikamista. Samalla se stimuloi verenkiertoa ja antaa miellytt\u00e4v\u00e4n hierontaefektin. Istuessamme paikallaan, ajaessamme autoa tai ty\u00f6p\u00e4iv\u00e4n lopussa meid\u00e4n kaikkien on ehk\u00e4 venytelt\u00e4v\u00e4, jotta sel\u00e4n j\u00e4nnitys ja j\u00e4ykkyys v\u00e4henev\u00e4t. K\u00e4yt\u00e4 selk\u00e4tukea venytt\u00e4ess\u00e4si makuulla tai s\u00e4\u00e4nn\u00f6llisesti selk\u00e4nojana istuessasi.<\/div>\n<div><\/div>\n<div>Selk\u00e4nojalla on 3 eri tasoa. Aloita tasolta yksi ja nosta tasoa, kun kehosi tottuu siihen. Sen ei pit\u00e4isi satuttaa selk\u00e4\u00e4si tai miss\u00e4\u00e4n muualla, joten ota se hitaasti askel askeleelta.<\/div>\n<div><\/div>\n<ul>\n<li>Taso 1 &#8211; alintaso eritt\u00e4in j\u00e4yk\u00e4lle sel\u00e4lle<\/li>\n<li>Taso 2 &#8211; v\u00e4liasento, joka on suhteellisen liikkuva<\/li>\n<li>Taso 3 &#8211; korkein ja sinulle, joka olet eritt\u00e4in joustava<\/li>\n<\/ul>\n","protected":false},"excerpt":{"rendered":"<ul>\n<li>Sel\u00e4ntuki parantaa ryhti\u00e4si<\/li>\n<li>Tyylik\u00e4s muotoilu ja pellavap\u00e4\u00e4llinen sopivat moderniin ty\u00f6ymp\u00e4rist\u00f6\u00f6n<\/li>\n<li>Duok\u00e4ytt\u00f6\u00f6n, sek\u00e4 toimistoon ett\u00e4 treenistudioon<\/li>\n<li>K\u00e4yt\u00e4 istuessa tai selinmakuulla<\/li>\n<li>3 eri korkeutta, joita on helppo s\u00e4\u00e4t\u00e4\u00e4<\/li>\n<li>Pehme\u00e4 kerros 100 % pellavaa Back Stretchille, joka antaa eritt\u00e4in tyylikk\u00e4\u00e4n ilmeen ja miellytt\u00e4v\u00e4n toiminnan.<\/li>\n<li>Taitettava ja kannettava<\/li>\n<li>Irrotettava pest\u00e4v\u00e4 p\u00e4\u00e4llinen, joka pit\u00e4\u00e4 tuotteen kest\u00e4v\u00e4mp\u00e4n\u00e4 ja puhtaana<\/li>\n<li>K\u00e4yt\u00e4 5 minuuttia kahdesti p\u00e4iv\u00e4ss\u00e4 makuuasennossa ja s\u00e4\u00e4nn\u00f6llisesti istuma-asennossa<\/li>\n<\/ul>\n","protected":false},"featured_media":518,"comment_status":"open","ping_status":"closed","template":"","meta":{"_acf_changed":false,"_kad_post_transparent":"default","_kad_post_title":"","_kad_post_layout":"default","_kad_post_sidebar_id":"","_kad_post_content_style":"default","_kad_post_vertical_padding":"default","_kad_post_feature":"","_kad_post_feature_position":"","_kad_post_header":false,"_kad_post_footer":false,"_kad_post_classname":""},"product_brand":[],"product_cat":[22,35],"product_tag":[],"class_list":{"0":"post-290","1":"product","2":"type-product","3":"status-publish","4":"has-post-thumbnail","6":"product_cat-ergosafe","7":"product_cat-ergosafe-muut","9":"first","10":"instock","11":"virtual","12":"taxable","13":"purchasable","14":"product-type-simple","15":"entry","16":"content-bg","17":"loop-entry"},"acf":[],"_links":{"self":[{"href":"https:\/\/marketplace.epassi.fi\/askellusklinikka\/wp-json\/wp\/v2\/product\/290","targetHints":{"allow":["GET"]}}],"collection":[{"href":"https:\/\/marketplace.epassi.fi\/askellusklinikka\/wp-json\/wp\/v2\/product"}],"about":[{"href":"https:\/\/marketplace.epassi.fi\/askellusklinikka\/wp-json\/wp\/v2\/types\/product"}],"replies":[{"embeddable":true,"href":"https:\/\/marketplace.epassi.fi\/askellusklinikka\/wp-json\/wp\/v2\/comments?post=290"}],"wp:featuredmedia":[{"embeddable":true,"href":"https:\/\/marketplace.epassi.fi\/askellusklinikka\/wp-json\/wp\/v2\/media\/518"}],"wp:attachment":[{"href":"https:\/\/marketplace.epassi.fi\/askellusklinikka\/wp-json\/wp\/v2\/media?parent=290"}],"wp:term":[{"taxonomy":"product_brand","embeddable":true,"href":"https:\/\/marketplace.epassi.fi\/askellusklinikka\/wp-json\/wp\/v2\/product_brand?post=290"},{"taxonomy":"product_cat","embeddable":true,"href":"https:\/\/marketplace.epassi.fi\/askellusklinikka\/wp-json\/wp\/v2\/product_cat?post=290"},{"taxonomy":"product_tag","embeddable":true,"href":"https:\/\/marketplace.epassi.fi\/askellusklinikka\/wp-json\/wp\/v2\/product_tag?post=290"}],"curies":[{"name":"wp","href":"https:\/\/api.w.org\/{rel}","templated":true}]}}