{"id":290,"date":"2021-10-20T17:09:46","date_gmt":"2021-10-20T17:09:46","guid":{"rendered":"https:\/\/marketplace.epassi.fi\/briima\/?post_type=product&#038;p=290"},"modified":"2025-01-13T11:35:12","modified_gmt":"2025-01-13T09:35:12","slug":"tyotennarit-mustat","status":"publish","type":"product","link":"https:\/\/marketplace.epassi.fi\/briima\/kauppa\/ergosafe\/tyokengat-ja-vaatteet\/tyotennarit-mustat\/","title":{"rendered":"Ty\u00f6tennarit mustat"},"content":{"rendered":"<h1>Korkealaatuiset, kevyet ja joustavat unisex ty\u00f6tennarit sis\u00e4k\u00e4ytt\u00f6\u00f6n.<\/h1>\n<p><strong>Hinta sis\u00e4lt\u00e4\u00e4 kenkien toimituskulut.<\/strong><\/p>\n<p>Muotoiltu sis\u00e4pohja tukee jalkaa keng\u00e4ss\u00e4 ja jakaa painon tasaisesti koko jalkapohjalle.<\/p>\n<p>Turvallinen, luistamaton pohja.<\/p>\n<p>Kenkien sis\u00e4pinta on saumaton, mik\u00e4 tekee kengist\u00e4 eritt\u00e4in miellytt\u00e4v\u00e4t jaloille. Sis\u00e4ll\u00e4 vaihdettava pohjallinen.<\/p>\n<p>Sis\u00e4puolella antimikrobinen ja hyvin hengitt\u00e4v\u00e4 kangas, joka siirt\u00e4\u00e4 kosteuden pois iholta.<\/p>\n<p>Kangasp\u00e4\u00e4llinen on hengitt\u00e4v\u00e4\u00e4, mutta vett\u00e4 ja muita kemikaaleja kest\u00e4v\u00e4\u00e4\u00a0materiaalia, joka on helppo puhdistaa. Kangaspinta on my\u00f6s normaaleja tennareita paksumpaa materiaalia, jolloin ter\u00e4v\u00e4t esineet eiv\u00e4t l\u00e4p\u00e4ise sit\u00e4 helposti.<\/p>\n<p>Keng\u00e4t voidaan pest\u00e4 pesukoneessa 40 asteen l\u00e4mp\u00f6tilassa.<\/p>\n<p>Valmistettu ISO 20347 standardin mukaisesti.<\/p>\n<p>Sopii miehille sek\u00e4 naisille.<\/p>\n<p>Varastokoot 36 &#8211; 43.<\/p>\n<p>Koot 44 &#8211; 47 tilaustuotteita, joiden toimitusaika on n. 2 viikkoa. Ota yhteytt\u00e4 info@briima.fi.<\/p>\n<p>Ty\u00f6keng\u00e4t ovat vegaaniset.<\/p>\n<p>Ty\u00f6keng\u00e4t ovat yhteisty\u00f6kumppanimme valmistuttama tuote. Valmistusmaa Espanja.<\/p>\n<p>Voit tutustua ty\u00f6kenkiin ja tehd\u00e4 tilauksen my\u00f6s verkkokaupassamme, jossa voit valita maksutavaksi ergosafe edun.<\/p>\n<p><a href=\"https:\/\/www.briima.fi\/epages\/briima.sf\/fi_FI\/?ObjectPath=\/Shops\/29092010-180985\/Categories\/Assortment\/Jalkineet\">www.briima.fi<\/a><\/p>\n<p><strong>Keng\u00e4t ovat pient\u00e4 kokoa suomalaisiin kenkiin verrattuna, joten valitse n\u00e4ist\u00e4 yht\u00e4 kokoa suurempi kenk\u00e4 kuin normaalisti.<\/strong><\/p>\n<p>&nbsp;<\/p>\n<p>Keng\u00e4n sis\u00e4pohjan mitat:<\/p>\n<p>36 &#8211; 24 cm<\/p>\n<p>37 &#8211; 24,5 cm<\/p>\n<p>38 &#8211; 25 cm<\/p>\n<p>39 &#8211; 25,5 cm<\/p>\n<p>40 &#8211; 26 cm<\/p>\n<p>41 &#8211; 26,5 cm<\/p>\n<p>42 \u2013 27 cm<\/p>\n<p>43 \u2013 27,5 cm<\/p>\n<p>Sopiva keng\u00e4n koko on yleens\u00e4 oman jalan mitta + 0,5 &#8211; 1 cm.<\/p>\n<p>Mik\u00e4li ep\u00e4r\u00f6it kahden koon v\u00e4lill\u00e4, suosittelemme valitsemaan suuremman keng\u00e4n.<\/p>\n","protected":false},"excerpt":{"rendered":"<h1>Korkealaatuiset, kevyet ja joustavat unisex ty\u00f6tennarit sis\u00e4k\u00e4ytt\u00f6\u00f6n<\/h1>\n","protected":false},"featured_media":332,"comment_status":"open","ping_status":"closed","template":"","meta":{"_acf_changed":false,"_kad_post_transparent":"default","_kad_post_title":"","_kad_post_layout":"default","_kad_post_sidebar_id":"","_kad_post_content_style":"default","_kad_post_vertical_padding":"default","_kad_post_feature":"","_kad_post_feature_position":"","_kad_post_header":false,"_kad_post_footer":false,"_kad_post_classname":""},"product_brand":[],"product_cat":[22,33],"product_tag":[],"class_list":{"0":"post-290","1":"product","2":"type-product","3":"status-publish","4":"has-post-thumbnail","6":"product_cat-ergosafe","7":"product_cat-tyokengat-ja-vaatteet","9":"first","10":"instock","11":"taxable","12":"shipping-taxable","13":"purchasable","14":"product-type-variable","15":"entry","16":"content-bg","17":"loop-entry"},"acf":[],"_links":{"self":[{"href":"https:\/\/marketplace.epassi.fi\/briima\/wp-json\/wp\/v2\/product\/290","targetHints":{"allow":["GET"]}}],"collection":[{"href":"https:\/\/marketplace.epassi.fi\/briima\/wp-json\/wp\/v2\/product"}],"about":[{"href":"https:\/\/marketplace.epassi.fi\/briima\/wp-json\/wp\/v2\/types\/product"}],"replies":[{"embeddable":true,"href":"https:\/\/marketplace.epassi.fi\/briima\/wp-json\/wp\/v2\/comments?post=290"}],"wp:featuredmedia":[{"embeddable":true,"href":"https:\/\/marketplace.epassi.fi\/briima\/wp-json\/wp\/v2\/media\/332"}],"wp:attachment":[{"href":"https:\/\/marketplace.epassi.fi\/briima\/wp-json\/wp\/v2\/media?parent=290"}],"wp:term":[{"taxonomy":"product_brand","embeddable":true,"href":"https:\/\/marketplace.epassi.fi\/briima\/wp-json\/wp\/v2\/product_brand?post=290"},{"taxonomy":"product_cat","embeddable":true,"href":"https:\/\/marketplace.epassi.fi\/briima\/wp-json\/wp\/v2\/product_cat?post=290"},{"taxonomy":"product_tag","embeddable":true,"href":"https:\/\/marketplace.epassi.fi\/briima\/wp-json\/wp\/v2\/product_tag?post=290"}],"curies":[{"name":"wp","href":"https:\/\/api.w.org\/{rel}","templated":true}]}}