{"id":273,"date":"2021-10-16T11:12:03","date_gmt":"2021-10-16T08:12:03","guid":{"rendered":"https:\/\/marketplace.epassi.fi\/divetime\/?post_type=product&#038;p=273"},"modified":"2024-09-01T00:05:42","modified_gmt":"2024-08-31T21:05:42","slug":"ssi-scuba-skills-update-sukellustaitojen-kertaus","status":"publish","type":"product","link":"https:\/\/marketplace.epassi.fi\/divetime\/kauppa\/liikuntaedut\/liikunta-muut\/ssi-scuba-skills-update-sukellustaitojen-kertaus\/","title":{"rendered":"SSI Scuba Skills Update &#8211; Sukellustaitojen kertaus"},"content":{"rendered":"<p>Sukellustaitoja on hyv\u00e4 kerrata yhdess\u00e4 kouluttajan kanssa, kun edellisest\u00e4 sukelluksesta on kulunut aikaa. Kertauksessa harjoitellaan peruskurssilla opittuja sukellustaitoja, jotka ovat oleellisia juuri niiss\u00e4 olosuhteissa, joihin olet menossa sukeltamaan. My\u00f6s sukellusvarusteiden kokoaminen ja tarkastaminen palautetaan mieleen. Kertaamassa kannattaa k\u00e4yd\u00e4 erityisesti silloin, kun olet l\u00e4hd\u00f6ss\u00e4 sukelluslomalle tauon j\u00e4lkeen. P\u00e4\u00e4set matkakohteessa nauttimaan heti merenalaisista el\u00e4myksist\u00e4, eik\u00e4 tarvitse olla huolissaan sujuuko sukellus ja muistanko kaiken mit\u00e4 pit\u00e4\u00e4 huomioida. Kertaus lis\u00e4\u00e4 sukellusturvallisuutta.<\/p>\n","protected":false},"excerpt":{"rendered":"<p>Sukellustaitoja on hyv\u00e4 kerrata yhdess\u00e4 kouluttajan kanssa, kun edellisest\u00e4 sukelluksesta on kulunut aikaa.<\/p>\n","protected":false},"featured_media":333,"comment_status":"open","ping_status":"closed","template":"","meta":{"_acf_changed":false,"_kad_post_transparent":"default","_kad_post_title":"","_kad_post_layout":"default","_kad_post_sidebar_id":"","_kad_post_content_style":"default","_kad_post_vertical_padding":"default","_kad_post_feature":"","_kad_post_feature_position":"","_kad_post_header":false,"_kad_post_footer":false,"_kad_post_classname":""},"product_brand":[],"product_cat":[29,19],"product_tag":[],"class_list":{"0":"post-273","1":"product","2":"type-product","3":"status-publish","4":"has-post-thumbnail","6":"product_cat-liikunta-muut","7":"product_cat-liikuntaedut","9":"first","10":"instock","11":"virtual","12":"taxable","13":"purchasable","14":"product-type-simple","15":"entry","16":"content-bg","17":"loop-entry"},"acf":[],"_links":{"self":[{"href":"https:\/\/marketplace.epassi.fi\/divetime\/wp-json\/wp\/v2\/product\/273","targetHints":{"allow":["GET"]}}],"collection":[{"href":"https:\/\/marketplace.epassi.fi\/divetime\/wp-json\/wp\/v2\/product"}],"about":[{"href":"https:\/\/marketplace.epassi.fi\/divetime\/wp-json\/wp\/v2\/types\/product"}],"replies":[{"embeddable":true,"href":"https:\/\/marketplace.epassi.fi\/divetime\/wp-json\/wp\/v2\/comments?post=273"}],"wp:featuredmedia":[{"embeddable":true,"href":"https:\/\/marketplace.epassi.fi\/divetime\/wp-json\/wp\/v2\/media\/333"}],"wp:attachment":[{"href":"https:\/\/marketplace.epassi.fi\/divetime\/wp-json\/wp\/v2\/media?parent=273"}],"wp:term":[{"taxonomy":"product_brand","embeddable":true,"href":"https:\/\/marketplace.epassi.fi\/divetime\/wp-json\/wp\/v2\/product_brand?post=273"},{"taxonomy":"product_cat","embeddable":true,"href":"https:\/\/marketplace.epassi.fi\/divetime\/wp-json\/wp\/v2\/product_cat?post=273"},{"taxonomy":"product_tag","embeddable":true,"href":"https:\/\/marketplace.epassi.fi\/divetime\/wp-json\/wp\/v2\/product_tag?post=273"}],"curies":[{"name":"wp","href":"https:\/\/api.w.org\/{rel}","templated":true}]}}