{"id":274,"date":"2021-10-16T11:14:50","date_gmt":"2021-10-16T08:14:50","guid":{"rendered":"https:\/\/marketplace.epassi.fi\/divetime\/?post_type=product&#038;p=274"},"modified":"2024-09-01T00:05:42","modified_gmt":"2024-08-31T21:05:42","slug":"ssi-referral-diver-siirtopaperikurssi","status":"publish","type":"product","link":"https:\/\/marketplace.epassi.fi\/divetime\/kauppa\/liikuntaedut\/liikunta-muut\/ssi-referral-diver-siirtopaperikurssi\/","title":{"rendered":"SSI Referral Diver &#8211; Siirtopaperikurssi"},"content":{"rendered":"<p>T\u00e4m\u00e4 maailmanlaajuisesti tunnustettu koulutusohjelma on paras tapa aloittaa elinik\u00e4inen seikkailu sukeltajana. Laitesukelluksen peruskurssi eli kansainv\u00e4lisemmin Open Water Diver -kurssi on laaja kokonaisuus, joka koostuu verkko-oppimismateriaalista, teoriaopetuksesta, allasharjoituksista ja avovesisukelluksista.<\/p>\n<p>Open Water Diver Referral -kurssilla suoritat teoriaopetuksen ja allasharjoitukset Jyv\u00e4skyl\u00e4ss\u00e4 ja kurssin avovesisukellukset lomakohteessa. Avovesikoulutussukellukset maksetaan erikseen niiden j\u00e4rjest\u00e4j\u00e4lle.<\/p>\n<p>Open Water Diver kurssilla opit sukeltamisen perustaidot. Kurssi on turvallisen sukellusharrastuksen perusedellytys. Suoritettuasi kurssin ansaitset SSI Open Water Diver -sertifikaatin, jolla voit osoittaa olevasi koulutettu sukeltaja ja p\u00e4\u00e4set osallistumaan sukellusretkille sek\u00e4 voit vuokrata sukellusv\u00e4lineit\u00e4 miss\u00e4 p\u00e4in maailmaa tahansa.<\/p>\n<p>Sukellusharrastuksen aloittamiseksi riitt\u00e4\u00e4 uimataito, peruskunto ja perusterveys. Ennen sukelluskurssin aloittamista sinun tulee t\u00e4ytt\u00e4\u00e4\u00a0<a href=\"https:\/\/www.divetime.fi\/WebRoot\/myvilkasfi01\/Shops\/divetime\/MediaGallery\/SSI\/Sukeltajan_terveysselvitys.pdf\" data-link-type=\"filemanager\" data-type=\"linkpicker\">sukeltajan terveysselvityslomake<\/a>. Jos vastaat johonkin terveysselvityksen kohdista &#8221;kyll\u00e4&#8221;, se ei tarkoita automaattisesti sukelluskieltoa vaan sit\u00e4, ett\u00e4 terveydentilassasi on saattaa olla jotakin turvallisuuteesi sukelluksen aikana vaikuttavaa. Silloin sinun tulee pyyt\u00e4\u00e4 l\u00e4\u00e4k\u00e4rin arvio lomakkeen kolmannelle sivulle.<\/p>\n<p>Sukelluskurssilla tulee olla omat perusv\u00e4lineet: maski, snorkkeli ja r\u00e4pyl\u00e4t.<\/p>\n","protected":false},"excerpt":{"rendered":"<p>Laitesukelluksen peruskurssi. Suorita koulutukseen kuuluvat teoriat ja allasharjoitukset Suomessa ja avovesisukellukset lomakohteessa.<\/p>\n","protected":false},"featured_media":331,"comment_status":"open","ping_status":"closed","template":"","meta":{"_acf_changed":false,"_kad_post_transparent":"default","_kad_post_title":"","_kad_post_layout":"default","_kad_post_sidebar_id":"","_kad_post_content_style":"default","_kad_post_vertical_padding":"default","_kad_post_feature":"","_kad_post_feature_position":"","_kad_post_header":false,"_kad_post_footer":false,"_kad_post_classname":""},"product_brand":[],"product_cat":[29,19],"product_tag":[],"class_list":{"0":"post-274","1":"product","2":"type-product","3":"status-publish","4":"has-post-thumbnail","6":"product_cat-liikunta-muut","7":"product_cat-liikuntaedut","9":"first","10":"instock","11":"virtual","12":"taxable","13":"purchasable","14":"product-type-simple","15":"entry","16":"content-bg","17":"loop-entry"},"acf":[],"_links":{"self":[{"href":"https:\/\/marketplace.epassi.fi\/divetime\/wp-json\/wp\/v2\/product\/274","targetHints":{"allow":["GET"]}}],"collection":[{"href":"https:\/\/marketplace.epassi.fi\/divetime\/wp-json\/wp\/v2\/product"}],"about":[{"href":"https:\/\/marketplace.epassi.fi\/divetime\/wp-json\/wp\/v2\/types\/product"}],"replies":[{"embeddable":true,"href":"https:\/\/marketplace.epassi.fi\/divetime\/wp-json\/wp\/v2\/comments?post=274"}],"wp:featuredmedia":[{"embeddable":true,"href":"https:\/\/marketplace.epassi.fi\/divetime\/wp-json\/wp\/v2\/media\/331"}],"wp:attachment":[{"href":"https:\/\/marketplace.epassi.fi\/divetime\/wp-json\/wp\/v2\/media?parent=274"}],"wp:term":[{"taxonomy":"product_brand","embeddable":true,"href":"https:\/\/marketplace.epassi.fi\/divetime\/wp-json\/wp\/v2\/product_brand?post=274"},{"taxonomy":"product_cat","embeddable":true,"href":"https:\/\/marketplace.epassi.fi\/divetime\/wp-json\/wp\/v2\/product_cat?post=274"},{"taxonomy":"product_tag","embeddable":true,"href":"https:\/\/marketplace.epassi.fi\/divetime\/wp-json\/wp\/v2\/product_tag?post=274"}],"curies":[{"name":"wp","href":"https:\/\/api.w.org\/{rel}","templated":true}]}}