{"id":22,"date":"2021-09-13T17:45:59","date_gmt":"2021-09-13T17:45:59","guid":{"rendered":"https:\/\/marketplace.epassi.fi\/ebeling-hammaslaakarit\/?page_id=22"},"modified":"2021-10-12T10:57:35","modified_gmt":"2021-10-12T10:57:35","slug":"info","status":"publish","type":"page","link":"https:\/\/marketplace.epassi.fi\/ebeling-hammaslaakarit\/info\/","title":{"rendered":"Info"},"content":{"rendered":"\n\t<div class=\"entry-content single-content\">\n\n\t\t<div class=\"wp-block-columns\" style=\"gap:30px\">\n\t\t\t<div class=\"wp-block-column\">\n\t\t\t\t<h2>Ebeling Hammasl\u00e4\u00e4k\u00e4rit \u2013 kuuntelevaa hammashoitoa<\/h2>\n\t\t\t\t<p><p>Ebeling Hammasl\u00e4\u00e4k\u00e4rit on hammasl\u00e4\u00e4k\u00e4riveljesten perustama perheyritys Helsingiss\u00e4, jonka palveluihin kuuluvat toimenpiteet perushammashoidosta korkeatasoisiin esteettisiin hoitoihin ja vaativimpiin suu- ja leukakirurgisiin toimenpiteisiin. Meille t\u00e4rkeint\u00e4 on tarjota asiakkaille yksil\u00f6llist\u00e4, laadukasta ja kustannustehokasta palvelua, josta vastaa korkean ammattitaidon omaava hoitohenkil\u00f6st\u00f6mme. Olemme saaneet erityist\u00e4 kiitosta pelkopotilailta tavastamme kohdata kukin asiakas yksil\u00f6n\u00e4 ja toteuttaa hoidot yhteisty\u00f6ss\u00e4 asiakkaan kanssa. Suositteluindeksimme (Net Promoter Score) on jopa 98.<\/p>\n<\/p>\n\t\t\t\t<h3>Ebeling Hammasl\u00e4\u00e4k\u00e4rit<\/h3>\n\t\t\t\t<p>Tikkurilantori 1<br>\n\t\t\t\t\t01300 Vantaa<\/p>\n\t\t\t\t<p><a href=\"tel:010 323 3963\">010 323 3963<\/a><\/p>\n\t\t\t\t<p><a href=\"mailto:toimisto@ehammas.fi\">toimisto@ehammas.fi<\/a><\/p>\n\n\t\t\t\t<h2>Toimipisteet<\/h2><div class=\"info-page-location-list\"><div class=\"info-page-location\"><h3>Ebeling Hammasl\u00e4\u00e4k\u00e4rit Ruoholahti<\/h3><p>Porkkalankatu 7 A, 00180 Helsinki<\/p><p><a href=\"tel:010 323 3963\">010 323 3963<\/a><br><a href=\"mail:toimisto@ehammas.fi\">toimisto@ehammas.fi<\/a><p><a href=\"https:\/\/www.google.com\/maps\/search\/?api=1&query=Google&query_place_id=ChIJoxcojUgKkkYRv2UD3-xUtOY\">Katso sijainti kartalla <span>&#8599;<\/span><\/a><\/p><\/p><p>Erinomaisten kulkuyhteyksien varrella sijaitsevalle vastaanotollemme saavut helposti niin julkisilla kulkuv\u00e4lineill\u00e4, autolla, polkupy\u00f6r\u00e4ll\u00e4 kuin k\u00e4vellenkin. Meille on my\u00f6s esteet\u00f6n kulku. Toimipisteemme l\u00e4heisyydess\u00e4 sijaitsevat Ruoholahden metroasema sek\u00e4 raitiovaunulinjan numero kahdeksan pys\u00e4kki. K\u00e4tev\u00e4n kulkuv\u00e4linevaihtoehdon tarjoavat my\u00f6s lukuisat Helsingin sis\u00e4iset sek\u00e4 Espooseen kulkevat linja-autot. \r\n\r\nEsteet\u00f6n sis\u00e4\u00e4nk\u00e4ynti. Taksilla tai autolla kannattaa ajaa suoraan ulko-oven eteen. Sis\u00e4\u00e4nk\u00e4ynti on Porkkalankadun puolelta, katutasosta ja aivan jalkak\u00e4yt\u00e4v\u00e4n vierest\u00e4. Ulko-oven oikealla puolella on s\u00e4hk\u00f6inen ovikello, jota painamalla ovi avataan. Porkkalankatu on vilkkaasti liikenn\u00f6ity, mutta leve\u00e4 jalkak\u00e4yt\u00e4v\u00e4 mahdollistaa hetkellisen pys\u00e4htymisen ajoneuvolla.<\/p><\/div><div class=\"info-page-location\"><h3>Ebeling Hammasl\u00e4\u00e4k\u00e4rit Kalasatama<\/h3><p>Ty\u00f6pajankatu 10 A, 00580 Helsinki<\/p><p><a href=\"tel:010 323 3963\">010 323 3963<\/a><br><a href=\"mail:toimisto@ehammas.fi\">toimisto@ehammas.fi<\/a><p><a href=\"https:\/\/www.google.com\/maps\/search\/?api=1&query=Google&query_place_id=ChIJN0pyKHsJkkYRVJpngWxiifI\">Katso sijainti kartalla <span>&#8599;<\/span><\/a><\/p><\/p><p>Klinikkamme sijaitsee Kalasataman metro-aseman v\u00e4litt\u00f6m\u00e4ss\u00e4 l\u00e4heisyydess\u00e4 ja voit n\u00e4hd\u00e4 vastaanottomme jo metron laiturilta! Voit tulla metron molemmista ulosk\u00e4ynneist\u00e4 joko rullaportaita kauppakeskus Redin l\u00e4pi tai rappusia kaksi kerrosta alasp\u00e4in katutasoon. Kun tulet ulko-ovista ulos, olet Hermannin rantatiell\u00e4 ja metrotunnelin alapuolella. Redin ulko-ovista n\u00e4hden oikealla voit havaita vastaanottomme isot nimikirjaimet Yritt\u00e4j\u00e4talon ikkunassa. Jos tulet metron toisesta ulosk\u00e4ynnist\u00e4 rappusia alas tai hissill\u00e4, tulet my\u00f6s Hermannin rantatielle ja klinikkamme sijaitsee vasemmalla puolellasi.\r\n\r\nSis\u00e4\u00e4nk\u00e4ynti ei ole t\u00e4ysin esteet\u00f6n. Ulko-oven edess\u00e4 on pieni korotettu askelma ja sen j\u00e4lkeen raskaat ulko-ovet. Sis\u00e4\u00e4nk\u00e4ynti on Ty\u00f6pajankadun ja Hermannin Rantatien risteyksest\u00e4. Klinikka sijaitsee Yritt\u00e4j\u00e4talon ensimm\u00e4isess\u00e4 kerroksessa. Aulassa on invahissi, johon mahtuu rattaiden tai py\u00f6r\u00e4tuolin kanssa. Invahissin k\u00e4ytt\u00f6\u00f6n on mahdollista saada apua respaty\u00f6ntekij\u00e4lt\u00e4mme. My\u00f6s opaskoirat ovat tervetulleita. <\/p><\/div><div class=\"info-page-location\"><h3>Ebeling Hammasl\u00e4\u00e4k\u00e4rit Tikkurila<\/h3><p>Vantaanaukio , 01300 Vantaa<\/p><p><a href=\"tel:010 323 3963\">010 323 3963<\/a><br><a href=\"mail:toimisto@ehammas.fi\">toimisto@ehammas.fi<\/a><p><a href=\"https:\/\/www.google.com\/maps\/search\/?api=1&query=Google&query_place_id=ChIJwXKUtLkHkkYRhP460fefd6Q\">Katso sijainti kartalla <span>&#8599;<\/span><\/a><\/p><\/p><p>Toimipiste sijaitsee n. 200 m Tikkurilan rautatieasemalta ja ostoskeskus Dixist\u00e4 it\u00e4\u00e4n, Tikkurilan uudella torilla. Sis\u00e4\u00e4nk\u00e4ynti on torin puolella, eli L-muotoisen asuinrakennuksen \u201ctaitteessa\u201d, kivijalkatasossa. Toimipisteeseen on my\u00f6s esteet\u00f6n kulku. \r\n\r\nEsteet\u00f6n sis\u00e4\u00e4nk\u00e4ynti. Taksi voi tarvittaessa ajaa torille ja j\u00e4tt\u00e4\u00e4 asiakkaan sis\u00e4\u00e4nk\u00e4ynnin eteen.<\/p><\/div><\/div>\t\t\t<\/div>\n\n\t\t\t<div class=\"wp-block-column\">\n\t\t\t\t<figure class=\"wp-block-image size-large\"><img loading=\"lazy\" decoding=\"async\" width=\"768\" height=\"357\" src=\"https:\/\/marketplace.epassi.fi\/ebeling-hammaslaakarit\/wp-content\/uploads\/sites\/434\/2025\/09\/Ebeling-Hammaslaakarit-Helsinki-Henkilosto-1c-L-768x357.jpg\" class=\"attachment-medium_large size-medium_large\" alt=\"Ebeling Hammasl\u00e4\u00e4k\u00e4rit Helsinki ja Vantaa\" \/><\/figure>\n\t\t\t<\/div>\n\t\t<\/div>\n\t<\/div>\n\t\n","protected":false},"excerpt":{"rendered":"","protected":false},"author":2,"featured_media":0,"parent":0,"menu_order":0,"comment_status":"closed","ping_status":"closed","template":"","meta":{"_acf_changed":false,"_kad_post_transparent":"","_kad_post_title":"","_kad_post_layout":"","_kad_post_sidebar_id":"","_kad_post_content_style":"","_kad_post_vertical_padding":"","_kad_post_feature":"","_kad_post_feature_position":"","_kad_post_header":false,"_kad_post_footer":false,"_kad_post_classname":"","footnotes":""},"class_list":["post-22","page","type-page","status-publish","hentry"],"acf":[],"_links":{"self":[{"href":"https:\/\/marketplace.epassi.fi\/ebeling-hammaslaakarit\/wp-json\/wp\/v2\/pages\/22","targetHints":{"allow":["GET"]}}],"collection":[{"href":"https:\/\/marketplace.epassi.fi\/ebeling-hammaslaakarit\/wp-json\/wp\/v2\/pages"}],"about":[{"href":"https:\/\/marketplace.epassi.fi\/ebeling-hammaslaakarit\/wp-json\/wp\/v2\/types\/page"}],"author":[{"embeddable":true,"href":"https:\/\/marketplace.epassi.fi\/ebeling-hammaslaakarit\/wp-json\/wp\/v2\/users\/2"}],"replies":[{"embeddable":true,"href":"https:\/\/marketplace.epassi.fi\/ebeling-hammaslaakarit\/wp-json\/wp\/v2\/comments?post=22"}],"version-history":[{"count":10,"href":"https:\/\/marketplace.epassi.fi\/ebeling-hammaslaakarit\/wp-json\/wp\/v2\/pages\/22\/revisions"}],"predecessor-version":[{"id":264,"href":"https:\/\/marketplace.epassi.fi\/ebeling-hammaslaakarit\/wp-json\/wp\/v2\/pages\/22\/revisions\/264"}],"wp:attachment":[{"href":"https:\/\/marketplace.epassi.fi\/ebeling-hammaslaakarit\/wp-json\/wp\/v2\/media?parent=22"}],"curies":[{"name":"wp","href":"https:\/\/api.w.org\/{rel}","templated":true}]}}