{"id":274,"date":"2021-10-16T11:14:50","date_gmt":"2021-10-16T08:14:50","guid":{"rendered":"https:\/\/marketplace.epassi.fi\/ergonomiakauppa\/?post_type=product&#038;p=274"},"modified":"2024-09-01T00:09:29","modified_gmt":"2024-08-31T21:09:29","slug":"swedish-posture-ergonominen-istuintyyny","status":"publish","type":"product","link":"https:\/\/marketplace.epassi.fi\/ergonomiakauppa\/kauppa\/ergosafe\/ergosafe-muut\/swedish-posture-ergonominen-istuintyyny\/","title":{"rendered":"Swedish Posture ergonominen istuintyyny"},"content":{"rendered":"<p>Tyylik\u00e4s istuintyyny aktiiviseen istumiseen.<\/p>\n<p>Tyylik\u00e4s ergonominen puhallettava istuin auttaa sinua saamaan ryhdikk\u00e4\u00e4mm\u00e4n istuma-asennon, vahvemman keskivartalon ja paremman ty\u00f6skentely asennon.<span class=\"Apple-converted-space\">\u00a0<\/span><\/p>\n<p>Ilmat\u00e4ytteisen istuimen k\u00e4ytt\u00f6 tekee istumisestasi ergonomisemman ja samalla se vahvistaa ja aktivoi vartaloasi, vatsaasi ja selk\u00e4\u00e4si. Istuimella istuminen vaatii tasapainoa ja vakautta, t\u00e4ydellinen valinta lis\u00e4n\u00e4 tuoliin t\u00f6iss\u00e4 ja kotona.\u00a0<span class=\"Apple-converted-space\">Irrottamalla p\u00e4\u00e4llisen voit my\u00f6s seist\u00e4 tasapainotyynyll\u00e4 parantaaksesi tasapainoasi ja voimaasi.<\/span><span class=\"Apple-converted-space\">\u00a0<\/span><\/p>\n<p>Tyynyll\u00e4 voit harjoitella istuen, seisten, konttausasennossa tai makuuasennossa.<\/p>\n","protected":false},"excerpt":{"rendered":"<p><strong>Ominaisuudet:<\/strong><\/p>\n<ul>\n<li>Parantaa ryhti\u00e4<\/li>\n<li>Saa sinut istumaan ergonomisemmassa asennossa<\/li>\n<li>Aktivoi ja vahvistaa keskivartalon- ja sel\u00e4nlihaksia<\/li>\n<li>Lievitt\u00e4\u00e4 selk\u00e4kipuja ja j\u00e4ykkyytt\u00e4<\/li>\n<li>Tyylik\u00e4s ja mukava muotoilu<\/li>\n<li>Ilmalla t\u00e4ytett\u00e4v\u00e4 istuintyyny<\/li>\n<li>Lis\u00e4suojus moderniin ilmeeseen<\/li>\n<\/ul>\n","protected":false},"featured_media":339,"comment_status":"open","ping_status":"closed","template":"","meta":{"_acf_changed":false,"_kad_post_transparent":"default","_kad_post_title":"","_kad_post_layout":"default","_kad_post_sidebar_id":"","_kad_post_content_style":"default","_kad_post_vertical_padding":"default","_kad_post_feature":"","_kad_post_feature_position":"","_kad_post_header":false,"_kad_post_footer":false,"_kad_post_classname":""},"product_brand":[],"product_cat":[22,35,34],"product_tag":[],"class_list":{"0":"post-274","1":"product","2":"type-product","3":"status-publish","4":"has-post-thumbnail","6":"product_cat-ergosafe","7":"product_cat-ergosafe-muut","8":"product_cat-etatyopisteet","10":"first","11":"instock","12":"virtual","13":"taxable","14":"purchasable","15":"product-type-simple","16":"entry","17":"content-bg","18":"loop-entry"},"acf":[],"_links":{"self":[{"href":"https:\/\/marketplace.epassi.fi\/ergonomiakauppa\/wp-json\/wp\/v2\/product\/274","targetHints":{"allow":["GET"]}}],"collection":[{"href":"https:\/\/marketplace.epassi.fi\/ergonomiakauppa\/wp-json\/wp\/v2\/product"}],"about":[{"href":"https:\/\/marketplace.epassi.fi\/ergonomiakauppa\/wp-json\/wp\/v2\/types\/product"}],"replies":[{"embeddable":true,"href":"https:\/\/marketplace.epassi.fi\/ergonomiakauppa\/wp-json\/wp\/v2\/comments?post=274"}],"wp:featuredmedia":[{"embeddable":true,"href":"https:\/\/marketplace.epassi.fi\/ergonomiakauppa\/wp-json\/wp\/v2\/media\/339"}],"wp:attachment":[{"href":"https:\/\/marketplace.epassi.fi\/ergonomiakauppa\/wp-json\/wp\/v2\/media?parent=274"}],"wp:term":[{"taxonomy":"product_brand","embeddable":true,"href":"https:\/\/marketplace.epassi.fi\/ergonomiakauppa\/wp-json\/wp\/v2\/product_brand?post=274"},{"taxonomy":"product_cat","embeddable":true,"href":"https:\/\/marketplace.epassi.fi\/ergonomiakauppa\/wp-json\/wp\/v2\/product_cat?post=274"},{"taxonomy":"product_tag","embeddable":true,"href":"https:\/\/marketplace.epassi.fi\/ergonomiakauppa\/wp-json\/wp\/v2\/product_tag?post=274"}],"curies":[{"name":"wp","href":"https:\/\/api.w.org\/{rel}","templated":true}]}}