{"id":22,"date":"2021-09-13T17:45:59","date_gmt":"2021-09-13T17:45:59","guid":{"rendered":"https:\/\/marketplace.epassi.fi\/felicite\/?page_id=22"},"modified":"2021-10-12T10:57:35","modified_gmt":"2021-10-12T10:57:35","slug":"info","status":"publish","type":"page","link":"https:\/\/marketplace.epassi.fi\/felicite\/info\/","title":{"rendered":"Info"},"content":{"rendered":"\n\t<div class=\"entry-content single-content\">\n\n\t\t<div class=\"wp-block-columns\" style=\"gap:30px\">\n\t\t\t<div class=\"wp-block-column\">\n\t\t\t\t<h2>F\u00e9licit\u00e9 Oy - Ihmisten huoltoasema<\/h2>\n\t\t\t\t<p><p>Meille asiakas on kokonaisuus, ei vain n\u00e4ppyl\u00e4inen iho tai kire\u00e4 ep\u00e4k\u00e4slihas. Hoidoissamme pyrimme muuntelemaan kokonaisuutta asiakkaan ongelmien sek\u00e4 tarpeiden mukaan, saada sinut unohtamaan ty\u00f6kiireet, kivut ja s\u00e4ryt sek\u00e4 muut huolet. Saat olla vain, hetken p\u00e4\u00e4roolissa irti arjesta, ladata itsesi jaksamaan. Onhan Kauneus- ja hyvinvointikeskus F\u00e9licit\u00e9 lupauksensa mukaan ihmisten huoltoasema; t\u00e4ss\u00e4 liikkeess\u00e4 on asiakkaan henkinen ja fyysinen hyvinvointi t\u00e4rkeint\u00e4.<\/p>\n<p>Emmi Rantanen ja Leena Rantanen ovat SKY-kosmetologeja ja kaikkien heid\u00e4n tekem\u00e4t perusjalkahoidot pystyy kuittaamaan my\u00f6s Epassin hyvinvointipassilla.<\/p>\n<\/p>\n\t\t\t\t<h3>Kauneus- ja hyvinvointikeskus F\u00e9licit\u00e9 Oy<\/h3>\n\t\t\t\t<p>Fleminginkatu 14<br>\n\t\t\t\t\t00530 Helsinki<\/p>\n\t\t\t\t<p><a href=\"tel:045 134 7143\">045 134 7143<\/a><\/p>\n\t\t\t\t<p><a href=\"mailto:hoitola@felicite.fi\">hoitola@felicite.fi<\/a><\/p>\n\n\t\t\t\t<h2>Toimipisteet<\/h2><div class=\"info-page-location-list\"><div class=\"info-page-location\"><h3>Kauneus- ja hyvinvointikeskus F\u00e9licit\u00e9<\/h3><p>Fleminginkatu 14, 00530 Helsinki<\/p><p><p><a href=\"https:\/\/www.google.com\/maps\/search\/?api=1&query=Google&query_place_id=ChIJAYQPh38JkkYRHltx9D2Ym1c\">Katso sijainti kartalla <span>&#8599;<\/span><\/a><\/p><\/p><p><\/p><\/div><\/div>\t\t\t<\/div>\n\n\t\t\t<div class=\"wp-block-column\">\n\t\t\t\t<figure class=\"wp-block-image size-large\"><img loading=\"lazy\" decoding=\"async\" width=\"768\" height=\"768\" src=\"https:\/\/marketplace.epassi.fi\/felicite\/wp-content\/uploads\/sites\/192\/2021\/12\/billie-5OXE3KjDEfI-unsplash-768x768.jpg\" class=\"attachment-medium_large size-medium_large\" alt=\"\" \/><\/figure>\n\t\t\t<\/div>\n\t\t<\/div>\n\t<\/div>\n\t\n","protected":false},"excerpt":{"rendered":"","protected":false},"author":2,"featured_media":0,"parent":0,"menu_order":0,"comment_status":"closed","ping_status":"closed","template":"","meta":{"_acf_changed":false,"_kad_post_transparent":"","_kad_post_title":"","_kad_post_layout":"","_kad_post_sidebar_id":"","_kad_post_content_style":"","_kad_post_vertical_padding":"","_kad_post_feature":"","_kad_post_feature_position":"","_kad_post_header":false,"_kad_post_footer":false,"_kad_post_classname":"","footnotes":""},"class_list":["post-22","page","type-page","status-publish","hentry"],"acf":[],"_links":{"self":[{"href":"https:\/\/marketplace.epassi.fi\/felicite\/wp-json\/wp\/v2\/pages\/22","targetHints":{"allow":["GET"]}}],"collection":[{"href":"https:\/\/marketplace.epassi.fi\/felicite\/wp-json\/wp\/v2\/pages"}],"about":[{"href":"https:\/\/marketplace.epassi.fi\/felicite\/wp-json\/wp\/v2\/types\/page"}],"author":[{"embeddable":true,"href":"https:\/\/marketplace.epassi.fi\/felicite\/wp-json\/wp\/v2\/users\/2"}],"replies":[{"embeddable":true,"href":"https:\/\/marketplace.epassi.fi\/felicite\/wp-json\/wp\/v2\/comments?post=22"}],"version-history":[{"count":10,"href":"https:\/\/marketplace.epassi.fi\/felicite\/wp-json\/wp\/v2\/pages\/22\/revisions"}],"predecessor-version":[{"id":264,"href":"https:\/\/marketplace.epassi.fi\/felicite\/wp-json\/wp\/v2\/pages\/22\/revisions\/264"}],"wp:attachment":[{"href":"https:\/\/marketplace.epassi.fi\/felicite\/wp-json\/wp\/v2\/media?parent=22"}],"curies":[{"name":"wp","href":"https:\/\/api.w.org\/{rel}","templated":true}]}}