{"id":700,"date":"2025-12-04T14:23:04","date_gmt":"2025-12-04T12:23:04","guid":{"rendered":"https:\/\/marketplace.epassi.fi\/fitclub-finland\/?post_type=product&#038;p=700"},"modified":"2026-04-13T12:35:56","modified_gmt":"2026-04-13T09:35:56","slug":"workout-with-aino-body-burner-gym","status":"publish","type":"product","link":"https:\/\/marketplace.epassi.fi\/fitclub-finland\/kauppa\/liikuntaedut\/verkkotreenit\/workout-with-aino-body-burner-gym\/","title":{"rendered":"Workout with Aino &#8211; Body Burner Gym"},"content":{"rendered":"<p><strong>Kuntosalivalmennus rasvanpolttoon ja kiinteytymiseen!<\/strong><\/p>\n<p>Huippuvalmentaja Aino Rouhiaisen Body Burner Gym-valmennuksessa l\u00e4hdet tekem\u00e4\u00e4n tiukan m\u00e4\u00e4r\u00e4tietoista ty\u00f6t\u00e4 timmimm\u00e4n kropan tavoittelussa. Per\u00e4ti kymmenen viikkoa kest\u00e4v\u00e4 treeniohjelma tarjoaa k\u00e4ytt\u00f6\u00f6si oikeat ohjelmoinnit ja tarkkaan harkitut liikkeet, joilla rasvaa palaa, kiinteytymist\u00e4 tapahtuu ja lihaserottuvuus lis\u00e4\u00e4ntyy!<\/p>\n<p><strong>Valmennuksen treenit ovat tehokas yhdistelm\u00e4 lihaskuntoharjoittelua ja kulutusta lis\u00e4\u00e4v\u00e4\u00e4, aineenvaihduntaa buustaavaa treeni\u00e4!<\/strong><\/p>\n","protected":false},"excerpt":{"rendered":"<p>Aino Rouhiainen on pitk\u00e4n linjan liikunta-ammattilainen ja entinen kilpa-aerobicin Suomen mestari. Valmennuskokemusta Ainolla on jo 20 vuoden ajalta ja h\u00e4nen valmennuksissaan treenaat aina monipuolisesti, tehokkaasti ja kehitt\u00e4v\u00e4sti omaa tavoitetta kohti! Body Burner Gym-valmennus toteutetaan Fitclub Finlandin omassa mobiilisovelluksessa, josta l\u00f6yd\u00e4t valmennukseen kuuluvat kirjalliset materiaalit, treenivideot sek\u00e4 keskusteluryhm\u00e4ss\u00e4 valmentajasi tuen.<\/p>\n<p>TOIMI N\u00c4IN:<\/p>\n<p>1. Jos et ole aiemmin rekister\u00f6itynyt k\u00e4ytt\u00e4j\u00e4ksemme, luo k\u00e4ytt\u00e4j\u00e4tili osoitteessa www.fitclubfinland.fi<br \/>\n2. Klikkaa valmennus ostoskoriisi<br \/>\n3. Valitse valmennuksesi alkamisp\u00e4iv\u00e4 ostoskorissa<br \/>\n4. Valitse maksutavaksi ePassi<br \/>\n5. Vahvista verkkokauppamaksu ePassilla<\/p>\n","protected":false},"featured_media":701,"comment_status":"open","ping_status":"closed","template":"","meta":{"_acf_changed":false,"_kad_post_transparent":"default","_kad_post_title":"","_kad_post_layout":"default","_kad_post_sidebar_id":"","_kad_post_content_style":"default","_kad_post_vertical_padding":"default","_kad_post_feature":"","_kad_post_feature_position":"","_kad_post_header":false,"_kad_post_footer":false,"_kad_post_classname":""},"product_brand":[],"product_cat":[19,28,15],"product_tag":[],"class_list":{"0":"post-700","1":"product","2":"type-product","3":"status-publish","4":"has-post-thumbnail","6":"product_cat-liikuntaedut","7":"product_cat-verkkotreenit","8":"product_cat-yleinen","10":"first","11":"instock","12":"taxable","13":"shipping-taxable","14":"product-type-external","15":"entry","16":"content-bg","17":"loop-entry"},"acf":[],"_links":{"self":[{"href":"https:\/\/marketplace.epassi.fi\/fitclub-finland\/wp-json\/wp\/v2\/product\/700","targetHints":{"allow":["GET"]}}],"collection":[{"href":"https:\/\/marketplace.epassi.fi\/fitclub-finland\/wp-json\/wp\/v2\/product"}],"about":[{"href":"https:\/\/marketplace.epassi.fi\/fitclub-finland\/wp-json\/wp\/v2\/types\/product"}],"replies":[{"embeddable":true,"href":"https:\/\/marketplace.epassi.fi\/fitclub-finland\/wp-json\/wp\/v2\/comments?post=700"}],"wp:featuredmedia":[{"embeddable":true,"href":"https:\/\/marketplace.epassi.fi\/fitclub-finland\/wp-json\/wp\/v2\/media\/701"}],"wp:attachment":[{"href":"https:\/\/marketplace.epassi.fi\/fitclub-finland\/wp-json\/wp\/v2\/media?parent=700"}],"wp:term":[{"taxonomy":"product_brand","embeddable":true,"href":"https:\/\/marketplace.epassi.fi\/fitclub-finland\/wp-json\/wp\/v2\/product_brand?post=700"},{"taxonomy":"product_cat","embeddable":true,"href":"https:\/\/marketplace.epassi.fi\/fitclub-finland\/wp-json\/wp\/v2\/product_cat?post=700"},{"taxonomy":"product_tag","embeddable":true,"href":"https:\/\/marketplace.epassi.fi\/fitclub-finland\/wp-json\/wp\/v2\/product_tag?post=700"}],"curies":[{"name":"wp","href":"https:\/\/api.w.org\/{rel}","templated":true}]}}