{"id":67,"date":"2021-09-13T18:36:17","date_gmt":"2021-09-13T18:36:17","guid":{"rendered":"https:\/\/marketplace.epassi.fi\/friski\/?post_type=product&#038;p=67"},"modified":"2026-03-19T15:44:47","modified_gmt":"2026-03-19T13:44:47","slug":"kuntotestaus","status":"publish","type":"product","link":"https:\/\/marketplace.epassi.fi\/friski\/kauppa\/liikuntaedut\/liikunta-muut\/kuntotestaus\/","title":{"rendered":"Kuntotestaus"},"content":{"rendered":"<p>Oletko kiinnostunut testaamaan kuntosi? Kuntotestaus sis\u00e4lt\u00e4\u00e4 lihaskunto-\/liikkuvuustestit, kest\u00e4vyyskunnon testauksen ja\/ tai kehonkoostumusmittauksen. Testaamiseen varataan aikaa 60 min ja testit valitaan tavoitteesi mukaan.<\/p>\n","protected":false},"excerpt":{"rendered":"<p>Oletko kiinnostunut testaamaan kuntosi? Kuntotestaus sis\u00e4lt\u00e4\u00e4 lihaskunto-\/liikkuvuustestit, kest\u00e4vyyskunnon testauksen ja\/ tai kehonkoostumusmittauksen. Testaamiseen varataan aikaa 60 min ja testit valitaan tavoitteesi mukaan.<\/p>\n","protected":false},"featured_media":370,"comment_status":"open","ping_status":"closed","template":"","meta":{"_acf_changed":false,"_kad_post_transparent":"default","_kad_post_title":"","_kad_post_layout":"default","_kad_post_sidebar_id":"","_kad_post_content_style":"default","_kad_post_vertical_padding":"default","_kad_post_feature":"","_kad_post_feature_position":"","_kad_post_header":false,"_kad_post_footer":false,"_kad_post_classname":""},"product_brand":[],"product_cat":[29,19],"product_tag":[],"class_list":{"0":"post-67","1":"product","2":"type-product","3":"status-publish","4":"has-post-thumbnail","6":"product_cat-liikunta-muut","7":"product_cat-liikuntaedut","9":"first","10":"instock","11":"virtual","12":"taxable","13":"purchasable","14":"product-type-simple","15":"entry","16":"content-bg","17":"loop-entry"},"acf":[],"_links":{"self":[{"href":"https:\/\/marketplace.epassi.fi\/friski\/wp-json\/wp\/v2\/product\/67","targetHints":{"allow":["GET"]}}],"collection":[{"href":"https:\/\/marketplace.epassi.fi\/friski\/wp-json\/wp\/v2\/product"}],"about":[{"href":"https:\/\/marketplace.epassi.fi\/friski\/wp-json\/wp\/v2\/types\/product"}],"replies":[{"embeddable":true,"href":"https:\/\/marketplace.epassi.fi\/friski\/wp-json\/wp\/v2\/comments?post=67"}],"wp:featuredmedia":[{"embeddable":true,"href":"https:\/\/marketplace.epassi.fi\/friski\/wp-json\/wp\/v2\/media\/370"}],"wp:attachment":[{"href":"https:\/\/marketplace.epassi.fi\/friski\/wp-json\/wp\/v2\/media?parent=67"}],"wp:term":[{"taxonomy":"product_brand","embeddable":true,"href":"https:\/\/marketplace.epassi.fi\/friski\/wp-json\/wp\/v2\/product_brand?post=67"},{"taxonomy":"product_cat","embeddable":true,"href":"https:\/\/marketplace.epassi.fi\/friski\/wp-json\/wp\/v2\/product_cat?post=67"},{"taxonomy":"product_tag","embeddable":true,"href":"https:\/\/marketplace.epassi.fi\/friski\/wp-json\/wp\/v2\/product_tag?post=67"}],"curies":[{"name":"wp","href":"https:\/\/api.w.org\/{rel}","templated":true}]}}