{"id":22,"date":"2021-09-13T17:45:59","date_gmt":"2021-09-13T17:45:59","guid":{"rendered":"https:\/\/marketplace.epassi.fi\/fysiokipina\/?page_id=22"},"modified":"2021-10-12T10:57:35","modified_gmt":"2021-10-12T10:57:35","slug":"info","status":"publish","type":"page","link":"https:\/\/marketplace.epassi.fi\/fysiokipina\/info\/","title":{"rendered":"Info"},"content":{"rendered":"\n\t<div class=\"entry-content single-content\">\n\n\t\t<div class=\"wp-block-columns\" style=\"gap:30px\">\n\t\t\t<div class=\"wp-block-column\">\n\t\t\t\t<h2>Fysiokipin\u00e4 - kohti kivutonta el\u00e4m\u00e4\u00e4<\/h2>\n\t\t\t\t<p><p>Fysiokipin\u00e4 on osa Vaasan talousalueen ja Kyr\u00f6nmaan hyvinvointia, ollut sit\u00e4 jo yli 30 vuotta.<br \/>\nFysiokipin\u00e4 on alueen innovatiivisin ja viimeisint\u00e4 teknologiaa hy\u00f6dynt\u00e4v\u00e4 terveyden ja hyvinvoinnin edist\u00e4j\u00e4. Meille on matala kynnys tulla, monesti ensitapaaminen tapahtuu fysioterapian kautta, miss\u00e4 toimintakyky\u00e4 parannetaan siihen asti, kunnes asiakas voi omatoimisesti jatkaa harjoittelua vaikkapa kuntosalin puolella ja n\u00e4in ennaltaehk\u00e4ist\u00e4 mm. tules-ongelmia.<br \/>\nToimimme my\u00f6s Isossakyr\u00f6ss\u00e4, miss\u00e4 laajat hyvinvointipalvelut.<\/p>\n<p>L\u00e4hde kanssamme \u2013 kohti kivutonta el\u00e4m\u00e4\u00e4.<\/p>\n<\/p>\n\t\t\t\t<h3>Fysiokipin\u00e4<\/h3>\n\t\t\t\t<p>V\u00e4h\u00e4nkyr\u00f6ntie 12  V\u00e4h\u00e4kyr\u00f6<br>\n\t\t\t\t\t Pohjankyr\u00f6ntie 146C  Isokyr\u00f6      <\/p>\n\t\t\t\t<p><a href=\"tel:064783222\">064783222<\/a><\/p>\n\t\t\t\t<p><a href=\"mailto:fysiokipina@fysiokipina.fi\">fysiokipina@fysiokipina.fi<\/a><\/p>\n\n\t\t\t\t<h2>Toimipisteet<\/h2><div class=\"info-page-location-list\"><div class=\"info-page-location\"><h3>V\u00e4h\u00e4kyr\u00f6<\/h3><p>V\u00e4h\u00e4nkyr\u00f6ntie 12, 66500 V\u00e4h\u00e4kyr\u00f6<\/p><p><p><a href=\"https:\/\/www.google.com\/maps\/search\/?api=1&query=Google&query_place_id=ChIJBb6C2EWSh0YRNFoPCu7oes8\">Katso sijainti kartalla <span>&#8599;<\/span><\/a><\/p><\/p><p><\/p><\/div><div class=\"info-page-location\"><h3>Isokyr\u00f6<\/h3><p>Pohjankyr\u00f6ntie 146, 61500 Isokyr\u00f6<\/p><p><p><a href=\"https:\/\/www.google.com\/maps\/search\/?api=1&query=Google&query_place_id=ChIJEUfy4KGVh0YRhipTLM3h4nI\">Katso sijainti kartalla <span>&#8599;<\/span><\/a><\/p><\/p><p><\/p><\/div><\/div>\t\t\t<\/div>\n\n\t\t\t<div class=\"wp-block-column\">\n\t\t\t\t<figure class=\"wp-block-image size-large\"><img loading=\"lazy\" decoding=\"async\" width=\"332\" height=\"332\" src=\"https:\/\/marketplace.epassi.fi\/fysiokipina\/wp-content\/uploads\/sites\/86\/2022\/04\/E8BC4487-B69F-4CDF-94DA-56166EEB407F_4_5005_c.jpeg\" class=\"attachment-medium_large size-medium_large\" alt=\"Fysiokipin\u00e4 logo py\u00f6re\u00e4\" \/><\/figure>\n\t\t\t<\/div>\n\t\t<\/div>\n\t<\/div>\n\t\n","protected":false},"excerpt":{"rendered":"","protected":false},"author":2,"featured_media":0,"parent":0,"menu_order":0,"comment_status":"closed","ping_status":"closed","template":"","meta":{"_acf_changed":false,"_kad_post_transparent":"","_kad_post_title":"","_kad_post_layout":"","_kad_post_sidebar_id":"","_kad_post_content_style":"","_kad_post_vertical_padding":"","_kad_post_feature":"","_kad_post_feature_position":"","_kad_post_header":false,"_kad_post_footer":false,"_kad_post_classname":"","footnotes":""},"class_list":["post-22","page","type-page","status-publish","hentry"],"acf":[],"_links":{"self":[{"href":"https:\/\/marketplace.epassi.fi\/fysiokipina\/wp-json\/wp\/v2\/pages\/22","targetHints":{"allow":["GET"]}}],"collection":[{"href":"https:\/\/marketplace.epassi.fi\/fysiokipina\/wp-json\/wp\/v2\/pages"}],"about":[{"href":"https:\/\/marketplace.epassi.fi\/fysiokipina\/wp-json\/wp\/v2\/types\/page"}],"author":[{"embeddable":true,"href":"https:\/\/marketplace.epassi.fi\/fysiokipina\/wp-json\/wp\/v2\/users\/2"}],"replies":[{"embeddable":true,"href":"https:\/\/marketplace.epassi.fi\/fysiokipina\/wp-json\/wp\/v2\/comments?post=22"}],"version-history":[{"count":10,"href":"https:\/\/marketplace.epassi.fi\/fysiokipina\/wp-json\/wp\/v2\/pages\/22\/revisions"}],"predecessor-version":[{"id":264,"href":"https:\/\/marketplace.epassi.fi\/fysiokipina\/wp-json\/wp\/v2\/pages\/22\/revisions\/264"}],"wp:attachment":[{"href":"https:\/\/marketplace.epassi.fi\/fysiokipina\/wp-json\/wp\/v2\/media?parent=22"}],"curies":[{"name":"wp","href":"https:\/\/api.w.org\/{rel}","templated":true}]}}