{"id":22,"date":"2021-09-13T17:45:59","date_gmt":"2021-09-13T17:45:59","guid":{"rendered":"https:\/\/marketplace.epassi.fi\/fysiomekka\/?page_id=22"},"modified":"2021-10-12T10:57:35","modified_gmt":"2021-10-12T10:57:35","slug":"info","status":"publish","type":"page","link":"https:\/\/marketplace.epassi.fi\/fysiomekka\/info\/","title":{"rendered":"Info"},"content":{"rendered":"\n\t<div class=\"entry-content single-content\">\n\n\t\t<div class=\"wp-block-columns\" style=\"gap:30px\">\n\t\t\t<div class=\"wp-block-column\">\n\t\t\t\t<h2>FYSIOMEKAN PALVELUT<\/h2>\n\t\t\t\t<p><p>Fysiomekan palveluihin kuuluvat hieronta,\u00a0urheiluhieronta, kalvokampaus (gua-sha), kinesioteippaus, dry needling -neulahoito sek\u00e4 fysioterapia.<br \/>\nHieronnalla voidaan esimerkiksi\u00a0poistaa kipua, rentouttaa lihasta, kiihdytt\u00e4\u00e4 verenkiertoa sek\u00e4 edist\u00e4\u00e4 palautumista.\u00a0Yrityksemme periaatteena on tarjota yksil\u00f6llist\u00e4, asiakkaan tarpeisiin perustuvaa hoitoa mahdollisimman tehokkaasti, jotta asiakas saa parhaan mahdollisen avun.<br \/>\nFysiomekan hierojat ovat koulutettuja ammattilaisia.<\/p>\n<\/p>\n\t\t\t\t<h3>Fysiomekka Oy<\/h3>\n\t\t\t\t<p>Helsinki, Vantaa, Kotka, H\u00e4meenlinna, Jyv\u00e4skyl\u00e4, Kuopio<br>\n\t\t\t\t\t www.fysiomekka.fi<\/p>\n\t\t\t\t<p><a href=\"tel:\"><\/a><\/p>\n\t\t\t\t<p><a href=\"mailto:info@fysiomekka.fi\">info@fysiomekka.fi<\/a><\/p>\n\n\t\t\t\t<h2>Toimipisteet<\/h2><div class=\"info-page-location-list\"><div class=\"info-page-location\"><h3>H\u00e4meenlinna H\u00e4til\u00e4<\/h3><p>Viipurintie 36, 13210 H\u00e4meenlinna<\/p><p><p><a href=\"https:\/\/www.google.com\/maps\/search\/?api=1&query=Google&query_place_id=ChIJ4-dDSdRdjkYRozWbNVPv1fs\">Katso sijainti kartalla <span>&#8599;<\/span><\/a><\/p><\/p><p><\/p><\/div><div class=\"info-page-location\"><h3>Vantaa Porttipuisto<\/h3><p>Porttisuontie 7b, 00120 Vantaa<\/p><p><p><a href=\"https:\/\/www.google.com\/maps\/search\/?api=1&query=Google&query_place_id=ChIJP1gLyX0HkkYRKjC63TxO2AU\">Katso sijainti kartalla <span>&#8599;<\/span><\/a><\/p><\/p><p><\/p><\/div><div class=\"info-page-location\"><h3>Helsinki Skatta <\/h3><p>Kanavakatu 1, 00160 Helsinki<\/p><p><p><a href=\"https:\/\/www.google.com\/maps\/search\/?api=1&query=Google&query_place_id=ChIJBXD7AiMPjkYR1XHq4fOsMfk\">Katso sijainti kartalla <span>&#8599;<\/span><\/a><\/p><\/p><p><\/p><\/div><div class=\"info-page-location\"><h3>Kotka Kotkansaari<\/h3><p>Kirkkokatu 20, 48100 Kotka<\/p><p><p><a href=\"https:\/\/www.google.com\/maps\/search\/?api=1&query=Google&query_place_id=ChIJu4VKXstzkUYRjTw77oxDHdw\">Katso sijainti kartalla <span>&#8599;<\/span><\/a><\/p><\/p><p><\/p><\/div><div class=\"info-page-location\"><h3>Kuopio Kunnonsali<\/h3><p>Ajurinkatu 16, 70110 Kuopio<\/p><p><p><a href=\"https:\/\/www.google.com\/maps\/search\/?api=1&query=Google&query_place_id=ChIJ9_YuTYmwhEYR2NvJC6EY068\">Katso sijainti kartalla <span>&#8599;<\/span><\/a><\/p><\/p><p><\/p><\/div><div class=\"info-page-location\"><h3>Kuopio Kuntokeskus Pyramidi<\/h3><p>Oppipojankuja 3, 70780 Kuopio<\/p><p><p><a href=\"https:\/\/www.google.com\/maps\/search\/?api=1&query=Google&query_place_id=ChIJxSq0d66whEYRzytG_p5-xgU\">Katso sijainti kartalla <span>&#8599;<\/span><\/a><\/p><\/p><p><\/p><\/div><div class=\"info-page-location\"><h3>Vuorela Siilinj\u00e4rvi<\/h3><p>V\u00e4nrikintie 4, 70910 Siilinj\u00e4rvi<\/p><p><p><a href=\"https:\/\/www.google.com\/maps\/search\/?api=1&query=Google&query_place_id=ChIJZyiIu8ylhEYRh8aB43PZ4gU\">Katso sijainti kartalla <span>&#8599;<\/span><\/a><\/p><\/p><p><\/p><\/div><div class=\"info-page-location\"><h3>Jyv\u00e4skyl\u00e4 Kuntomaailma Sepp\u00e4l\u00e4<\/h3><p>Ahjokatu 1, 40320 Jyv\u00e4skyl\u00e4<\/p><p><p><a href=\"https:\/\/www.google.com\/maps\/search\/?api=1&query=Google&query_place_id=ChIJ19MQemV0hUYRn0nrfTlHZ-Y\">Katso sijainti kartalla <span>&#8599;<\/span><\/a><\/p><\/p><p><\/p><\/div><div class=\"info-page-location\"><h3>Kuopio Kuofit<\/h3><p>Saarij\u00e4rventie 9, 70460 Kuopio<\/p><p><p><a href=\"https:\/\/www.google.com\/maps\/search\/?api=1&query=Google&query_place_id=ChIJ___Pp2-whEYRwyTTvxcztGw\">Katso sijainti kartalla <span>&#8599;<\/span><\/a><\/p><\/p><p><\/p><\/div><div class=\"info-page-location\"><h3>Kuopio-halli<\/h3><p>Opistotie 4, 70200 Kuopio<\/p><p><p><a href=\"https:\/\/www.google.com\/maps\/search\/?api=1&query=Google&query_place_id=ChIJX5AgjDqxhEYRSWcscmszEgA\">Katso sijainti kartalla <span>&#8599;<\/span><\/a><\/p><\/p><p><\/p><\/div><div class=\"info-page-location\"><h3>Jyv\u00e4skyl\u00e4 Original Sokos Hotel Alexandra<\/h3><p>Hannikaisenkatu 35, 40100 Jyv\u00e4skyl\u00e4<\/p><p><p><a href=\"https:\/\/www.google.com\/maps\/search\/?api=1&query=Google&query_place_id=ChIJlS0TLhF0hUYRqDVQ5wZkoNg\">Katso sijainti kartalla <span>&#8599;<\/span><\/a><\/p><\/p><p><\/p><\/div><div class=\"info-page-location\"><h3>Kuopio Original Sokos Hotel Puijonsarvi<\/h3><p>Minna Canthin katu 16, 70100 Kuopio<\/p><p><p><a href=\"https:\/\/www.google.com\/maps\/search\/?api=1&query=Google&query_place_id=ChIJe-UzH4uwhEYRA7XZNlynUCc\">Katso sijainti kartalla <span>&#8599;<\/span><\/a><\/p><\/p><p><\/p><\/div><div class=\"info-page-location\"><h3>Jyv\u00e4skyl\u00e4 Puistotori<\/h3><p>Puistotori , 40100 Jyv\u00e4skyl\u00e4<\/p><p><p><a href=\"https:\/\/www.google.com\/maps\/search\/?api=1&query=Google&query_place_id=EiZQdWlzdG90b3JpLCA0MDEwMCBKeXbDpHNreWzDpCwgRmlubGFuZCIuKiwKFAoSCUN9g1QUdIVGEd4_ev6A8wuwEhQKEgk9lIsN-XmFRhEMoblpROsuHQ\">Katso sijainti kartalla <span>&#8599;<\/span><\/a><\/p><\/p><p><\/p><\/div><\/div>\t\t\t<\/div>\n\n\t\t\t<div class=\"wp-block-column\">\n\t\t\t\t<figure class=\"wp-block-image size-large\"><img loading=\"lazy\" decoding=\"async\" width=\"768\" height=\"242\" src=\"https:\/\/marketplace.epassi.fi\/fysiomekka\/wp-content\/uploads\/sites\/226\/2022\/01\/Jos-kiristaa-tai-kolottaa-768x242.jpg\" class=\"attachment-medium_large size-medium_large\" alt=\"\" \/><\/figure>\n\t\t\t<\/div>\n\t\t<\/div>\n\t<\/div>\n\t\n","protected":false},"excerpt":{"rendered":"","protected":false},"author":2,"featured_media":0,"parent":0,"menu_order":0,"comment_status":"closed","ping_status":"closed","template":"","meta":{"_acf_changed":false,"_kad_post_transparent":"","_kad_post_title":"","_kad_post_layout":"","_kad_post_sidebar_id":"","_kad_post_content_style":"","_kad_post_vertical_padding":"","_kad_post_feature":"","_kad_post_feature_position":"","_kad_post_header":false,"_kad_post_footer":false,"_kad_post_classname":"","footnotes":""},"class_list":["post-22","page","type-page","status-publish","hentry"],"acf":[],"_links":{"self":[{"href":"https:\/\/marketplace.epassi.fi\/fysiomekka\/wp-json\/wp\/v2\/pages\/22","targetHints":{"allow":["GET"]}}],"collection":[{"href":"https:\/\/marketplace.epassi.fi\/fysiomekka\/wp-json\/wp\/v2\/pages"}],"about":[{"href":"https:\/\/marketplace.epassi.fi\/fysiomekka\/wp-json\/wp\/v2\/types\/page"}],"author":[{"embeddable":true,"href":"https:\/\/marketplace.epassi.fi\/fysiomekka\/wp-json\/wp\/v2\/users\/2"}],"replies":[{"embeddable":true,"href":"https:\/\/marketplace.epassi.fi\/fysiomekka\/wp-json\/wp\/v2\/comments?post=22"}],"version-history":[{"count":10,"href":"https:\/\/marketplace.epassi.fi\/fysiomekka\/wp-json\/wp\/v2\/pages\/22\/revisions"}],"predecessor-version":[{"id":264,"href":"https:\/\/marketplace.epassi.fi\/fysiomekka\/wp-json\/wp\/v2\/pages\/22\/revisions\/264"}],"wp:attachment":[{"href":"https:\/\/marketplace.epassi.fi\/fysiomekka\/wp-json\/wp\/v2\/media?parent=22"}],"curies":[{"name":"wp","href":"https:\/\/api.w.org\/{rel}","templated":true}]}}