{"id":320,"date":"2022-01-07T12:52:11","date_gmt":"2022-01-07T10:52:11","guid":{"rendered":"https:\/\/marketplace.epassi.fi\/fysiomekka\/?post_type=product&#038;p=320"},"modified":"2022-01-28T12:38:20","modified_gmt":"2022-01-28T10:38:20","slug":"hieronta-20min","status":"publish","type":"product","link":"https:\/\/marketplace.epassi.fi\/fysiomekka\/kauppa\/hyvinvointi\/hieronta\/hieronta-20min\/","title":{"rendered":"Hieronta 20min"},"content":{"rendered":"","protected":false},"excerpt":{"rendered":"<p>Fysiomekan palveluihin kuuluvat hieronta,\u00a0urheiluhieronta, kalvokampaus (gua-sha), kinesioteippaus, dry needling -neulahoito sek\u00e4 fysioterapia.<br \/>\nHieronnalla voidaan esimerkiksi\u00a0poistaa kipua, rentouttaa lihasta, kiihdytt\u00e4\u00e4 verenkiertoa sek\u00e4 edist\u00e4\u00e4 palautumista.\u00a0Yrityksemme periaatteena on tarjota yksil\u00f6llist\u00e4, asiakkaan tarpeisiin perustuvaa hoitoa mahdollisimman tehokkaasti, jotta asiakas saa parhaan mahdollisen avun.<br \/>\nFysiomekan hierojat ovat koulutettuja ammattilaisia.<\/p>\n<p>Toimipisteemme l\u00f6yd\u00e4t t\u00e4\u00e4lt\u00e4: <a href=\"https:\/\/fysiomekka.fi\">https:\/\/fysiomekka.fi<\/a><\/p>\n","protected":false},"featured_media":382,"comment_status":"open","ping_status":"closed","template":"","meta":{"_acf_changed":false,"_kad_post_transparent":"default","_kad_post_title":"","_kad_post_layout":"default","_kad_post_sidebar_id":"","_kad_post_content_style":"default","_kad_post_vertical_padding":"default","_kad_post_feature":"","_kad_post_feature_position":"","_kad_post_header":false,"_kad_post_footer":false,"_kad_post_classname":""},"product_brand":[],"product_cat":[31,21],"product_tag":[],"class_list":{"0":"post-320","1":"product","2":"type-product","3":"status-publish","4":"has-post-thumbnail","6":"product_cat-hieronta","7":"product_cat-hyvinvointi","9":"first","10":"instock","11":"taxable","12":"shipping-taxable","13":"product-type-external","14":"entry","15":"content-bg","16":"loop-entry"},"acf":[],"_links":{"self":[{"href":"https:\/\/marketplace.epassi.fi\/fysiomekka\/wp-json\/wp\/v2\/product\/320","targetHints":{"allow":["GET"]}}],"collection":[{"href":"https:\/\/marketplace.epassi.fi\/fysiomekka\/wp-json\/wp\/v2\/product"}],"about":[{"href":"https:\/\/marketplace.epassi.fi\/fysiomekka\/wp-json\/wp\/v2\/types\/product"}],"replies":[{"embeddable":true,"href":"https:\/\/marketplace.epassi.fi\/fysiomekka\/wp-json\/wp\/v2\/comments?post=320"}],"wp:featuredmedia":[{"embeddable":true,"href":"https:\/\/marketplace.epassi.fi\/fysiomekka\/wp-json\/wp\/v2\/media\/382"}],"wp:attachment":[{"href":"https:\/\/marketplace.epassi.fi\/fysiomekka\/wp-json\/wp\/v2\/media?parent=320"}],"wp:term":[{"taxonomy":"product_brand","embeddable":true,"href":"https:\/\/marketplace.epassi.fi\/fysiomekka\/wp-json\/wp\/v2\/product_brand?post=320"},{"taxonomy":"product_cat","embeddable":true,"href":"https:\/\/marketplace.epassi.fi\/fysiomekka\/wp-json\/wp\/v2\/product_cat?post=320"},{"taxonomy":"product_tag","embeddable":true,"href":"https:\/\/marketplace.epassi.fi\/fysiomekka\/wp-json\/wp\/v2\/product_tag?post=320"}],"curies":[{"name":"wp","href":"https:\/\/api.w.org\/{rel}","templated":true}]}}