{"id":273,"date":"2021-10-16T11:12:03","date_gmt":"2021-10-16T08:12:03","guid":{"rendered":"https:\/\/marketplace.epassi.fi\/fysmedi\/?post_type=product&#038;p=273"},"modified":"2025-10-30T14:13:20","modified_gmt":"2025-10-30T12:13:20","slug":"nikamakasittely","status":"publish","type":"product","link":"https:\/\/marketplace.epassi.fi\/fysmedi\/kauppa\/hyvinvointi\/nikamakasittely\/","title":{"rendered":"Nikamak\u00e4sittely"},"content":{"rendered":"<p>Nikamak\u00e4sittelyn tarkoitus on saada rangan fysiologinen toiminta normalisoitua. T\u00e4t\u00e4 tarvitaan silloin kun ranka on ns. jumittunut joko trauman tai lihasjumien seurauksena. T\u00e4ll\u00f6in nikama voi \u201dhyp\u00e4t\u00e4\u201d hieman paikaltaan, mik\u00e4 voi tuntua ter\u00e4v\u00e4n\u00e4 pistoksena. Esimerkiksi lapojen v\u00e4liss\u00e4 se voi vaikeuttaa hengityst\u00e4 ja tuntua pistoksena my\u00f6s rinnan puolella (pist\u00e4\u00e4 l\u00e4pi) tai joskus voi olla s\u00e4teilykipua esim. k\u00e4teen.<\/p>\n<p>Nikamak\u00e4sittelyss\u00e4 palpoidaan (tunnustellen) kiertynyt nikaman kohta, joka laitetaan paikoilleen joko mobilisaation tai manipulaation avulla. Monesti kipu helpotta heti.<\/p>\n","protected":false},"excerpt":{"rendered":"<p>Nikamien mobilisaatio ja manipulaatio. Hoidon pituus n. 60min.<\/p>\n","protected":false},"featured_media":331,"comment_status":"open","ping_status":"closed","template":"","meta":{"_acf_changed":false,"_kad_post_transparent":"default","_kad_post_title":"","_kad_post_layout":"default","_kad_post_sidebar_id":"","_kad_post_content_style":"default","_kad_post_vertical_padding":"default","_kad_post_feature":"","_kad_post_feature_position":"","_kad_post_header":false,"_kad_post_footer":false,"_kad_post_classname":""},"product_brand":[],"product_cat":[21,15],"product_tag":[],"class_list":{"0":"post-273","1":"product","2":"type-product","3":"status-publish","4":"has-post-thumbnail","6":"product_cat-hyvinvointi","7":"product_cat-yleinen","9":"first","10":"instock","11":"purchasable","12":"product-type-simple","13":"entry","14":"content-bg","15":"loop-entry"},"acf":[],"_links":{"self":[{"href":"https:\/\/marketplace.epassi.fi\/fysmedi\/wp-json\/wp\/v2\/product\/273","targetHints":{"allow":["GET"]}}],"collection":[{"href":"https:\/\/marketplace.epassi.fi\/fysmedi\/wp-json\/wp\/v2\/product"}],"about":[{"href":"https:\/\/marketplace.epassi.fi\/fysmedi\/wp-json\/wp\/v2\/types\/product"}],"replies":[{"embeddable":true,"href":"https:\/\/marketplace.epassi.fi\/fysmedi\/wp-json\/wp\/v2\/comments?post=273"}],"wp:featuredmedia":[{"embeddable":true,"href":"https:\/\/marketplace.epassi.fi\/fysmedi\/wp-json\/wp\/v2\/media\/331"}],"wp:attachment":[{"href":"https:\/\/marketplace.epassi.fi\/fysmedi\/wp-json\/wp\/v2\/media?parent=273"}],"wp:term":[{"taxonomy":"product_brand","embeddable":true,"href":"https:\/\/marketplace.epassi.fi\/fysmedi\/wp-json\/wp\/v2\/product_brand?post=273"},{"taxonomy":"product_cat","embeddable":true,"href":"https:\/\/marketplace.epassi.fi\/fysmedi\/wp-json\/wp\/v2\/product_cat?post=273"},{"taxonomy":"product_tag","embeddable":true,"href":"https:\/\/marketplace.epassi.fi\/fysmedi\/wp-json\/wp\/v2\/product_tag?post=273"}],"curies":[{"name":"wp","href":"https:\/\/api.w.org\/{rel}","templated":true}]}}