{"id":347,"date":"2022-06-13T21:27:09","date_gmt":"2022-06-13T18:27:09","guid":{"rendered":"https:\/\/marketplace.epassi.fi\/galahieronta\/?post_type=product&#038;p=347"},"modified":"2025-10-30T15:50:59","modified_gmt":"2025-10-30T13:50:59","slug":"vuosipassi-12x-60min","status":"publish","type":"product","link":"https:\/\/marketplace.epassi.fi\/galahieronta\/kauppa\/hyvinvointi\/hieronta\/vuosipassi-12x-60min\/","title":{"rendered":"Vuosipassi (12x 60min)"},"content":{"rendered":"<div class=\"woocommerce-product-details__short-description\">\n<div class=\"block footer-widget-1\">\n<div id=\"text-2\" class=\"widget widget_text\"><span style=\"font-family: var(--global-body-font-family);\">Sarjakortti on voimassa 12 kuukautta ostohetkest\u00e4.<\/span><\/div>\n<\/div>\n<\/div>\n<div>\n<div class=\"woocommerce-product-details__short-description\">\n<div class=\"block footer-widget-1\">\n<div id=\"text-2\" class=\"widget widget_text\">\n<div>HUOM. Sarjakortit ovat henkil\u00f6kohtaisia.<\/div>\n<\/div>\n<\/div>\n<\/div>\n<\/div>\n","protected":false},"excerpt":{"rendered":"<p>Vuosipassilla pystyt reagoimaan lihasjumeihin sek\u00e4 ennaltaehk\u00e4isem\u00e4\u00e4n vammoja ymp\u00e4ri vuoden. Kyseinen sarjakortti sopii erinomaisesti urheilijoille sek\u00e4 aktiiviliikkujille.<\/p>\n","protected":false},"featured_media":348,"comment_status":"open","ping_status":"closed","template":"","meta":{"_acf_changed":false,"_kad_post_transparent":"default","_kad_post_title":"","_kad_post_layout":"default","_kad_post_sidebar_id":"","_kad_post_content_style":"default","_kad_post_vertical_padding":"default","_kad_post_feature":"","_kad_post_feature_position":"","_kad_post_header":false,"_kad_post_footer":false,"_kad_post_classname":""},"product_brand":[],"product_cat":[31,21],"product_tag":[],"class_list":{"0":"post-347","1":"product","2":"type-product","3":"status-publish","4":"has-post-thumbnail","6":"product_cat-hieronta","7":"product_cat-hyvinvointi","9":"first","10":"instock","11":"virtual","12":"sold-individually","13":"taxable","14":"purchasable","15":"product-type-simple","16":"entry","17":"content-bg","18":"loop-entry"},"acf":[],"_links":{"self":[{"href":"https:\/\/marketplace.epassi.fi\/galahieronta\/wp-json\/wp\/v2\/product\/347","targetHints":{"allow":["GET"]}}],"collection":[{"href":"https:\/\/marketplace.epassi.fi\/galahieronta\/wp-json\/wp\/v2\/product"}],"about":[{"href":"https:\/\/marketplace.epassi.fi\/galahieronta\/wp-json\/wp\/v2\/types\/product"}],"replies":[{"embeddable":true,"href":"https:\/\/marketplace.epassi.fi\/galahieronta\/wp-json\/wp\/v2\/comments?post=347"}],"wp:featuredmedia":[{"embeddable":true,"href":"https:\/\/marketplace.epassi.fi\/galahieronta\/wp-json\/wp\/v2\/media\/348"}],"wp:attachment":[{"href":"https:\/\/marketplace.epassi.fi\/galahieronta\/wp-json\/wp\/v2\/media?parent=347"}],"wp:term":[{"taxonomy":"product_brand","embeddable":true,"href":"https:\/\/marketplace.epassi.fi\/galahieronta\/wp-json\/wp\/v2\/product_brand?post=347"},{"taxonomy":"product_cat","embeddable":true,"href":"https:\/\/marketplace.epassi.fi\/galahieronta\/wp-json\/wp\/v2\/product_cat?post=347"},{"taxonomy":"product_tag","embeddable":true,"href":"https:\/\/marketplace.epassi.fi\/galahieronta\/wp-json\/wp\/v2\/product_tag?post=347"}],"curies":[{"name":"wp","href":"https:\/\/api.w.org\/{rel}","templated":true}]}}