{"id":274,"date":"2021-10-16T11:14:50","date_gmt":"2021-10-16T08:14:50","guid":{"rendered":"https:\/\/marketplace.epassi.fi\/gogoexpress\/?post_type=product&#038;p=274"},"modified":"2026-01-01T05:01:52","modified_gmt":"2026-01-01T03:01:52","slug":"kk-jasenyys-ei-sitoutumista-27-e-liittymismaksu-27-e","status":"publish","type":"product","link":"https:\/\/marketplace.epassi.fi\/gogoexpress\/kauppa\/liikuntaedut\/kuntosali\/kk-jasenyys-ei-sitoutumista-27-e-liittymismaksu-27-e\/","title":{"rendered":"EI SITOUTUMISTA &#8211; YKSI SALI 34,90 \u20ac + LIITTYMISMAKSU 29,90 \u20ac"},"content":{"rendered":"<p>Kuukausij\u00e4senyys, ei sitoutumista. Liittyminen 29,90 \u20ac + ensimm\u00e4inen kk 34,90\u20ac.\u00a0 J\u00e4senyytesi sis\u00e4lt\u00e4\u00e4 k\u00e4ytt\u00f6oikeuden valitsemallesi GOGO Express -kuntosalille.<\/p>\n","protected":false},"excerpt":{"rendered":"<p>Maksat nyt liittymismaksun 29,90\u00a0 \u20ac ja ensimm\u00e4isen kuukauden 34,90 \u20ac. J\u00e4senyytesi sis\u00e4lt\u00e4\u00e4 k\u00e4ytt\u00f6oikeuden valitsemallesi GOGO Express -kuntosalille. J\u00e4senyys on aloitettava 3 kk sis\u00e4ll\u00e4 ostotapahtumasta. J\u00e4senyyden voi irtisanoa ensimm\u00e4isen kuukauden j\u00e4lkeen, yhden kalenterikuukauden irtisanomisajalla. <span style=\"font-family: var(--global-body-font-family)\">J\u00e4senyytesi odottaa sinua nimell\u00e4si ensimm\u00e4isell\u00e4 k\u00e4yntikerrallasi omalla GOGO Express -kuntosalillasi, tervetuloa! Katso henkil\u00f6kunnan paikallaolo ajat t\u00e4\u00e4lt\u00e4 <a href=\"https:\/\/gogoexpress.fi\/yhteystiedot\/\">https:\/\/gogoexpress.fi\/yhteystiedot\/<\/a> <\/span> <span style=\"font-family: var(--global-body-font-family)\">Ps. Merkitseth\u00e4n lis\u00e4tess\u00e4si yhteystietojasi my\u00f6s keskuksen nimen jonne haluat asiakkuutesi (kohta:\u00a0<\/span><span style=\"font-family: var(--global-body-font-family);font-size: 17px;font-weight: 400\">Tilauksen kommentit).<\/span><\/p>\n","protected":false},"featured_media":320,"comment_status":"open","ping_status":"closed","template":"","meta":{"_acf_changed":false,"_kad_post_transparent":"default","_kad_post_title":"","_kad_post_layout":"default","_kad_post_sidebar_id":"","_kad_post_content_style":"default","_kad_post_vertical_padding":"default","_kad_post_feature":"","_kad_post_feature_position":"","_kad_post_header":false,"_kad_post_footer":false,"_kad_post_classname":""},"product_brand":[],"product_cat":[23,19],"product_tag":[],"class_list":{"0":"post-274","1":"product","2":"type-product","3":"status-publish","4":"has-post-thumbnail","6":"product_cat-kuntosali","7":"product_cat-liikuntaedut","9":"first","10":"instock","11":"virtual","12":"taxable","13":"purchasable","14":"product-type-simple","15":"entry","16":"content-bg","17":"loop-entry"},"acf":[],"_links":{"self":[{"href":"https:\/\/marketplace.epassi.fi\/gogoexpress\/wp-json\/wp\/v2\/product\/274","targetHints":{"allow":["GET"]}}],"collection":[{"href":"https:\/\/marketplace.epassi.fi\/gogoexpress\/wp-json\/wp\/v2\/product"}],"about":[{"href":"https:\/\/marketplace.epassi.fi\/gogoexpress\/wp-json\/wp\/v2\/types\/product"}],"replies":[{"embeddable":true,"href":"https:\/\/marketplace.epassi.fi\/gogoexpress\/wp-json\/wp\/v2\/comments?post=274"}],"wp:featuredmedia":[{"embeddable":true,"href":"https:\/\/marketplace.epassi.fi\/gogoexpress\/wp-json\/wp\/v2\/media\/320"}],"wp:attachment":[{"href":"https:\/\/marketplace.epassi.fi\/gogoexpress\/wp-json\/wp\/v2\/media?parent=274"}],"wp:term":[{"taxonomy":"product_brand","embeddable":true,"href":"https:\/\/marketplace.epassi.fi\/gogoexpress\/wp-json\/wp\/v2\/product_brand?post=274"},{"taxonomy":"product_cat","embeddable":true,"href":"https:\/\/marketplace.epassi.fi\/gogoexpress\/wp-json\/wp\/v2\/product_cat?post=274"},{"taxonomy":"product_tag","embeddable":true,"href":"https:\/\/marketplace.epassi.fi\/gogoexpress\/wp-json\/wp\/v2\/product_tag?post=274"}],"curies":[{"name":"wp","href":"https:\/\/api.w.org\/{rel}","templated":true}]}}