{"id":289,"date":"2021-10-20T17:08:34","date_gmt":"2021-10-20T17:08:34","guid":{"rendered":"https:\/\/marketplace.epassi.fi\/hammassydan\/?post_type=product&#038;p=289"},"modified":"2025-10-30T15:32:09","modified_gmt":"2025-10-30T13:32:09","slug":"purentalihasten-hieronta-30-min","status":"publish","type":"product","link":"https:\/\/marketplace.epassi.fi\/hammassydan\/kauppa\/hyvinvointi\/hammaslaakari\/purentalihasten-hieronta-30-min\/","title":{"rendered":"Purentalihasten hieronta 30 min"},"content":{"rendered":"<p>Onko sinulla aamuisin kasvojen purentalihakset kipe\u00e4t tai k\u00e4rsitk\u00f6 pahasta p\u00e4\u00e4kivusta? Narskutteletko \u00f6isin hampaitasi? Ty\u00f6nn\u00e4tk\u00f6 kielt\u00e4si hampaita vasten vaikkapa t\u00f6it\u00e4 tehdess\u00e4?<\/p>\n<p>Jos vastasit kyll\u00e4, purentalihasten hieronnasta voi olla apua. Purentalihakset jumiutuvat, kun hampaita puree \u00f6isin yhteen. Se voi aiheuttaa\u00a0 p\u00e4\u00e4kipua ja kasvolihasten s\u00e4rky\u00e4. Purentalihasten hieronta kannattaa my\u00f6s silloin, kun k\u00e4yt\u00f6ss\u00e4si on purentakiskot, tai kun kiskot ovat sinulle uudet. Hieronnassa lihakset aluksi l\u00e4mmitet\u00e4\u00e4n. Sen j\u00e4lkeen purentalihakset k\u00e4sitell\u00e4\u00e4n suun sis\u00e4puolelta ja ulkopuolelta.<\/p>\n<p>K\u00e4ynnin yhteydess\u00e4 saat my\u00f6s kotivenyttelyohjeet purentalihaksille.<\/p>\n<p>&nbsp;<\/p>\n","protected":false},"excerpt":{"rendered":"<p>Purentalihasten k\u00e4sittely suun ulko- ja sis\u00e4puolelta, neuvonta ja kotihoito-ohjeet. Ei kela-korvausta.<\/p>\n","protected":false},"featured_media":341,"comment_status":"open","ping_status":"closed","template":"","meta":{"_acf_changed":false,"_kad_post_transparent":"default","_kad_post_title":"","_kad_post_layout":"default","_kad_post_sidebar_id":"","_kad_post_content_style":"default","_kad_post_vertical_padding":"default","_kad_post_feature":"","_kad_post_feature_position":"","_kad_post_header":false,"_kad_post_footer":false,"_kad_post_classname":""},"product_brand":[],"product_cat":[30,31,21],"product_tag":[],"class_list":{"0":"post-289","1":"product","2":"type-product","3":"status-publish","4":"has-post-thumbnail","6":"product_cat-hammaslaakari","7":"product_cat-hieronta","8":"product_cat-hyvinvointi","10":"first","11":"instock","12":"virtual","13":"purchasable","14":"product-type-simple","15":"entry","16":"content-bg","17":"loop-entry"},"acf":[],"_links":{"self":[{"href":"https:\/\/marketplace.epassi.fi\/hammassydan\/wp-json\/wp\/v2\/product\/289","targetHints":{"allow":["GET"]}}],"collection":[{"href":"https:\/\/marketplace.epassi.fi\/hammassydan\/wp-json\/wp\/v2\/product"}],"about":[{"href":"https:\/\/marketplace.epassi.fi\/hammassydan\/wp-json\/wp\/v2\/types\/product"}],"replies":[{"embeddable":true,"href":"https:\/\/marketplace.epassi.fi\/hammassydan\/wp-json\/wp\/v2\/comments?post=289"}],"wp:featuredmedia":[{"embeddable":true,"href":"https:\/\/marketplace.epassi.fi\/hammassydan\/wp-json\/wp\/v2\/media\/341"}],"wp:attachment":[{"href":"https:\/\/marketplace.epassi.fi\/hammassydan\/wp-json\/wp\/v2\/media?parent=289"}],"wp:term":[{"taxonomy":"product_brand","embeddable":true,"href":"https:\/\/marketplace.epassi.fi\/hammassydan\/wp-json\/wp\/v2\/product_brand?post=289"},{"taxonomy":"product_cat","embeddable":true,"href":"https:\/\/marketplace.epassi.fi\/hammassydan\/wp-json\/wp\/v2\/product_cat?post=289"},{"taxonomy":"product_tag","embeddable":true,"href":"https:\/\/marketplace.epassi.fi\/hammassydan\/wp-json\/wp\/v2\/product_tag?post=289"}],"curies":[{"name":"wp","href":"https:\/\/api.w.org\/{rel}","templated":true}]}}