{"id":349,"date":"2023-02-28T07:29:25","date_gmt":"2023-02-28T05:29:25","guid":{"rendered":"https:\/\/marketplace.epassi.fi\/hammasvelho\/?post_type=product&#038;p=349"},"modified":"2025-10-30T13:47:27","modified_gmt":"2025-10-30T11:47:27","slug":"hammaskivenpoisto","status":"publish","type":"product","link":"https:\/\/marketplace.epassi.fi\/hammasvelho\/kauppa\/hyvinvointi\/hammaslaakari\/hammaskivenpoisto\/","title":{"rendered":"Hammaskiven poisto"},"content":{"rendered":"<p>Erityisesti hampaiden sis\u00e4pinnoille ja muutoin vaikeasti puhdistettaviin kohtiin muodostuu ajan my\u00f6t\u00e4 helposti hammaskive\u00e4.<\/p>\n<p>Hammaskivi muodostuu helposti ilman mink\u00e4\u00e4nlaisia oireita, vaikkakin yleens\u00e4 ensimm\u00e4isi\u00e4 oireita ovat ienten herkkyys ja pienet verenvuodot hampaiden ymp\u00e4rill\u00e4 esimerkiksi sy\u00f6dess\u00e4<\/p>\n","protected":false},"excerpt":{"rendered":"<p>Hammaskivi \u00e4rsytt\u00e4\u00e4 ienkudosta ja ajan my\u00f6t\u00e4 tuhoaa hampaiden kiinnityst\u00e4. Siksi sen s\u00e4\u00e4nn\u00f6llinen poistaminen ja hampaiden pintojen puhdistaminen on t\u00e4rke\u00e4 ennaltaehk\u00e4isev\u00e4 toimenpide.<\/p>\n","protected":false},"featured_media":355,"comment_status":"open","ping_status":"closed","template":"","meta":{"_acf_changed":false,"_kad_post_transparent":"default","_kad_post_title":"","_kad_post_layout":"default","_kad_post_sidebar_id":"","_kad_post_content_style":"default","_kad_post_vertical_padding":"default","_kad_post_feature":"","_kad_post_feature_position":"","_kad_post_header":false,"_kad_post_footer":false,"_kad_post_classname":""},"product_brand":[],"product_cat":[30,21],"product_tag":[],"class_list":{"0":"post-349","1":"product","2":"type-product","3":"status-publish","4":"has-post-thumbnail","6":"product_cat-hammaslaakari","7":"product_cat-hyvinvointi","9":"first","10":"instock","11":"taxable","12":"shipping-taxable","13":"purchasable","14":"product-type-simple","15":"entry","16":"content-bg","17":"loop-entry"},"acf":[],"_links":{"self":[{"href":"https:\/\/marketplace.epassi.fi\/hammasvelho\/wp-json\/wp\/v2\/product\/349","targetHints":{"allow":["GET"]}}],"collection":[{"href":"https:\/\/marketplace.epassi.fi\/hammasvelho\/wp-json\/wp\/v2\/product"}],"about":[{"href":"https:\/\/marketplace.epassi.fi\/hammasvelho\/wp-json\/wp\/v2\/types\/product"}],"replies":[{"embeddable":true,"href":"https:\/\/marketplace.epassi.fi\/hammasvelho\/wp-json\/wp\/v2\/comments?post=349"}],"wp:featuredmedia":[{"embeddable":true,"href":"https:\/\/marketplace.epassi.fi\/hammasvelho\/wp-json\/wp\/v2\/media\/355"}],"wp:attachment":[{"href":"https:\/\/marketplace.epassi.fi\/hammasvelho\/wp-json\/wp\/v2\/media?parent=349"}],"wp:term":[{"taxonomy":"product_brand","embeddable":true,"href":"https:\/\/marketplace.epassi.fi\/hammasvelho\/wp-json\/wp\/v2\/product_brand?post=349"},{"taxonomy":"product_cat","embeddable":true,"href":"https:\/\/marketplace.epassi.fi\/hammasvelho\/wp-json\/wp\/v2\/product_cat?post=349"},{"taxonomy":"product_tag","embeddable":true,"href":"https:\/\/marketplace.epassi.fi\/hammasvelho\/wp-json\/wp\/v2\/product_tag?post=349"}],"curies":[{"name":"wp","href":"https:\/\/api.w.org\/{rel}","templated":true}]}}