{"id":437,"date":"2023-08-31T07:57:34","date_gmt":"2023-08-31T04:57:34","guid":{"rendered":"https:\/\/marketplace.epassi.fi\/helaxe\/?post_type=product&#038;p=437"},"modified":"2026-01-01T05:01:59","modified_gmt":"2026-01-01T03:01:59","slug":"kirveen-ja-veitsenheitto-1-4lle-henkilolle","status":"publish","type":"product","link":"https:\/\/marketplace.epassi.fi\/helaxe\/kauppa\/liikuntaedut\/liikunta-muut\/kirveen-ja-veitsenheitto-1-4lle-henkilolle\/","title":{"rendered":"Kirveen- ja veitsenheitto 1-4:lle henkil\u00f6lle 90min"},"content":{"rendered":"<p>Lahjakortti oikeuttaa yhteen heittopaikkaan 1-4 henkil\u00f6lle yhden tunnin ajaksi. Alussa k\u00e4yd\u00e4\u00e4n l\u00e4pi turvallisuusasiat, heittotekniikka ja kirveenheiton s\u00e4\u00e4nn\u00f6t. T\u00e4m\u00e4n j\u00e4lkeen on mahdollisuus heitt\u00e4\u00e4 esim. peruskilpailu tai kokeilla muita vapaavalintaisia pelej\u00e4 sek\u00e4 harjoitella opastettua veitsenheittoa.<\/p>\n<p>Kirveenheitto sek\u00e4 veitsenheitto sopivat l\u00e4hes kaikille kokeilunhaluisille el\u00e4mysmatkailijoille. Huomioithan, ett\u00e4 ik\u00e4raja HELAXElle on 18 vuotta, joten kaikkien osallistujien tulee olla t\u00e4ysi-ik\u00e4isi\u00e4.<\/p>\n<p>Paikan p\u00e4\u00e4lt\u00e4 voi ostaa my\u00f6s virvokkeita ja pient\u00e4 naposteltavaa.<\/p>\n<p>LAHJAKORTTI L\u00c4HETET\u00c4\u00c4N S\u00c4HK\u00d6POSTILLA SEURAAVANA ARKIP\u00c4IV\u00c4N\u00c4. Lahjakortti on henkil\u00f6kohtainen.<\/p>\n","protected":false},"excerpt":{"rendered":"<p>Lahjakortti l\u00e4hetet\u00e4\u00e4n s\u00e4hk\u00f6postilla PDF-muodossa tilausta seuraavan arkip\u00e4iv\u00e4n kuluessa. Lahjakortti on henkil\u00f6kohtainen.<\/p>\n","protected":false},"featured_media":438,"comment_status":"open","ping_status":"closed","template":"","meta":{"_acf_changed":false,"_kad_post_transparent":"default","_kad_post_title":"","_kad_post_layout":"default","_kad_post_sidebar_id":"","_kad_post_content_style":"default","_kad_post_vertical_padding":"default","_kad_post_feature":"","_kad_post_feature_position":"","_kad_post_header":false,"_kad_post_footer":false,"_kad_post_classname":""},"product_brand":[],"product_cat":[29,19],"product_tag":[],"class_list":{"0":"post-437","1":"product","2":"type-product","3":"status-publish","4":"has-post-thumbnail","6":"product_cat-liikunta-muut","7":"product_cat-liikuntaedut","9":"first","10":"instock","11":"taxable","12":"shipping-taxable","13":"purchasable","14":"product-type-simple","15":"entry","16":"content-bg","17":"loop-entry"},"acf":[],"_links":{"self":[{"href":"https:\/\/marketplace.epassi.fi\/helaxe\/wp-json\/wp\/v2\/product\/437","targetHints":{"allow":["GET"]}}],"collection":[{"href":"https:\/\/marketplace.epassi.fi\/helaxe\/wp-json\/wp\/v2\/product"}],"about":[{"href":"https:\/\/marketplace.epassi.fi\/helaxe\/wp-json\/wp\/v2\/types\/product"}],"replies":[{"embeddable":true,"href":"https:\/\/marketplace.epassi.fi\/helaxe\/wp-json\/wp\/v2\/comments?post=437"}],"wp:featuredmedia":[{"embeddable":true,"href":"https:\/\/marketplace.epassi.fi\/helaxe\/wp-json\/wp\/v2\/media\/438"}],"wp:attachment":[{"href":"https:\/\/marketplace.epassi.fi\/helaxe\/wp-json\/wp\/v2\/media?parent=437"}],"wp:term":[{"taxonomy":"product_brand","embeddable":true,"href":"https:\/\/marketplace.epassi.fi\/helaxe\/wp-json\/wp\/v2\/product_brand?post=437"},{"taxonomy":"product_cat","embeddable":true,"href":"https:\/\/marketplace.epassi.fi\/helaxe\/wp-json\/wp\/v2\/product_cat?post=437"},{"taxonomy":"product_tag","embeddable":true,"href":"https:\/\/marketplace.epassi.fi\/helaxe\/wp-json\/wp\/v2\/product_tag?post=437"}],"curies":[{"name":"wp","href":"https:\/\/api.w.org\/{rel}","templated":true}]}}