{"id":274,"date":"2021-10-16T11:14:50","date_gmt":"2021-10-16T08:14:50","guid":{"rendered":"https:\/\/marketplace.epassi.fi\/helsinginpianostudio\/?post_type=product&#038;p=274"},"modified":"2024-12-26T17:01:41","modified_gmt":"2024-12-26T15:01:41","slug":"pianotuntipaketti-8x45min","status":"publish","type":"product","link":"https:\/\/marketplace.epassi.fi\/helsinginpianostudio\/kauppa\/kulttuuriedut\/pianotuntipaketti-8x45min\/","title":{"rendered":"Pianotuntipaketti 8x45min"},"content":{"rendered":"<h3 data-fontsize=\"16\" data-lineheight=\"24\">PIANOTUNNIT AIKUISILLE 8x45min<\/h3>\n<p>Tarjoamme opetusta alkeista alkaen aina pitk\u00e4lle meneviin vapaan s\u00e4estyksen, improvisoinnin, jazzin, pop\/rock-musiikin sek\u00e4 klassisen pianonsoiton taitoihin. Pianotuntipaketti voimassa 6 kk ostop\u00e4iv\u00e4st\u00e4.<\/p>\n<p class=\"\">Varaa pianotunnit\u00a0<a href=\"https:\/\/www.varaaheti.fi\/helsinginpianostudio\/fi\/pianolessons\" target=\"_blank\" rel=\"noopener noreferrer\">ajanvarausj\u00e4rjestelm\u00e4n<\/a> kautta. Ensimm\u00e4isell\u00e4 kerralla luo tili, jossa ilmoitat yhteystietosi (s\u00e4hk\u00f6postiosoite, puhelinnumero). N\u00e4it\u00e4 tietoja k\u00e4ytet\u00e4\u00e4n tuntivahvistuksen ja laskun sek\u00e4 kuukausittaisen uutiskirjeen l\u00e4hett\u00e4miseen.<\/p>\n<p class=\"\">Tunti pit\u00e4\u00e4 peruuttaa viimeist\u00e4\u00e4n edellisen\u00e4 p\u00e4iv\u00e4n\u00e4. Saman p\u00e4iv\u00e4n\u00e4 tehdyst\u00e4 yksil\u00f6tunnin peruutuksesta veloitamme 50% tunnin hinnasta erillisell\u00e4 laskulla.<\/p>\n<p>&nbsp;<\/p>\n","protected":false},"excerpt":{"rendered":"<h3 data-fontsize=\"16\" data-lineheight=\"24\">PIANOTUNNIT AIKUISILLE\u00a08x45min<\/h3>\n<p>Tarjoamme opetusta alkeista alkaen aina pitk\u00e4lle meneviin vapaan s\u00e4estyksen, improvisoinnin, jazzin, pop\/rock-musiikin sek\u00e4 klassisen pianonsoiton taitoihin. Tervetuloa tutustumaan!<\/p>\n","protected":false},"featured_media":344,"comment_status":"open","ping_status":"closed","template":"","meta":{"_acf_changed":false,"_kad_post_transparent":"default","_kad_post_title":"","_kad_post_layout":"default","_kad_post_sidebar_id":"","_kad_post_content_style":"default","_kad_post_vertical_padding":"default","_kad_post_feature":"","_kad_post_feature_position":"","_kad_post_header":false,"_kad_post_footer":false,"_kad_post_classname":""},"product_brand":[],"product_cat":[20],"product_tag":[],"class_list":{"0":"post-274","1":"product","2":"type-product","3":"status-publish","4":"has-post-thumbnail","6":"product_cat-kulttuuriedut","8":"first","9":"instock","10":"virtual","11":"taxable","12":"purchasable","13":"product-type-simple","14":"entry","15":"content-bg","16":"loop-entry"},"acf":[],"_links":{"self":[{"href":"https:\/\/marketplace.epassi.fi\/helsinginpianostudio\/wp-json\/wp\/v2\/product\/274","targetHints":{"allow":["GET"]}}],"collection":[{"href":"https:\/\/marketplace.epassi.fi\/helsinginpianostudio\/wp-json\/wp\/v2\/product"}],"about":[{"href":"https:\/\/marketplace.epassi.fi\/helsinginpianostudio\/wp-json\/wp\/v2\/types\/product"}],"replies":[{"embeddable":true,"href":"https:\/\/marketplace.epassi.fi\/helsinginpianostudio\/wp-json\/wp\/v2\/comments?post=274"}],"wp:featuredmedia":[{"embeddable":true,"href":"https:\/\/marketplace.epassi.fi\/helsinginpianostudio\/wp-json\/wp\/v2\/media\/344"}],"wp:attachment":[{"href":"https:\/\/marketplace.epassi.fi\/helsinginpianostudio\/wp-json\/wp\/v2\/media?parent=274"}],"wp:term":[{"taxonomy":"product_brand","embeddable":true,"href":"https:\/\/marketplace.epassi.fi\/helsinginpianostudio\/wp-json\/wp\/v2\/product_brand?post=274"},{"taxonomy":"product_cat","embeddable":true,"href":"https:\/\/marketplace.epassi.fi\/helsinginpianostudio\/wp-json\/wp\/v2\/product_cat?post=274"},{"taxonomy":"product_tag","embeddable":true,"href":"https:\/\/marketplace.epassi.fi\/helsinginpianostudio\/wp-json\/wp\/v2\/product_tag?post=274"}],"curies":[{"name":"wp","href":"https:\/\/api.w.org\/{rel}","templated":true}]}}