{"id":290,"date":"2021-10-20T17:09:46","date_gmt":"2021-10-20T17:09:46","guid":{"rendered":"https:\/\/marketplace.epassi.fi\/hieronta-titta-karjalainen\/?post_type=product&#038;p=290"},"modified":"2025-11-21T16:25:39","modified_gmt":"2025-11-21T14:25:39","slug":"ensikaynti-hierontaan","status":"publish","type":"product","link":"https:\/\/marketplace.epassi.fi\/hieronta-titta-karjalainen\/kauppa\/hyvinvointi\/hieronta\/ensikaynti-hierontaan\/","title":{"rendered":"Ensik\u00e4ynti hierontaan 60 min"},"content":{"rendered":"<p>Kirjoita t\u00e4h\u00e4n pidempi tuotekuvaus. T\u00e4m\u00e4 kuvaus n\u00e4kyy tuotesivun alaosassa.<\/p>\n","protected":false},"excerpt":{"rendered":"<p>Tarjous uusille asiakkaille 60 min l\u00e4mp\u00f6hoidolla. (L\u00e4mp\u00f6hoito ei ole pois hieronta-ajasta)<\/p>\n<p>Voimassa 2kk ostop\u00e4iv\u00e4st\u00e4<\/p>\n<p>&nbsp;<\/p>\n","protected":false},"featured_media":330,"comment_status":"open","ping_status":"closed","template":"","meta":{"_acf_changed":false,"_kad_post_transparent":"default","_kad_post_title":"","_kad_post_layout":"default","_kad_post_sidebar_id":"","_kad_post_content_style":"default","_kad_post_vertical_padding":"default","_kad_post_feature":"","_kad_post_feature_position":"","_kad_post_header":false,"_kad_post_footer":false,"_kad_post_classname":""},"product_brand":[],"product_cat":[31,21],"product_tag":[],"class_list":{"0":"post-290","1":"product","2":"type-product","3":"status-publish","4":"has-post-thumbnail","6":"product_cat-hieronta","7":"product_cat-hyvinvointi","9":"first","10":"instock","11":"virtual","12":"purchasable","13":"product-type-simple","14":"entry","15":"content-bg","16":"loop-entry"},"acf":[],"_links":{"self":[{"href":"https:\/\/marketplace.epassi.fi\/hieronta-titta-karjalainen\/wp-json\/wp\/v2\/product\/290","targetHints":{"allow":["GET"]}}],"collection":[{"href":"https:\/\/marketplace.epassi.fi\/hieronta-titta-karjalainen\/wp-json\/wp\/v2\/product"}],"about":[{"href":"https:\/\/marketplace.epassi.fi\/hieronta-titta-karjalainen\/wp-json\/wp\/v2\/types\/product"}],"replies":[{"embeddable":true,"href":"https:\/\/marketplace.epassi.fi\/hieronta-titta-karjalainen\/wp-json\/wp\/v2\/comments?post=290"}],"wp:featuredmedia":[{"embeddable":true,"href":"https:\/\/marketplace.epassi.fi\/hieronta-titta-karjalainen\/wp-json\/wp\/v2\/media\/330"}],"wp:attachment":[{"href":"https:\/\/marketplace.epassi.fi\/hieronta-titta-karjalainen\/wp-json\/wp\/v2\/media?parent=290"}],"wp:term":[{"taxonomy":"product_brand","embeddable":true,"href":"https:\/\/marketplace.epassi.fi\/hieronta-titta-karjalainen\/wp-json\/wp\/v2\/product_brand?post=290"},{"taxonomy":"product_cat","embeddable":true,"href":"https:\/\/marketplace.epassi.fi\/hieronta-titta-karjalainen\/wp-json\/wp\/v2\/product_cat?post=290"},{"taxonomy":"product_tag","embeddable":true,"href":"https:\/\/marketplace.epassi.fi\/hieronta-titta-karjalainen\/wp-json\/wp\/v2\/product_tag?post=290"}],"curies":[{"name":"wp","href":"https:\/\/api.w.org\/{rel}","templated":true}]}}