{"id":290,"date":"2021-10-20T17:09:46","date_gmt":"2021-10-20T17:09:46","guid":{"rendered":"https:\/\/marketplace.epassi.fi\/hiihtokeskus-pikku-syote\/?post_type=product&#038;p=290"},"modified":"2024-12-25T05:09:13","modified_gmt":"2024-12-25T03:09:13","slug":"tuotteen-nimi","status":"publish","type":"product","link":"https:\/\/marketplace.epassi.fi\/hiihtokeskus-pikku-syote\/kauppa\/liikuntaedut\/hiihtokeskus\/tuotteen-nimi\/","title":{"rendered":"Kausikortti Pikku-Sy\u00f6te 24\/25"},"content":{"rendered":"<p><strong>Hy\u00f6dynn\u00e4 ennakkovaraajan etu ja laskettele koko talvi Pikku-Sy\u00f6tteell\u00e4 alle viikon hintaan 149\u20ac! (Normaalihinta aikuisille 299\u20ac.)<br \/>\n<\/strong>Ennakkohinta voimassa 24.12.2024 asti.<\/p>\n<p>Kausikortti on voimassa Pikku-Sy\u00f6tteen rinteill\u00e4 koko talvikauden 2024-2025. Kausikortit tulee lunastaa henkil\u00f6kohtaisesti Pikku-Sy\u00f6tteelt\u00e4.<\/p>\n<p>Liikuntaedulla hankittu kausikortti on henkil\u00f6kohtainen, joten varauduthan todistamaan henkil\u00f6llisyytesi kausikorttia noudettaessa. Varaudu my\u00f6s esitt\u00e4m\u00e4\u00e4n kuitti ostoksestasi. Kausikortin v\u00e4\u00e4rink\u00e4ytt\u00f6 johtaa lipun mit\u00e4t\u00f6intiin.<\/p>\n<p>Liikuntaetu on hy\u00f6dynnett\u00e4viss\u00e4 ainoastaan normaalihintaisiin tuotteisiin ja ennakkohintaisiin kausikortteihin eik\u00e4 liikuntaedulla tehdyist\u00e4 maksuista tai lunastamattomista tuotteista tehd\u00e4 hyvityksi\u00e4. Pid\u00e4t\u00e4mme oikeuden hinnanmuutoksiin.<\/p>\n","protected":false},"excerpt":{"rendered":"<p><strong>Laskettele koko talvi alle viikon hinnalla!<br \/>\n<\/strong>Hy\u00f6dynn\u00e4 ennakovaraajan etu ja osta Pikku-Sy\u00f6tteen kausikortti talvelle 24\/25 alennettuun hintaan 149\u20ac kun teet ostoksesi 24.12.2024 menness\u00e4.<br \/>\n(Normaali hinta aikuisille 299\u20ac)<\/p>\n","protected":false},"featured_media":337,"comment_status":"closed","ping_status":"closed","template":"","meta":{"_acf_changed":false,"_kad_post_transparent":"default","_kad_post_title":"","_kad_post_layout":"default","_kad_post_sidebar_id":"","_kad_post_content_style":"default","_kad_post_vertical_padding":"default","_kad_post_feature":"","_kad_post_feature_position":"","_kad_post_header":false,"_kad_post_footer":false,"_kad_post_classname":""},"product_brand":[],"product_cat":[24,19],"product_tag":[],"class_list":{"0":"post-290","1":"product","2":"type-product","3":"status-publish","4":"has-post-thumbnail","6":"product_cat-hiihtokeskus","7":"product_cat-liikuntaedut","9":"first","10":"instock","11":"virtual","12":"taxable","13":"purchasable","14":"product-type-simple","15":"entry","16":"content-bg","17":"loop-entry"},"acf":[],"_links":{"self":[{"href":"https:\/\/marketplace.epassi.fi\/hiihtokeskus-pikku-syote\/wp-json\/wp\/v2\/product\/290","targetHints":{"allow":["GET"]}}],"collection":[{"href":"https:\/\/marketplace.epassi.fi\/hiihtokeskus-pikku-syote\/wp-json\/wp\/v2\/product"}],"about":[{"href":"https:\/\/marketplace.epassi.fi\/hiihtokeskus-pikku-syote\/wp-json\/wp\/v2\/types\/product"}],"replies":[{"embeddable":true,"href":"https:\/\/marketplace.epassi.fi\/hiihtokeskus-pikku-syote\/wp-json\/wp\/v2\/comments?post=290"}],"wp:featuredmedia":[{"embeddable":true,"href":"https:\/\/marketplace.epassi.fi\/hiihtokeskus-pikku-syote\/wp-json\/wp\/v2\/media\/337"}],"wp:attachment":[{"href":"https:\/\/marketplace.epassi.fi\/hiihtokeskus-pikku-syote\/wp-json\/wp\/v2\/media?parent=290"}],"wp:term":[{"taxonomy":"product_brand","embeddable":true,"href":"https:\/\/marketplace.epassi.fi\/hiihtokeskus-pikku-syote\/wp-json\/wp\/v2\/product_brand?post=290"},{"taxonomy":"product_cat","embeddable":true,"href":"https:\/\/marketplace.epassi.fi\/hiihtokeskus-pikku-syote\/wp-json\/wp\/v2\/product_cat?post=290"},{"taxonomy":"product_tag","embeddable":true,"href":"https:\/\/marketplace.epassi.fi\/hiihtokeskus-pikku-syote\/wp-json\/wp\/v2\/product_tag?post=290"}],"curies":[{"name":"wp","href":"https:\/\/api.w.org\/{rel}","templated":true}]}}