{"id":22,"date":"2021-09-13T17:45:59","date_gmt":"2021-09-13T17:45:59","guid":{"rendered":"https:\/\/marketplace.epassi.fi\/hyva-olo\/?page_id=22"},"modified":"2021-10-12T10:57:35","modified_gmt":"2021-10-12T10:57:35","slug":"info","status":"publish","type":"page","link":"https:\/\/marketplace.epassi.fi\/hyva-olo\/info\/","title":{"rendered":"Info"},"content":{"rendered":"\n\t<div class=\"entry-content single-content\">\n\n\t\t<div class=\"wp-block-columns\" style=\"gap:30px\">\n\t\t\t<div class=\"wp-block-column\">\n\t\t\t\t<h2>Hierojat Tampereen keskustassa!<\/h2>\n\t\t\t\t<p><p>Tervetuloa toteamaan miksi meist\u00e4 tyk\u00e4t\u00e4\u00e4n \ud83d\ude42 Hieronta nopeuttaa palautumista, v\u00e4hent\u00e4\u00e4 lihaskipuja sek\u00e4 rentouttaa kehoa ja mielt\u00e4. Valitse mieluisin palvelu tai avointa hierontasaldoa k\u00e4ytt\u00f6\u00f6si. Palvelemme teit\u00e4 kuuden kovan hierojayritt\u00e4j\u00e4n voimin Tampereen ydinkeskustassa. Laadukkaisiin hyvinvointipalveluihimme kuuluvat mm. klassinen ja urheiluhieronta, purentalihashieronta, niskahartian tehohoito ja osteopaattinen hieronta. Tervetuloa voimaan paremmin\ud83d\udccdH\u00e4meenkatu 27 C. Lis\u00e4tiedot ja ajanvaraus www.hieroja-tampere.fi <\/p>\n<p>\ud83d\udd39P.S. Jos Marketplace-osto ei onnistu, voit siirt\u00e4\u00e4 saldosi Hierontapiste Hyv\u00e4 Ololle ePassi-sovelluksella. L\u00e4het\u00e4 t\u00e4ll\u00f6in maksun tiedot tai kuvakaappaus s\u00e4hk\u00f6postilla hierontapistehyvaolo@gmail.com ja kuittaamme maksun vastaanotetuksi. Ennakkomaksut k\u00e4ytett\u00e4viss\u00e4 6kk. Jos edussasi on voimassaoloaikaa j\u00e4ljell\u00e4, voit maksaa hieronnan normaalisti k\u00e4ynnin yhteydess\u00e4.<\/p>\n<\/p>\n\t\t\t\t<h3>Hierontapiste Hyv\u00e4 Olo<\/h3>\n\t\t\t\t<p>H\u00e4meenkatu 27 C<br>\n\t\t\t\t\t33200 Tampere<\/p>\n\t\t\t\t<p><a href=\"tel:0503880886\">0503880886<\/a><\/p>\n\t\t\t\t<p><a href=\"mailto:hierontapistehyvaolo@gmail.com\">hierontapistehyvaolo@gmail.com<\/a><\/p>\n\n\t\t\t\t<h2>Toimipisteet<\/h2><div class=\"info-page-location-list\"><div class=\"info-page-location\"><h3>Hierontapiste Hyv\u00e4 Olo<\/h3><p>H\u00e4meenkatu 27 C, 33200 Tampere<\/p><p><a href=\"tel:0503880886\">0503880886<\/a><br><a href=\"mail:hierontapistehyvaolo@gmail.com\">hierontapistehyvaolo@gmail.com<\/a><p><a href=\"https:\/\/www.google.com\/maps\/search\/?api=1&query=Google&query_place_id=ChIJD0jj9q7YjkYRDC7sYSMXucQ\">Katso sijainti kartalla <span>&#8599;<\/span><\/a><\/p><\/p><p><\/p><\/div><\/div>\t\t\t<\/div>\n\n\t\t\t<div class=\"wp-block-column\">\n\t\t\t\t<figure class=\"wp-block-image size-large\"><img loading=\"lazy\" decoding=\"async\" width=\"768\" height=\"630\" src=\"https:\/\/marketplace.epassi.fi\/hyva-olo\/wp-content\/uploads\/sites\/161\/2021\/11\/hyva-83-trans-1200px-768x630.png\" class=\"attachment-medium_large size-medium_large\" alt=\"\" \/><\/figure>\n\t\t\t<\/div>\n\t\t<\/div>\n\t<\/div>\n\t\n","protected":false},"excerpt":{"rendered":"","protected":false},"author":2,"featured_media":0,"parent":0,"menu_order":0,"comment_status":"closed","ping_status":"closed","template":"","meta":{"_acf_changed":false,"_kad_post_transparent":"","_kad_post_title":"","_kad_post_layout":"","_kad_post_sidebar_id":"","_kad_post_content_style":"","_kad_post_vertical_padding":"","_kad_post_feature":"","_kad_post_feature_position":"","_kad_post_header":false,"_kad_post_footer":false,"_kad_post_classname":"","footnotes":""},"class_list":["post-22","page","type-page","status-publish","hentry"],"acf":[],"_links":{"self":[{"href":"https:\/\/marketplace.epassi.fi\/hyva-olo\/wp-json\/wp\/v2\/pages\/22","targetHints":{"allow":["GET"]}}],"collection":[{"href":"https:\/\/marketplace.epassi.fi\/hyva-olo\/wp-json\/wp\/v2\/pages"}],"about":[{"href":"https:\/\/marketplace.epassi.fi\/hyva-olo\/wp-json\/wp\/v2\/types\/page"}],"author":[{"embeddable":true,"href":"https:\/\/marketplace.epassi.fi\/hyva-olo\/wp-json\/wp\/v2\/users\/2"}],"replies":[{"embeddable":true,"href":"https:\/\/marketplace.epassi.fi\/hyva-olo\/wp-json\/wp\/v2\/comments?post=22"}],"version-history":[{"count":10,"href":"https:\/\/marketplace.epassi.fi\/hyva-olo\/wp-json\/wp\/v2\/pages\/22\/revisions"}],"predecessor-version":[{"id":264,"href":"https:\/\/marketplace.epassi.fi\/hyva-olo\/wp-json\/wp\/v2\/pages\/22\/revisions\/264"}],"wp:attachment":[{"href":"https:\/\/marketplace.epassi.fi\/hyva-olo\/wp-json\/wp\/v2\/media?parent=22"}],"curies":[{"name":"wp","href":"https:\/\/api.w.org\/{rel}","templated":true}]}}