{"id":354,"date":"2021-12-02T23:10:48","date_gmt":"2021-12-02T21:10:48","guid":{"rendered":"https:\/\/marketplace.epassi.fi\/hyva-olo\/?post_type=product&#038;p=354"},"modified":"2026-01-07T17:14:09","modified_gmt":"2026-01-07T15:14:09","slug":"hieronta-urheiluhieronta","status":"publish","type":"product","link":"https:\/\/marketplace.epassi.fi\/hyva-olo\/kauppa\/hyvinvointi\/hieronta\/hieronta-urheiluhieronta\/","title":{"rendered":"Hieronta \/ Urheiluhieronta"},"content":{"rendered":"<p>Saat ostosta tilausvahvistuksen s\u00e4hk\u00f6postiin. Varaa ajat 6kk sis\u00e4ll\u00e4 <a href=\"http:\/\/www.hieroja-tampere.fi\">www.hieroja-tampere.fi<\/a>, l\u00f6yd\u00e4mme tilauksen nimell\u00e4si.<br \/>\nTervetuloa Hyv\u00e4\u00e4n Oloon \ud83d\ude42<\/p>\n","protected":false},"excerpt":{"rendered":"<p>Valitse alasvetovalikosta mink\u00e4 pituisen hieronnan haluat ja lis\u00e4\u00e4 ostoskoriin. Voit lis\u00e4t\u00e4 useamman hieronnan tai palvelun sopivan loppusumman saamiseksi.<\/p>\n<p>Hieronta on hyv\u00e4 tapa hoitaa kipeit\u00e4 ja j\u00e4nnittyneit\u00e4 lihaksia. Se on my\u00f6s luonnollinen tapa v\u00e4hent\u00e4\u00e4 stressi\u00e4, rentouttaa kehoa ja virkist\u00e4\u00e4 mielt\u00e4. Hieronnan avulla voi hoitaa omaa terveytt\u00e4\u00e4n ja hyvinvointiaan sek\u00e4 edist\u00e4\u00e4 jaksamista ty\u00f6paikalla ja kotona.<\/p>\n<p>Hierontojen kertahinnat:<br \/>\n30 min, 37 \u20ac<br \/>\n45 min, 47 \u20ac<br \/>\n60 min, 55 \u20ac<br \/>\n75 min, 67 \u20ac<br \/>\n90 min, 77 \u20ac<br \/>\n120 min, 99 \u20ac<\/p>\n","protected":false},"featured_media":339,"comment_status":"open","ping_status":"closed","template":"","meta":{"_acf_changed":false,"_kad_post_transparent":"default","_kad_post_title":"","_kad_post_layout":"default","_kad_post_sidebar_id":"","_kad_post_content_style":"default","_kad_post_vertical_padding":"default","_kad_post_feature":"","_kad_post_feature_position":"","_kad_post_header":false,"_kad_post_footer":false,"_kad_post_classname":""},"product_brand":[],"product_cat":[31,21],"product_tag":[],"class_list":{"0":"post-354","1":"product","2":"type-product","3":"status-publish","4":"has-post-thumbnail","6":"product_cat-hieronta","7":"product_cat-hyvinvointi","9":"first","10":"instock","11":"purchasable","12":"product-type-variable","13":"entry","14":"content-bg","15":"loop-entry"},"acf":[],"_links":{"self":[{"href":"https:\/\/marketplace.epassi.fi\/hyva-olo\/wp-json\/wp\/v2\/product\/354","targetHints":{"allow":["GET"]}}],"collection":[{"href":"https:\/\/marketplace.epassi.fi\/hyva-olo\/wp-json\/wp\/v2\/product"}],"about":[{"href":"https:\/\/marketplace.epassi.fi\/hyva-olo\/wp-json\/wp\/v2\/types\/product"}],"replies":[{"embeddable":true,"href":"https:\/\/marketplace.epassi.fi\/hyva-olo\/wp-json\/wp\/v2\/comments?post=354"}],"wp:featuredmedia":[{"embeddable":true,"href":"https:\/\/marketplace.epassi.fi\/hyva-olo\/wp-json\/wp\/v2\/media\/339"}],"wp:attachment":[{"href":"https:\/\/marketplace.epassi.fi\/hyva-olo\/wp-json\/wp\/v2\/media?parent=354"}],"wp:term":[{"taxonomy":"product_brand","embeddable":true,"href":"https:\/\/marketplace.epassi.fi\/hyva-olo\/wp-json\/wp\/v2\/product_brand?post=354"},{"taxonomy":"product_cat","embeddable":true,"href":"https:\/\/marketplace.epassi.fi\/hyva-olo\/wp-json\/wp\/v2\/product_cat?post=354"},{"taxonomy":"product_tag","embeddable":true,"href":"https:\/\/marketplace.epassi.fi\/hyva-olo\/wp-json\/wp\/v2\/product_tag?post=354"}],"curies":[{"name":"wp","href":"https:\/\/api.w.org\/{rel}","templated":true}]}}