{"id":274,"date":"2021-10-16T11:14:50","date_gmt":"2021-10-16T11:14:50","guid":{"rendered":"https:\/\/marketplace.epassi.fi\/hyvinvointiheimo\/?post_type=product&#038;p=274"},"modified":"2026-03-31T11:38:23","modified_gmt":"2026-03-31T08:38:23","slug":"keskivartalo-kuntoon","status":"publish","type":"product","link":"https:\/\/marketplace.epassi.fi\/hyvinvointiheimo\/kauppa\/liikuntaedut\/verkkotreenit\/keskivartalo-kuntoon\/","title":{"rendered":"Keskivartalo Kuntoon"},"content":{"rendered":"<p>Mit\u00e4\u00a0Keskivartalo kuntoon -kurssi\u00a0tekee sinulle:<\/p>\n<ul>\n<li>Litte\u00e4mpi vatsa jopa jo ensimm\u00e4isen viikon aikana.<\/li>\n<li>Hengitys tuntuu helpommalta ja syvemm\u00e4lt\u00e4.<\/li>\n<li class=\"cursor-hover\">Eroon jatkuvasta jumituksesta kaulassa, niskassa, vatsalihaksissa&#8230;<\/li>\n<li>Nopea ratkaisu ilman raskaita vatsarutistus liikkeit\u00e4.<\/li>\n<li class=\"cursor-hover\">Ryhti parantuu ja joustavuus kehoon palautuu.<\/li>\n<\/ul>\n<blockquote><p><em>&#8221;Hyv\u00e4\u00e4 ja hy\u00f6dyllist\u00e4 tietoa, sek\u00e4 huikee opastus omatoimiseen kunnon kohennukseen. Tulee seuratuksi jatkossakin. Kiitos!&#8221;<\/em><br \/>\n<strong>&#8211; Vuokko Kolari<\/strong><\/p><\/blockquote>\n<p>Kurssilla on jo <strong class=\"cursor-hover\">yli 37 000<\/strong> tyytyv\u00e4ist\u00e4 k\u00e4ytt\u00e4j\u00e4\u00e4!<\/p>\n","protected":false},"excerpt":{"rendered":"<p>Mit\u00e4\u00a0Keskivartalo kuntoon -kurssi\u00a0tekee sinulle:<\/p>\n<ul>\n<li>Litte\u00e4mpi vatsa jopa jo ensimm\u00e4isen viikon aikana.<\/li>\n<li>Hengitys tuntuu helpommalta ja syvemm\u00e4lt\u00e4.<\/li>\n<li class=\"cursor-hover\">Eroon jatkuvasta jumituksesta kaulassa, niskassa, vatsalihaksissa&#8230;<\/li>\n<li>Nopea ratkaisu ilman raskaita vatsarutistus liikkeit\u00e4.<\/li>\n<li class=\"cursor-hover\">Ryhti parantuu ja joustavuus kehoon palautuu.<\/li>\n<\/ul>\n<blockquote><p><em>&#8221;Hyv\u00e4\u00e4 ja hy\u00f6dyllist\u00e4 tietoa, sek\u00e4 huikee opastus omatoimiseen kunnon kohennukseen. Tulee seuratuksi jatkossakin. Kiitos!&#8221;<\/em><br \/>\n<strong>&#8211; Vuokko Kolari<\/strong><\/p><\/blockquote>\n<p>Kurssilla on jo <strong class=\"cursor-hover\">yli 37 000<\/strong> tyytyv\u00e4ist\u00e4 k\u00e4ytt\u00e4j\u00e4\u00e4!<\/p>\n","protected":false},"featured_media":546,"comment_status":"closed","ping_status":"closed","template":"","meta":{"_acf_changed":false,"_kad_post_transparent":"default","_kad_post_title":"","_kad_post_layout":"default","_kad_post_sidebar_id":"","_kad_post_content_style":"default","_kad_post_vertical_padding":"default","_kad_post_feature":"","_kad_post_feature_position":"","_kad_post_header":false,"_kad_post_footer":false,"_kad_post_classname":""},"product_brand":[],"product_cat":[19,28],"product_tag":[],"class_list":{"0":"post-274","1":"product","2":"type-product","3":"status-publish","4":"has-post-thumbnail","6":"product_cat-liikuntaedut","7":"product_cat-verkkotreenit","9":"first","10":"instock","11":"sale","12":"taxable","13":"shipping-taxable","14":"product-type-external","15":"entry","16":"content-bg","17":"loop-entry"},"acf":[],"_links":{"self":[{"href":"https:\/\/marketplace.epassi.fi\/hyvinvointiheimo\/wp-json\/wp\/v2\/product\/274","targetHints":{"allow":["GET"]}}],"collection":[{"href":"https:\/\/marketplace.epassi.fi\/hyvinvointiheimo\/wp-json\/wp\/v2\/product"}],"about":[{"href":"https:\/\/marketplace.epassi.fi\/hyvinvointiheimo\/wp-json\/wp\/v2\/types\/product"}],"replies":[{"embeddable":true,"href":"https:\/\/marketplace.epassi.fi\/hyvinvointiheimo\/wp-json\/wp\/v2\/comments?post=274"}],"wp:featuredmedia":[{"embeddable":true,"href":"https:\/\/marketplace.epassi.fi\/hyvinvointiheimo\/wp-json\/wp\/v2\/media\/546"}],"wp:attachment":[{"href":"https:\/\/marketplace.epassi.fi\/hyvinvointiheimo\/wp-json\/wp\/v2\/media?parent=274"}],"wp:term":[{"taxonomy":"product_brand","embeddable":true,"href":"https:\/\/marketplace.epassi.fi\/hyvinvointiheimo\/wp-json\/wp\/v2\/product_brand?post=274"},{"taxonomy":"product_cat","embeddable":true,"href":"https:\/\/marketplace.epassi.fi\/hyvinvointiheimo\/wp-json\/wp\/v2\/product_cat?post=274"},{"taxonomy":"product_tag","embeddable":true,"href":"https:\/\/marketplace.epassi.fi\/hyvinvointiheimo\/wp-json\/wp\/v2\/product_tag?post=274"}],"curies":[{"name":"wp","href":"https:\/\/api.w.org\/{rel}","templated":true}]}}