{"id":22,"date":"2021-09-13T17:45:59","date_gmt":"2021-09-13T17:45:59","guid":{"rendered":"https:\/\/marketplace.epassi.fi\/idealhealth\/?page_id=22"},"modified":"2021-10-12T10:57:35","modified_gmt":"2021-10-12T10:57:35","slug":"info","status":"publish","type":"page","link":"https:\/\/marketplace.epassi.fi\/idealhealth\/info\/","title":{"rendered":"Info"},"content":{"rendered":"\n\t<div class=\"entry-content single-content\">\n\n\t\t<div class=\"wp-block-columns\" style=\"gap:30px\">\n\t\t\t<div class=\"wp-block-column\">\n\t\t\t\t<h2>Ideal Health - Terveys on arvokkain p\u00e4\u00e4omasi<\/h2>\n\t\t\t\t<p><p>Missiomme on auttaa sinua kohti terveellisemp\u00e4\u00e4 el\u00e4m\u00e4\u00e4. L\u00f6yd\u00e4t meilt\u00e4 monipuoliset terveys- ja liikuntapalvelut alamme huippuammattilaisten tarjoamana. Moniammatillinen tiimimme koostuu fysioterapian, osteopatian, hieronnan, liikunnan ja valmennuksen kokeneista osaajista, jotka ovat t\u00e4\u00e4ll\u00e4 sinua varten. Meille t\u00e4rkeint\u00e4 on laadukas asiakaskokemus \u2013 onnistumisemme mitataan asiakastyytyv\u00e4isyydess\u00e4.<\/p>\n<\/p>\n\t\t\t\t<h3>Ideal Health<\/h3>\n\t\t\t\t<p>Bulevardi 54<br>\n\t\t\t\t\t00120 Helsinki<\/p>\n\t\t\t\t<p><a href=\"tel:0469200008\">0469200008<\/a><\/p>\n\t\t\t\t<p><a href=\"mailto:info@idealhealth.fi\">info@idealhealth.fi<\/a><\/p>\n\n\t\t\t\t<h2>Toimipisteet<\/h2><div class=\"info-page-location-list\"><div class=\"info-page-location\"><h3>Ideal Health Punavuori<\/h3><p>Bulevardi 54, 00120 Helsinki<\/p><p><a href=\"tel:0469200008\">0469200008<\/a><br><a href=\"mail:info@idealhealth.fi\">info@idealhealth.fi<\/a><p><a href=\"https:\/\/www.google.com\/maps\/search\/?api=1&query=Google&query_place_id=ChIJ0dHyErULkkYRnOofgcmoWbM\">Katso sijainti kartalla <span>&#8599;<\/span><\/a><\/p><\/p><p><\/p><\/div><div class=\"info-page-location\"><h3>Ideal Health T\u00f6\u00f6l\u00f6<\/h3><p>Pohjoinen Hesperiankatu 11, 00260 Helsinki<\/p><p><a href=\"tel:0469200008\">0469200008<\/a><br><a href=\"mail:info@idealhealth.fi\">info@idealhealth.fi<\/a><p><a href=\"https:\/\/www.google.com\/maps\/search\/?api=1&query=Google&query_place_id=ChIJI-mwLS4KkkYRe4pkDCTHpuA\">Katso sijainti kartalla <span>&#8599;<\/span><\/a><\/p><\/p><p><\/p><\/div><div class=\"info-page-location\"><h3>Ideal Health Kamppi<\/h3><p>Lapinlahdenkatu 8, 00180 Helsinki<\/p><p><a href=\"tel:046920008\">046920008<\/a><br><a href=\"mail:info@idealhealth.fi\">info@idealhealth.fi<\/a><p><a href=\"https:\/\/www.google.com\/maps\/search\/?api=1&query=Google&query_place_id=ChIJkx_LBzUKkkYR0v1GjUBHpPQ\">Katso sijainti kartalla <span>&#8599;<\/span><\/a><\/p><\/p><p><\/p><\/div><\/div>\t\t\t<\/div>\n\n\t\t\t<div class=\"wp-block-column\">\n\t\t\t\t<figure class=\"wp-block-image size-large\"><img loading=\"lazy\" decoding=\"async\" width=\"768\" height=\"768\" src=\"https:\/\/marketplace.epassi.fi\/idealhealth\/wp-content\/uploads\/sites\/423\/2025\/10\/Nimeton-malli-10-768x768.png\" class=\"attachment-medium_large size-medium_large\" alt=\"\" \/><\/figure>\n\t\t\t<\/div>\n\t\t<\/div>\n\t<\/div>\n\t\n","protected":false},"excerpt":{"rendered":"","protected":false},"author":2,"featured_media":0,"parent":0,"menu_order":0,"comment_status":"closed","ping_status":"closed","template":"","meta":{"_acf_changed":false,"_kad_post_transparent":"","_kad_post_title":"","_kad_post_layout":"","_kad_post_sidebar_id":"","_kad_post_content_style":"","_kad_post_vertical_padding":"","_kad_post_feature":"","_kad_post_feature_position":"","_kad_post_header":false,"_kad_post_footer":false,"_kad_post_classname":"","footnotes":""},"class_list":["post-22","page","type-page","status-publish","hentry"],"acf":[],"_links":{"self":[{"href":"https:\/\/marketplace.epassi.fi\/idealhealth\/wp-json\/wp\/v2\/pages\/22","targetHints":{"allow":["GET"]}}],"collection":[{"href":"https:\/\/marketplace.epassi.fi\/idealhealth\/wp-json\/wp\/v2\/pages"}],"about":[{"href":"https:\/\/marketplace.epassi.fi\/idealhealth\/wp-json\/wp\/v2\/types\/page"}],"author":[{"embeddable":true,"href":"https:\/\/marketplace.epassi.fi\/idealhealth\/wp-json\/wp\/v2\/users\/2"}],"replies":[{"embeddable":true,"href":"https:\/\/marketplace.epassi.fi\/idealhealth\/wp-json\/wp\/v2\/comments?post=22"}],"version-history":[{"count":10,"href":"https:\/\/marketplace.epassi.fi\/idealhealth\/wp-json\/wp\/v2\/pages\/22\/revisions"}],"predecessor-version":[{"id":264,"href":"https:\/\/marketplace.epassi.fi\/idealhealth\/wp-json\/wp\/v2\/pages\/22\/revisions\/264"}],"wp:attachment":[{"href":"https:\/\/marketplace.epassi.fi\/idealhealth\/wp-json\/wp\/v2\/media?parent=22"}],"curies":[{"name":"wp","href":"https:\/\/api.w.org\/{rel}","templated":true}]}}