{"id":335,"date":"2023-09-19T13:54:37","date_gmt":"2023-09-19T10:54:37","guid":{"rendered":"https:\/\/marketplace.epassi.fi\/into-club\/?post_type=product&#038;p=335"},"modified":"2024-07-23T09:38:35","modified_gmt":"2024-07-23T06:38:35","slug":"into-total-taysjasenyys","status":"publish","type":"product","link":"https:\/\/marketplace.epassi.fi\/into-club\/kauppa\/liikuntaedut\/jooga\/into-total-taysjasenyys\/","title":{"rendered":"Into Total t\u00e4ysj\u00e4senyys"},"content":{"rendered":"<p><strong>Into Total<\/strong> on niin sanottu t\u00e4ysj\u00e4senyys, joka oikeuttaa molempien kuntosalien sek\u00e4 ryhm\u00e4liikunnan rajattomaan k\u00e4ytt\u00f6\u00f6n.<\/p>\n<hr \/>\n<p>Ohjattu liikunta on tutkitusti tehokkain ja tuloksekkain liikuntamuoto Sinulle, joka haluat tehd\u00e4 aktiivisuudesta el\u00e4m\u00e4ntavan.<\/p>\n<hr \/>\n<p>Saat <strong>Into Total<\/strong>-j\u00e4senyydell\u00e4 my\u00f6s p\u00e4\u00e4syoikeuden Virtual- ja livestreamtunneillemme sek\u00e4 onlinetreenitallenteisiin. N\u00e4in voit liikkua kanssamme ajasta ja paikasta riippumatta.<\/p>\n<hr \/>\n<p><strong>Huom! <\/strong>J\u00e4senyyden v\u00e4himm\u00e4iskesto on 2 kuukautta ja irtisanomisaika on yksi kalenterikuukausi. Hae henkil\u00f6kohtainen kulkuavaimesi Inton asiakaspalvelusta sen aukioloaikoina.<\/p>\n","protected":false},"excerpt":{"rendered":"<p>Into Total on niin sanottu t\u00e4ysj\u00e4senyys, joka oikeuttaa molempien kuntosalien sek\u00e4 ryhm\u00e4liikunnan rajattomaan k\u00e4ytt\u00f6\u00f6n. Ohjattu liikunta on tutkitusti tehokkain ja tuloksekkain liikuntamuoto Sinulle, joka haluat tehd\u00e4 aktiivisuudesta el\u00e4m\u00e4ntavan. Saat Into Total-j\u00e4senyydell\u00e4 my\u00f6s p\u00e4\u00e4syoikeuden Virtual- ja livestreamtunneillemme sek\u00e4 onlinetreenitallenteisiin. N\u00e4in voit liikkua kanssamme ajasta ja paikasta riippumatta. Huom! J\u00e4senyyden v\u00e4himm\u00e4iskesto on 2 kuukautta ja irtisanomisaika on&#8230;<\/p>\n","protected":false},"featured_media":333,"comment_status":"open","ping_status":"closed","template":"","meta":{"_acf_changed":false,"_kad_post_transparent":"default","_kad_post_title":"","_kad_post_layout":"default","_kad_post_sidebar_id":"","_kad_post_content_style":"default","_kad_post_vertical_padding":"default","_kad_post_feature":"","_kad_post_feature_position":"","_kad_post_header":false,"_kad_post_footer":false,"_kad_post_classname":""},"product_brand":[],"product_cat":[25,23,19,27,28],"product_tag":[],"class_list":{"0":"post-335","1":"product","2":"type-product","3":"status-publish","4":"has-post-thumbnail","6":"product_cat-jooga","7":"product_cat-kuntosali","8":"product_cat-liikuntaedut","9":"product_cat-ryhmaliikunta","10":"product_cat-verkkotreenit","12":"first","13":"instock","14":"taxable","15":"shipping-taxable","16":"purchasable","17":"product-type-simple","18":"entry","19":"content-bg","20":"loop-entry"},"acf":[],"_links":{"self":[{"href":"https:\/\/marketplace.epassi.fi\/into-club\/wp-json\/wp\/v2\/product\/335","targetHints":{"allow":["GET"]}}],"collection":[{"href":"https:\/\/marketplace.epassi.fi\/into-club\/wp-json\/wp\/v2\/product"}],"about":[{"href":"https:\/\/marketplace.epassi.fi\/into-club\/wp-json\/wp\/v2\/types\/product"}],"replies":[{"embeddable":true,"href":"https:\/\/marketplace.epassi.fi\/into-club\/wp-json\/wp\/v2\/comments?post=335"}],"wp:featuredmedia":[{"embeddable":true,"href":"https:\/\/marketplace.epassi.fi\/into-club\/wp-json\/wp\/v2\/media\/333"}],"wp:attachment":[{"href":"https:\/\/marketplace.epassi.fi\/into-club\/wp-json\/wp\/v2\/media?parent=335"}],"wp:term":[{"taxonomy":"product_brand","embeddable":true,"href":"https:\/\/marketplace.epassi.fi\/into-club\/wp-json\/wp\/v2\/product_brand?post=335"},{"taxonomy":"product_cat","embeddable":true,"href":"https:\/\/marketplace.epassi.fi\/into-club\/wp-json\/wp\/v2\/product_cat?post=335"},{"taxonomy":"product_tag","embeddable":true,"href":"https:\/\/marketplace.epassi.fi\/into-club\/wp-json\/wp\/v2\/product_tag?post=335"}],"curies":[{"name":"wp","href":"https:\/\/api.w.org\/{rel}","templated":true}]}}