{"id":317,"date":"2021-11-26T11:55:06","date_gmt":"2021-11-26T09:55:06","guid":{"rendered":"https:\/\/marketplace.epassi.fi\/jalkahoito-talvikki\/?post_type=product&#038;p=317"},"modified":"2026-01-01T13:44:28","modified_gmt":"2026-01-01T11:44:28","slug":"vaativa-jalkahoito-pidennetylla-hieronnalla-85-min","status":"publish","type":"product","link":"https:\/\/marketplace.epassi.fi\/jalkahoito-talvikki\/kauppa\/hyvinvointi\/vaativa-jalkahoito-pidennetylla-hieronnalla-85-min\/","title":{"rendered":"Vaativa jalkahoito pidennetyll\u00e4 hieronnalla (90 min)"},"content":{"rendered":"<p style=\"text-align: left\">Vaativa jalkahoito niille asiakkaille, joilla on mm. paksuuntuneet kynnet, sienikynnet, sis\u00e4\u00e4nkasvaneet kynnet, massiiviset kovettumat tai paljon poistettavia syvi\u00e4 k\u00e4nsi\u00e4. Sis\u00e4lt\u00e4\u00e4: vaativan kynnenleikkuun, kynnenohennuksen, kynsioikaisun, kovettumien pehmennyksen ja poiston, k\u00e4nsien ja syylien mekaanisen poiston. Tyypillinen hoitok\u00e4ynnin kesto 75 min.<\/p>\n<p>Hoidon loppuun pidennetty rentouttava hieronta.<\/p>\n<p>Lahjakortti voimassa 6 kk ostop\u00e4iv\u00e4st\u00e4. Ajan voi varata vello.fi\/jalkahoitovirvatalvikki viestikentt\u00e4\u00e4n maininta ePassi Marketplace ostos riitt\u00e4\u00e4.<\/p>\n","protected":false},"excerpt":{"rendered":"<p>Vaativassa jalkahoidossa ehdit\u00e4\u00e4n hoitamaan niin haastavia iho- kuin kynsimuutoksia. Hoitoaika t\u00e4ydennet\u00e4\u00e4n 90 minuuttiin rentouttavalla hieronnalla.<\/p>\n<p>Lahjakortti voimassa 6 kk ostop\u00e4iv\u00e4st\u00e4.<\/p>\n","protected":false},"featured_media":319,"comment_status":"open","ping_status":"closed","template":"","meta":{"_acf_changed":false,"_kad_post_transparent":"default","_kad_post_title":"","_kad_post_layout":"default","_kad_post_sidebar_id":"","_kad_post_content_style":"default","_kad_post_vertical_padding":"default","_kad_post_feature":"","_kad_post_feature_position":"","_kad_post_header":false,"_kad_post_footer":false,"_kad_post_classname":""},"product_brand":[],"product_cat":[21],"product_tag":[],"class_list":{"0":"post-317","1":"product","2":"type-product","3":"status-publish","4":"has-post-thumbnail","6":"product_cat-hyvinvointi","8":"first","9":"instock","10":"virtual","11":"taxable","12":"purchasable","13":"product-type-simple","14":"entry","15":"content-bg","16":"loop-entry"},"acf":[],"_links":{"self":[{"href":"https:\/\/marketplace.epassi.fi\/jalkahoito-talvikki\/wp-json\/wp\/v2\/product\/317","targetHints":{"allow":["GET"]}}],"collection":[{"href":"https:\/\/marketplace.epassi.fi\/jalkahoito-talvikki\/wp-json\/wp\/v2\/product"}],"about":[{"href":"https:\/\/marketplace.epassi.fi\/jalkahoito-talvikki\/wp-json\/wp\/v2\/types\/product"}],"replies":[{"embeddable":true,"href":"https:\/\/marketplace.epassi.fi\/jalkahoito-talvikki\/wp-json\/wp\/v2\/comments?post=317"}],"wp:featuredmedia":[{"embeddable":true,"href":"https:\/\/marketplace.epassi.fi\/jalkahoito-talvikki\/wp-json\/wp\/v2\/media\/319"}],"wp:attachment":[{"href":"https:\/\/marketplace.epassi.fi\/jalkahoito-talvikki\/wp-json\/wp\/v2\/media?parent=317"}],"wp:term":[{"taxonomy":"product_brand","embeddable":true,"href":"https:\/\/marketplace.epassi.fi\/jalkahoito-talvikki\/wp-json\/wp\/v2\/product_brand?post=317"},{"taxonomy":"product_cat","embeddable":true,"href":"https:\/\/marketplace.epassi.fi\/jalkahoito-talvikki\/wp-json\/wp\/v2\/product_cat?post=317"},{"taxonomy":"product_tag","embeddable":true,"href":"https:\/\/marketplace.epassi.fi\/jalkahoito-talvikki\/wp-json\/wp\/v2\/product_tag?post=317"}],"curies":[{"name":"wp","href":"https:\/\/api.w.org\/{rel}","templated":true}]}}