{"id":722,"date":"2023-12-13T12:15:44","date_gmt":"2023-12-13T10:15:44","guid":{"rendered":"https:\/\/marketplace.epassi.fi\/kauneushoitola-turku\/?post_type=product&#038;p=722"},"modified":"2025-10-30T14:11:48","modified_gmt":"2025-10-30T12:11:48","slug":"klassinen-hieronta-45min","status":"publish","type":"product","link":"https:\/\/marketplace.epassi.fi\/kauneushoitola-turku\/kauppa\/hyvinvointi\/hieronta\/klassinen-hieronta-45min\/","title":{"rendered":"Klassinen hieronta 45min"},"content":{"rendered":"<blockquote><p>Klassinen\/urheiluhieronta. Hieronnassa voit valita ne alueet joihin koet tarvitsevasi hoitoa.<\/p>\n<p>Hieronta aika on 45 min<br \/>\np\u00e4\u00e4, niska, hartiat, yl\u00e4selk\u00e4 tai vaikka koko selk\u00e4<br \/>\nNapakalla hierontaotteella lihaskireydet ja kipusi helpottavat.<\/p><\/blockquote>\n","protected":false},"excerpt":{"rendered":"<p>Klassinen\/urheiluhieronta. Hieronnassa voit valita ne alueet joihin koet tarvitsevasi hoitoa. Hieronta aika on 45 min p\u00e4\u00e4, niska, hartiat, yl\u00e4selk\u00e4 tai vaikka koko selk\u00e4 Napakalla hierontaotteella lihaskireydet ja kipusi helpottavat.<\/p>\n","protected":false},"featured_media":324,"comment_status":"open","ping_status":"closed","template":"","meta":{"_acf_changed":false,"_kad_post_transparent":"default","_kad_post_title":"","_kad_post_layout":"default","_kad_post_sidebar_id":"","_kad_post_content_style":"default","_kad_post_vertical_padding":"default","_kad_post_feature":"","_kad_post_feature_position":"","_kad_post_header":false,"_kad_post_footer":false,"_kad_post_classname":""},"product_brand":[],"product_cat":[31,21],"product_tag":[],"class_list":{"0":"post-722","1":"product","2":"type-product","3":"status-publish","4":"has-post-thumbnail","6":"product_cat-hieronta","7":"product_cat-hyvinvointi","9":"first","10":"instock","11":"taxable","12":"shipping-taxable","13":"purchasable","14":"product-type-simple","15":"entry","16":"content-bg","17":"loop-entry"},"acf":[],"_links":{"self":[{"href":"https:\/\/marketplace.epassi.fi\/kauneushoitola-turku\/wp-json\/wp\/v2\/product\/722","targetHints":{"allow":["GET"]}}],"collection":[{"href":"https:\/\/marketplace.epassi.fi\/kauneushoitola-turku\/wp-json\/wp\/v2\/product"}],"about":[{"href":"https:\/\/marketplace.epassi.fi\/kauneushoitola-turku\/wp-json\/wp\/v2\/types\/product"}],"replies":[{"embeddable":true,"href":"https:\/\/marketplace.epassi.fi\/kauneushoitola-turku\/wp-json\/wp\/v2\/comments?post=722"}],"wp:featuredmedia":[{"embeddable":true,"href":"https:\/\/marketplace.epassi.fi\/kauneushoitola-turku\/wp-json\/wp\/v2\/media\/324"}],"wp:attachment":[{"href":"https:\/\/marketplace.epassi.fi\/kauneushoitola-turku\/wp-json\/wp\/v2\/media?parent=722"}],"wp:term":[{"taxonomy":"product_brand","embeddable":true,"href":"https:\/\/marketplace.epassi.fi\/kauneushoitola-turku\/wp-json\/wp\/v2\/product_brand?post=722"},{"taxonomy":"product_cat","embeddable":true,"href":"https:\/\/marketplace.epassi.fi\/kauneushoitola-turku\/wp-json\/wp\/v2\/product_cat?post=722"},{"taxonomy":"product_tag","embeddable":true,"href":"https:\/\/marketplace.epassi.fi\/kauneushoitola-turku\/wp-json\/wp\/v2\/product_tag?post=722"}],"curies":[{"name":"wp","href":"https:\/\/api.w.org\/{rel}","templated":true}]}}