{"id":493,"date":"2024-12-20T06:22:10","date_gmt":"2024-12-20T04:22:10","guid":{"rendered":"https:\/\/marketplace.epassi.fi\/kauniskorento\/?post_type=product&#038;p=493"},"modified":"2025-10-30T15:41:30","modified_gmt":"2025-10-30T13:41:30","slug":"hieronta-fysiotetapeutin-tekniikoin","status":"publish","type":"product","link":"https:\/\/marketplace.epassi.fi\/kauniskorento\/kauppa\/hyvinvointi\/hieronta\/hieronta-fysiotetapeutin-tekniikoin\/","title":{"rendered":"Hieronta fysiotetapeutin tekniikoin 50e"},"content":{"rendered":"<p>&nbsp;<\/p>\n<p>Fysioterapeutin\u00a0 osaavin k\u00e4sin tehty k\u00e4sittely eri tekniikoita k\u00e4ytt\u00e4en. Voimakkuus s\u00e4\u00e4dell\u00e4\u00e4n yksil\u00f6llisesti asiakkaan mukaan napakasta lempe\u00e4\u00e4n. Etu 20.12.24-1.1.2025 markkinapaikalta ostetut 60min hietonnat.<\/p>\n<p>Voimassa 12 kk ostop\u00e4iv\u00e4st\u00e4.<\/p>\n<p>Laita lis\u00e4tietoihin ETU 50e aikaa varatessasi.<\/p>\n","protected":false},"excerpt":{"rendered":"<blockquote>\n<ul>\n<li><\/li>\n<\/ul>\n<\/blockquote>\n","protected":false},"featured_media":344,"comment_status":"open","ping_status":"closed","template":"","meta":{"_acf_changed":false,"_kad_post_transparent":"default","_kad_post_title":"","_kad_post_layout":"default","_kad_post_sidebar_id":"","_kad_post_content_style":"default","_kad_post_vertical_padding":"default","_kad_post_feature":"","_kad_post_feature_position":"","_kad_post_header":false,"_kad_post_footer":false,"_kad_post_classname":""},"product_brand":[],"product_cat":[31,21],"product_tag":[],"class_list":{"0":"post-493","1":"product","2":"type-product","3":"status-publish","4":"has-post-thumbnail","6":"product_cat-hieronta","7":"product_cat-hyvinvointi","9":"first","10":"instock","11":"purchasable","12":"product-type-simple","13":"entry","14":"content-bg","15":"loop-entry"},"acf":[],"_links":{"self":[{"href":"https:\/\/marketplace.epassi.fi\/kauniskorento\/wp-json\/wp\/v2\/product\/493","targetHints":{"allow":["GET"]}}],"collection":[{"href":"https:\/\/marketplace.epassi.fi\/kauniskorento\/wp-json\/wp\/v2\/product"}],"about":[{"href":"https:\/\/marketplace.epassi.fi\/kauniskorento\/wp-json\/wp\/v2\/types\/product"}],"replies":[{"embeddable":true,"href":"https:\/\/marketplace.epassi.fi\/kauniskorento\/wp-json\/wp\/v2\/comments?post=493"}],"wp:featuredmedia":[{"embeddable":true,"href":"https:\/\/marketplace.epassi.fi\/kauniskorento\/wp-json\/wp\/v2\/media\/344"}],"wp:attachment":[{"href":"https:\/\/marketplace.epassi.fi\/kauniskorento\/wp-json\/wp\/v2\/media?parent=493"}],"wp:term":[{"taxonomy":"product_brand","embeddable":true,"href":"https:\/\/marketplace.epassi.fi\/kauniskorento\/wp-json\/wp\/v2\/product_brand?post=493"},{"taxonomy":"product_cat","embeddable":true,"href":"https:\/\/marketplace.epassi.fi\/kauniskorento\/wp-json\/wp\/v2\/product_cat?post=493"},{"taxonomy":"product_tag","embeddable":true,"href":"https:\/\/marketplace.epassi.fi\/kauniskorento\/wp-json\/wp\/v2\/product_tag?post=493"}],"curies":[{"name":"wp","href":"https:\/\/api.w.org\/{rel}","templated":true}]}}