{"id":282,"date":"2024-12-02T11:53:09","date_gmt":"2024-12-02T09:53:09","guid":{"rendered":"https:\/\/marketplace.epassi.fi\/kehokompassi-pt-paahtio\/?post_type=product&#038;p=282"},"modified":"2026-01-09T12:29:19","modified_gmt":"2026-01-09T10:29:19","slug":"reitti-treeniohjelmat-kuntosalille-kotiin","status":"publish","type":"product","link":"https:\/\/marketplace.epassi.fi\/kehokompassi-pt-paahtio\/kauppa\/liikuntaedut\/kuntosali\/reitti-treeniohjelmat-kuntosalille-kotiin\/","title":{"rendered":"REITTI &#8211; Treeniohjelmat kuntosalille &amp; kotiin | PT Paahtio"},"content":{"rendered":"<h2>Mit\u00e4 treeniohjelmat sis\u00e4lt\u00e4v\u00e4t?<\/h2>\n<p>REITTI Treeniohjelmat viev\u00e4t fysiikkasi uudelle tasolle tarjoamalla tekniikkavideot, tulostenmerkkaustaulukot jokaiselle p\u00e4iv\u00e4lle, l\u00e4mmittelyrutiinit, progressiivisen ylikuormituksen sek\u00e4 paljon hy\u00f6dyllist\u00e4 infoa ja motivaatiota kuntosalille!<\/p>\n<p>Mik\u00e4li treeniohjelmista her\u00e4\u00e4 mit\u00e4 tahansa kysytt\u00e4v\u00e4\u00e4, voit laittaa meille viesti\u00e4 sosiaalisen median kanavissa tai s\u00e4hk\u00f6postilla.<\/p>\n<h2>Mik\u00e4 treeniohjelma kannattaa valita?<\/h2>\n<p>Hyv\u00e4 treeniohjelma sinulle riippuu tavoitteistasi, kuten haluatko keskitty\u00e4 puhtaasti voiman- tai lihaksen kasvatukseen, n\u00e4ihin molempiin tai heikkojen lihasryhmien priorisoimiseen ja kehitt\u00e4miseen.<\/p>\n<p>Muista, ett\u00e4 paras treeniohjelma on se, joka tukee omia tavoitteitasi, motivoi ja tuntuu mielekk\u00e4\u00e4lt\u00e4 pitk\u00e4ll\u00e4 aikav\u00e4lill\u00e4.<\/p>\n<h2>Miksi kuntosalille kannattaa hankkia treeniohjelma?<\/h2>\n<p>Treeniohjelma antaa selke\u00e4n suunnan harjoittelulle ja varmistaa, ett\u00e4 treenaaminen kuntosalilla on fiksua, hauskaa ja kehitt\u00e4v\u00e4\u00e4. Ammattilaisen suunnittelema treeniohjelma varmistaa, ett\u00e4 treeni on oikeanlaista ja riitt\u00e4v\u00e4n haastavaa, jotta tavoitteisiin p\u00e4\u00e4st\u00e4\u00e4n. Hyvin suunniteltu treeniohjelma ottaa huomioon liikeratojen monipuolisuuden ja tarvittavan palautumisen. T\u00e4m\u00e4 v\u00e4hent\u00e4\u00e4 loukkaantumisriski\u00e4 ja auttaa yll\u00e4pit\u00e4m\u00e4\u00e4n kehon toimintakyky\u00e4.<\/p>\n<h2>Maksa treeniohjelmat helposti liikuntaeduilla<\/h2>\n<p>Voit maksaa treeniohjelmat k\u00e4ytt\u00e4m\u00e4ll\u00e4 liikuntaetuja. T\u00e4m\u00e4n maksutavan avulla voit hy\u00f6dynt\u00e4\u00e4 ty\u00f6nantajasi tarjoamia etuja ja panostaa hyvinvointiisi ilman lis\u00e4kustannuksia.<\/p>\n<p>Liikuntaedut tarjoavat turvallisen ja helpon tavan maksaa treeniohjelmat. Hy\u00f6dynn\u00e4 liikuntaetusi parhaalla mahdollisella tavalla PT Paahtion REITTI Treeniohjelmiin.<\/p>\n","protected":false},"excerpt":{"rendered":"<p>Valitse oma <strong>REITTI<\/strong> ja vie kuntosalitavoitteesi uudelle tasolle:<\/p>\n<ul>\n<li><a href=\"https:\/\/www.ptpaahtio.fi\/tuote\/lihaksikas-treeniohjelma\/\"><strong>Lihaksikas &#8211; REITTI<\/strong><\/a>: Maksimoi lihaskasvusi<\/li>\n<li><a href=\"https:\/\/www.ptpaahtio.fi\/tuote\/voimakas-treeniohjelma\/\"><strong>Voimakas &#8211; REITTI<\/strong><\/a>: Maksimoi voimantuottosi<\/li>\n<li><a href=\"https:\/\/www.ptpaahtio.fi\/tuote\/hybridi-treeniohjelma\/\"><strong>Hybridi &#8211; REITTI<\/strong><\/a>: Kasvata lihasta ja voimaa samanaikaisesti<\/li>\n<li><a href=\"https:\/\/www.ptpaahtio.fi\/tuote\/kuminauha-reitti\/\"><strong>Kuminauha &#8211; REITTI<\/strong><\/a>: Tuo kuntosali kotisi mukavuuteen<\/li>\n<li><a href=\"https:\/\/www.ptpaahtio.fi\/tuote\/kadet-kasvuun-treeniohjelma\/\"><strong>K\u00e4det Kasvuun &#8211; REITTI<\/strong><\/a>: Priorisoi k\u00e4sien kasvua<\/li>\n<li><a href=\"https:\/\/www.ptpaahtio.fi\/tuote\/rinta-kasvuun-treeniohjelma\/\"><strong>Rinta Kasvuun &#8211; REITTI<\/strong><\/a>: Priorisoi rintalihasten kasvua<\/li>\n<li><a href=\"https:\/\/www.ptpaahtio.fi\/tuote\/selka-kasvuun-treeniohjelma\/\"><strong>Selk\u00e4 Kasvuun &#8211; REITTI<\/strong><\/a>: Priorisoi selk\u00e4lihasten kasvua<\/li>\n<li><a href=\"https:\/\/www.ptpaahtio.fi\/tuote\/jalat-kasvuun-treeniohjelma\/\"><strong>Jalat Kasvuun &#8211; REITTI<\/strong><\/a>: Priorisoi jalkojen lihasten kasvua<\/li>\n<li><a href=\"https:\/\/www.ptpaahtio.fi\/tuote\/kuminauha-reitti\/\"><strong>Kuminauha &#8211; REITTI<\/strong><\/a>: Kokonaisvaltainen kotitreeniohjelma<\/li>\n<\/ul>\n<p>\u201dTutustu &amp; valitse omasi t\u00e4st\u00e4\u201d -linkki vie sinut PT Paahtion verkkokauppaan ja kassalla voit valita maksutavaksi <strong>ePassin<\/strong>.<\/p>\n","protected":false},"featured_media":373,"comment_status":"open","ping_status":"closed","template":"","meta":{"_acf_changed":false,"_kad_post_transparent":"default","_kad_post_title":"","_kad_post_layout":"default","_kad_post_sidebar_id":"","_kad_post_content_style":"default","_kad_post_vertical_padding":"default","_kad_post_feature":"","_kad_post_feature_position":"","_kad_post_header":false,"_kad_post_footer":false,"_kad_post_classname":""},"product_brand":[],"product_cat":[23,19],"product_tag":[],"class_list":{"0":"post-282","1":"product","2":"type-product","3":"status-publish","4":"has-post-thumbnail","6":"product_cat-kuntosali","7":"product_cat-liikuntaedut","9":"first","10":"instock","11":"sale","12":"product-type-external","13":"entry","14":"content-bg","15":"loop-entry"},"acf":[],"_links":{"self":[{"href":"https:\/\/marketplace.epassi.fi\/kehokompassi-pt-paahtio\/wp-json\/wp\/v2\/product\/282","targetHints":{"allow":["GET"]}}],"collection":[{"href":"https:\/\/marketplace.epassi.fi\/kehokompassi-pt-paahtio\/wp-json\/wp\/v2\/product"}],"about":[{"href":"https:\/\/marketplace.epassi.fi\/kehokompassi-pt-paahtio\/wp-json\/wp\/v2\/types\/product"}],"replies":[{"embeddable":true,"href":"https:\/\/marketplace.epassi.fi\/kehokompassi-pt-paahtio\/wp-json\/wp\/v2\/comments?post=282"}],"wp:featuredmedia":[{"embeddable":true,"href":"https:\/\/marketplace.epassi.fi\/kehokompassi-pt-paahtio\/wp-json\/wp\/v2\/media\/373"}],"wp:attachment":[{"href":"https:\/\/marketplace.epassi.fi\/kehokompassi-pt-paahtio\/wp-json\/wp\/v2\/media?parent=282"}],"wp:term":[{"taxonomy":"product_brand","embeddable":true,"href":"https:\/\/marketplace.epassi.fi\/kehokompassi-pt-paahtio\/wp-json\/wp\/v2\/product_brand?post=282"},{"taxonomy":"product_cat","embeddable":true,"href":"https:\/\/marketplace.epassi.fi\/kehokompassi-pt-paahtio\/wp-json\/wp\/v2\/product_cat?post=282"},{"taxonomy":"product_tag","embeddable":true,"href":"https:\/\/marketplace.epassi.fi\/kehokompassi-pt-paahtio\/wp-json\/wp\/v2\/product_tag?post=282"}],"curies":[{"name":"wp","href":"https:\/\/api.w.org\/{rel}","templated":true}]}}