{"id":274,"date":"2021-10-16T11:14:50","date_gmt":"2021-10-16T11:14:50","guid":{"rendered":"https:\/\/marketplace.epassi.fi\/kehonhuolto-pahl\/?post_type=product&#038;p=274"},"modified":"2025-10-30T14:24:10","modified_gmt":"2025-10-30T12:24:10","slug":"purentalihashieronta-45min","status":"publish","type":"product","link":"https:\/\/marketplace.epassi.fi\/kehonhuolto-pahl\/kauppa\/hyvinvointi\/hieronta\/purentalihashieronta-45min\/","title":{"rendered":"Klassinen hieronta sis\u00e4lt\u00e4en purentalihasten k\u00e4sittelyn 45min"},"content":{"rendered":"<p>Hieronnassa k\u00e4sitell\u00e4\u00e4n kasvojen ja p\u00e4\u00e4n alue, suun sis\u00e4puoli sek\u00e4 niska-hartiaseutu.<\/p>\n","protected":false},"excerpt":{"rendered":"<p>Hieronnassa k\u00e4sitell\u00e4\u00e4n kasvojen ja p\u00e4\u00e4n alue, suun sis\u00e4puoli sek\u00e4 niska-hartiaseutu.<\/p>\n","protected":false},"featured_media":319,"comment_status":"open","ping_status":"closed","template":"","meta":{"_acf_changed":false,"_kad_post_transparent":"default","_kad_post_title":"","_kad_post_layout":"default","_kad_post_sidebar_id":"","_kad_post_content_style":"default","_kad_post_vertical_padding":"default","_kad_post_feature":"","_kad_post_feature_position":"","_kad_post_header":false,"_kad_post_footer":false,"_kad_post_classname":""},"product_brand":[],"product_cat":[31,21],"product_tag":[],"class_list":{"0":"post-274","1":"product","2":"type-product","3":"status-publish","4":"has-post-thumbnail","6":"product_cat-hieronta","7":"product_cat-hyvinvointi","9":"first","10":"instock","11":"virtual","12":"purchasable","13":"product-type-simple","14":"entry","15":"content-bg","16":"loop-entry"},"acf":[],"_links":{"self":[{"href":"https:\/\/marketplace.epassi.fi\/kehonhuolto-pahl\/wp-json\/wp\/v2\/product\/274","targetHints":{"allow":["GET"]}}],"collection":[{"href":"https:\/\/marketplace.epassi.fi\/kehonhuolto-pahl\/wp-json\/wp\/v2\/product"}],"about":[{"href":"https:\/\/marketplace.epassi.fi\/kehonhuolto-pahl\/wp-json\/wp\/v2\/types\/product"}],"replies":[{"embeddable":true,"href":"https:\/\/marketplace.epassi.fi\/kehonhuolto-pahl\/wp-json\/wp\/v2\/comments?post=274"}],"wp:featuredmedia":[{"embeddable":true,"href":"https:\/\/marketplace.epassi.fi\/kehonhuolto-pahl\/wp-json\/wp\/v2\/media\/319"}],"wp:attachment":[{"href":"https:\/\/marketplace.epassi.fi\/kehonhuolto-pahl\/wp-json\/wp\/v2\/media?parent=274"}],"wp:term":[{"taxonomy":"product_brand","embeddable":true,"href":"https:\/\/marketplace.epassi.fi\/kehonhuolto-pahl\/wp-json\/wp\/v2\/product_brand?post=274"},{"taxonomy":"product_cat","embeddable":true,"href":"https:\/\/marketplace.epassi.fi\/kehonhuolto-pahl\/wp-json\/wp\/v2\/product_cat?post=274"},{"taxonomy":"product_tag","embeddable":true,"href":"https:\/\/marketplace.epassi.fi\/kehonhuolto-pahl\/wp-json\/wp\/v2\/product_tag?post=274"}],"curies":[{"name":"wp","href":"https:\/\/api.w.org\/{rel}","templated":true}]}}