{"id":274,"date":"2021-10-16T11:14:50","date_gmt":"2021-10-16T08:14:50","guid":{"rendered":"https:\/\/marketplace.epassi.fi\/kinnarps\/?post_type=product&#038;p=274"},"modified":"2024-09-01T00:06:54","modified_gmt":"2024-08-31T21:06:54","slug":"kinnarps-6000-monipuolisesti-saadettava-tyotuoli","status":"publish","type":"product","link":"https:\/\/marketplace.epassi.fi\/kinnarps\/kauppa\/ergosafe\/etatyopisteet\/kinnarps-6000-monipuolisesti-saadettava-tyotuoli\/","title":{"rendered":"Kinnarps 6000 \u2013 monipuolisesti s\u00e4\u00e4dett\u00e4v\u00e4 ty\u00f6tuoli"},"content":{"rendered":"<p>6000-sarjan ty\u00f6tuolissa on hyv\u00e4 ergonomia, lukuisat s\u00e4\u00e4t\u00f6mahdollisuudet, mm. istuimen korkeus ja syvyys sek\u00e4 lukittava keinutoiminto ja miellytt\u00e4v\u00e4t k\u00e4sinojat. Tuolin FreeFloat-keinumekanismi luo mukavuutta, jossa selk\u00e4noja ja istuin liikkuvat toisistaan riippumatta. Suosikkituote, jota on myyty jo yli kaksi miljoonaa kappaletta!<\/p>\n<p><strong>Istuin:<\/strong> Kaasujousella s\u00e4\u00e4dett\u00e4v\u00e4 istuinkorkeus ja s\u00e4\u00e4dett\u00e4v\u00e4 istuinsyvyys.<br \/>\n<strong>Selk\u00e4noja:<\/strong> Valittavissa kaksi eri selk\u00e4nojan korkeutta; koko 3, korkeus 48 cm ja koko 4, korkeus 55 cm.<br \/>\n<strong>Verhoilu:<\/strong> Fame villakangas, musta<br \/>\n<strong>Mekanismi<\/strong> Freefloat\u2122, SafeBack-toiminnolla.<br \/>\n<strong>Keinu<\/strong> lukittavissa portaattomasti.<br \/>\n<strong>K\u00e4sinojat<\/strong> s\u00e4\u00e4dett\u00e4v\u00e4 korkeus, leveys, syvyys ja sivuttaissuunta.<\/p>\n<p>Toimitustapa: Nouto<br \/>\nOptio: Toimitus + 56 \u20ac (alv 24%)<br \/>\nToimitusaika n. 1 viikko.<\/p>\n","protected":false},"excerpt":{"rendered":"<p>6234 ty\u00f6tuolissa on mukavuutta luova FreeFloat-keinumekanismi, erinomainen ergonomia ja lukuisat s\u00e4\u00e4t\u00f6mahdollisuudet.<\/p>\n","protected":false},"featured_media":451,"comment_status":"open","ping_status":"closed","template":"","meta":{"_acf_changed":false,"_kad_post_transparent":"default","_kad_post_title":"","_kad_post_layout":"default","_kad_post_sidebar_id":"","_kad_post_content_style":"default","_kad_post_vertical_padding":"default","_kad_post_feature":"","_kad_post_feature_position":"","_kad_post_header":false,"_kad_post_footer":false,"_kad_post_classname":""},"product_brand":[],"product_cat":[22,34],"product_tag":[],"class_list":{"0":"post-274","1":"product","2":"type-product","3":"status-publish","4":"has-post-thumbnail","6":"product_cat-ergosafe","7":"product_cat-etatyopisteet","9":"first","10":"instock","11":"featured","12":"taxable","13":"shipping-taxable","14":"purchasable","15":"product-type-variable","16":"entry","17":"content-bg","18":"loop-entry"},"acf":[],"_links":{"self":[{"href":"https:\/\/marketplace.epassi.fi\/kinnarps\/wp-json\/wp\/v2\/product\/274","targetHints":{"allow":["GET"]}}],"collection":[{"href":"https:\/\/marketplace.epassi.fi\/kinnarps\/wp-json\/wp\/v2\/product"}],"about":[{"href":"https:\/\/marketplace.epassi.fi\/kinnarps\/wp-json\/wp\/v2\/types\/product"}],"replies":[{"embeddable":true,"href":"https:\/\/marketplace.epassi.fi\/kinnarps\/wp-json\/wp\/v2\/comments?post=274"}],"wp:featuredmedia":[{"embeddable":true,"href":"https:\/\/marketplace.epassi.fi\/kinnarps\/wp-json\/wp\/v2\/media\/451"}],"wp:attachment":[{"href":"https:\/\/marketplace.epassi.fi\/kinnarps\/wp-json\/wp\/v2\/media?parent=274"}],"wp:term":[{"taxonomy":"product_brand","embeddable":true,"href":"https:\/\/marketplace.epassi.fi\/kinnarps\/wp-json\/wp\/v2\/product_brand?post=274"},{"taxonomy":"product_cat","embeddable":true,"href":"https:\/\/marketplace.epassi.fi\/kinnarps\/wp-json\/wp\/v2\/product_cat?post=274"},{"taxonomy":"product_tag","embeddable":true,"href":"https:\/\/marketplace.epassi.fi\/kinnarps\/wp-json\/wp\/v2\/product_tag?post=274"}],"curies":[{"name":"wp","href":"https:\/\/api.w.org\/{rel}","templated":true}]}}