{"id":22,"date":"2021-09-13T17:45:59","date_gmt":"2021-09-13T17:45:59","guid":{"rendered":"https:\/\/marketplace.epassi.fi\/lapland-ski-resort-ounasvaara\/?page_id=22"},"modified":"2021-10-12T10:57:35","modified_gmt":"2021-10-12T10:57:35","slug":"info","status":"publish","type":"page","link":"https:\/\/marketplace.epassi.fi\/lapland-ski-resort-ounasvaara\/info\/","title":{"rendered":"Info"},"content":{"rendered":"\n\t<div class=\"entry-content single-content\">\n\n\t\t<div class=\"wp-block-columns\" style=\"gap:30px\">\n\t\t\t<div class=\"wp-block-column\">\n\t\t\t\t<h2>Ounasvaara - keskus kaupungin kupeessa<\/h2>\n\t\t\t\t<p><p>Ounasvaaran Hiihtokeskus sijaitsee ihan kaupungin keskustan kupeessa. Miss\u00e4\u00e4n muualla Suomessa eiv\u00e4t laskettelukeskus, er\u00e4maaluonto ja kaupungin runsas palvelujen tarjonta sijaitse n\u00e4in l\u00e4hell\u00e4 toisiaan, kaikki vain parin kilometrin tai muutaman minuutin matkan p\u00e4\u00e4ss\u00e4 toisistaan.<\/p>\n<p>Pient\u00e4 tunturia vastaavan vaaran pohjoisrinteelt\u00e4 l\u00f6ytyy viihtyis\u00e4 t\u00e4yden palvelun hiihtokeskus, jossa p\u00e4\u00e4see nauttimaan my\u00f6s kansainv\u00e4lisest\u00e4 matkailukeskusel\u00e4m\u00e4st\u00e4. Talvisesonki k\u00e4ynnistyy marraskuun puoliv\u00e4liss\u00e4 ja kest\u00e4\u00e4 huhtikuun loppupuolelle saakka.<\/p>\n<p>Hiihtokeskuksen rinteet sopivat niin aloittelijalle kuin vaativammallekin laskijalle. Ensimm\u00e4ist\u00e4 kertaa alam\u00e4kilaskua kokeileville l\u00f6ytyy erillinen harjoittelualue Rendi Park.<\/p>\n<p>Ounasvaara Vuoden 2023 L\u00e4hikeskus!<\/p>\n<p>Lis\u00e4tiedot:<br \/>\nhttps:\/\/ounasvaara.fi<\/p>\n<\/p>\n\t\t\t\t<h3>Lapland Ski Resort Ounasvaara<\/h3>\n\t\t\t\t<p>Taunontie 14<br>\n\t\t\t\t\t96600 Rovaniemi<\/p>\n\t\t\t\t<p><a href=\"tel:044 764 2830\">044 764 2830<\/a><\/p>\n\t\t\t\t<p><a href=\"mailto:ski.ounasvaara@laplandhotels.com\">ski.ounasvaara@laplandhotels.com<\/a><\/p>\n\n\t\t\t\t\t\t\t<\/div>\n\n\t\t\t<div class=\"wp-block-column\">\n\t\t\t\t<figure class=\"wp-block-image size-large\"><img loading=\"lazy\" decoding=\"async\" width=\"683\" height=\"428\" src=\"https:\/\/marketplace.epassi.fi\/lapland-ski-resort-ounasvaara\/wp-content\/uploads\/sites\/435\/2025\/10\/Rinnekartta-1.png\" class=\"attachment-medium_large size-medium_large\" alt=\"\" \/><\/figure>\n\t\t\t<\/div>\n\t\t<\/div>\n\t<\/div>\n\t\n","protected":false},"excerpt":{"rendered":"","protected":false},"author":2,"featured_media":0,"parent":0,"menu_order":0,"comment_status":"closed","ping_status":"closed","template":"","meta":{"_acf_changed":false,"_kad_post_transparent":"","_kad_post_title":"","_kad_post_layout":"","_kad_post_sidebar_id":"","_kad_post_content_style":"","_kad_post_vertical_padding":"","_kad_post_feature":"","_kad_post_feature_position":"","_kad_post_header":false,"_kad_post_footer":false,"_kad_post_classname":"","footnotes":""},"class_list":["post-22","page","type-page","status-publish","hentry"],"acf":[],"_links":{"self":[{"href":"https:\/\/marketplace.epassi.fi\/lapland-ski-resort-ounasvaara\/wp-json\/wp\/v2\/pages\/22","targetHints":{"allow":["GET"]}}],"collection":[{"href":"https:\/\/marketplace.epassi.fi\/lapland-ski-resort-ounasvaara\/wp-json\/wp\/v2\/pages"}],"about":[{"href":"https:\/\/marketplace.epassi.fi\/lapland-ski-resort-ounasvaara\/wp-json\/wp\/v2\/types\/page"}],"author":[{"embeddable":true,"href":"https:\/\/marketplace.epassi.fi\/lapland-ski-resort-ounasvaara\/wp-json\/wp\/v2\/users\/2"}],"replies":[{"embeddable":true,"href":"https:\/\/marketplace.epassi.fi\/lapland-ski-resort-ounasvaara\/wp-json\/wp\/v2\/comments?post=22"}],"version-history":[{"count":10,"href":"https:\/\/marketplace.epassi.fi\/lapland-ski-resort-ounasvaara\/wp-json\/wp\/v2\/pages\/22\/revisions"}],"predecessor-version":[{"id":264,"href":"https:\/\/marketplace.epassi.fi\/lapland-ski-resort-ounasvaara\/wp-json\/wp\/v2\/pages\/22\/revisions\/264"}],"wp:attachment":[{"href":"https:\/\/marketplace.epassi.fi\/lapland-ski-resort-ounasvaara\/wp-json\/wp\/v2\/media?parent=22"}],"curies":[{"name":"wp","href":"https:\/\/api.w.org\/{rel}","templated":true}]}}