{"id":290,"date":"2021-10-20T17:09:46","date_gmt":"2021-10-20T14:09:46","guid":{"rendered":"https:\/\/marketplace.epassi.fi\/larate\/?post_type=product&#038;p=290"},"modified":"2025-12-31T10:33:41","modified_gmt":"2025-12-31T08:33:41","slug":"ravitsemusterapia-60min-videovastaanotto","status":"publish","type":"product","link":"https:\/\/marketplace.epassi.fi\/larate\/kauppa\/hyvinvointi\/ravitsemusterapia-60min-videovastaanotto\/","title":{"rendered":"Ravitsemusterapia, 60min"},"content":{"rendered":"<p><span style=\"font-family: var(--global-body-font-family)\">Ravitsemusterapeutti auttaa muotoilemaan ruoka-arkeasi niin, ett\u00e4 se esimerkiksi tukee vireystilaa ja jaksamista paremmin, auttaa kolesteroliarvoihin ja korkeaan verenpaineeseen tai lievitt\u00e4\u00e4 suolistosairauksien tai allergioiden oireita. Ravitsemusterapeutti tuntee tunnesy\u00f6misen ja painonhallinnan haasteet ja auttaa ratkomaan niit\u00e4. Saavutettavissa olevien muutostavoitteiden muotoilu asiakkaan ehdoilla on keskeinen osa ammattitaitoamme. Ravitsemusterapeutit ovat terveydenhuollon ammattihenkil\u00f6it\u00e4 ja huomioivat aina kokonaistilanteesi. Laillistetun ravitsemusterapeutin video- tai puhelinvastaanotolla ty\u00f6stet\u00e4\u00e4n sinulle t\u00e4rkeit\u00e4 aiheita luottamuksellisesti.<\/span><\/p>\n<p class=\"_04xlpA direction-ltr align-center para-style-body\"><span class=\"JsGRdQ\">Lue lis\u00e4\u00e4\u00a0<\/span><span class=\"JsGRdQ\">Laraten palveluista, ravitsemusterapeuteista<\/span>\u00a0ja ravitsemusterapiasta <span style=\"font-family: var(--global-body-font-family)\"><a href=\"https:\/\/www.larate.fi\/ravitsemusterapia-larate\/\">www.larate.fi.<\/a> <\/span><\/p>\n","protected":false},"excerpt":{"rendered":"<div class=\"elementor-element elementor-element-5d357b9 elementor-widget elementor-widget-heading\" data-id=\"5d357b9\" data-element_type=\"widget\" data-widget_type=\"heading.default\">\n<div class=\"elementor-widget-container\">\n<div><strong>Yksil\u00f6ohjaus videovastaanottona.<\/strong><\/div>\n<div><\/div>\n<div>Huom!Jos haluat maksaa vain osan palvelun hinnasta Epassin saldolla, voimme laskuttaa loppusumman erikseen.<\/div>\n<div><\/div>\n<div><span style=\"font-family: var(--global-body-font-family)\"><a href=\"https:\/\/www.larate.fi\/ravitsemusterapia-larate\/\">Ravitsemusterapia<\/a> on yksil\u00f6llisen ruokavalion, sy\u00f6mistottumusten sek\u00e4 my\u00f6s ruoka- ja kehosuhteen uudelleen muotoilua asiakkaan omista l\u00e4ht\u00f6kohdista. Toiveiden ja tarpeiden mukaan ravitsemusterapeutin videovastaanotolla ratkotaan kysymyksi\u00e4si ja suunnitellaan aina my\u00f6s konkreettisia toimintamalleja \u2013 tavoitteet asetat itse, me annamme tukea ja ty\u00f6kaluja niiden saavuttamiseen. Videovastaanoton j\u00e4lkeen saat kirjalliset ohjeet jatkoon. <\/span><span style=\"font-family: var(--global-body-font-family)\">Laraten laillistetut ravitsemusterapeutit ovat \u00a0yliopistokoulutettuja terveydenhuollon ammattihenkil\u00f6it\u00e4 ja tarjoavat alan parasta osaamista. <\/span><\/div>\n<div><\/div>\n<div class=\"elementor-heading-title elementor-size-default\"><strong><span style=\"font-family: var(--global-body-font-family)\">Epassilla voit maksaa et\u00e4vastaanoton ja varata ajan Laraten sivuilta mihink\u00e4 hyv\u00e4ns\u00e4 palveluun:<\/span><\/strong><\/div>\n<div><\/div>\n<div class=\"elementor-heading-title elementor-size-default\">\n<ul>\n<li class=\"_04xlpA direction-ltr align-center para-style-body\"><a href=\"https:\/\/www.larate.fi\/palvelut\/energisempi-arki-ruokavalinnoilla\/\"><span class=\"JsGRdQ\">Energisempi arki ruokavalinnoilla<\/span><\/a><\/li>\n<li class=\"_04xlpA direction-ltr align-center para-style-body\"><a href=\"https:\/\/www.larate.fi\/palvelut\/liikkujan-ravitsemus\/\"><span class=\"JsGRdQ\">Liikkujan ravitsemus<\/span><\/a><\/li>\n<li><a href=\"https:\/\/www.larate.fi\/palvelut\/kestava-painonhallinta\/\"><span class=\"JsGRdQ\">Kest\u00e4v\u00e4 painonhallinta<\/span><\/a><\/li>\n<li class=\"_04xlpA direction-ltr align-center para-style-body\"><a href=\"https:\/\/www.larate.fi\/palvelut\/ahdistava-ruoka\/\"><span class=\"JsGRdQ\">Ahdistava ruoka<\/span><\/a><\/li>\n<li class=\"_04xlpA direction-ltr align-center para-style-body\"><a href=\"https:\/\/www.larate.fi\/palvelut\/ibs-vatsan-ongelmat-kuriin\/\"><span class=\"JsGRdQ\">IBS ja muut vatsan ongelmat kuriin<\/span><\/a><\/li>\n<li class=\"_04xlpA direction-ltr align-center para-style-body\"><a href=\"https:\/\/www.larate.fi\/palvelut\/vegaaniruokavalio\/\"><span class=\"JsGRdQ\">Vegaaniruokavalio<\/span><\/a><\/li>\n<li class=\"_04xlpA direction-ltr align-center para-style-body\"><a href=\"https:\/\/www.larate.fi\/palvelut\/laihduttaminen-laakkeen-tuella\/\">Laihduttaminen l\u00e4\u00e4kkeen tuella<\/a><\/li>\n<\/ul>\n<p><strong><a href=\"https:\/\/www.larate.fi\/amelia-ajanvaraus\/\">Varaa aika<\/a><\/strong> palveluun Laraten sivuilta, kun olet tehnyt maksun. Voit varata ajan 12kk ajan maksusta. Vastaanotto voidaan toteuttaa my\u00f6s puhelinvastaanottona, lis\u00e4\u00e4 t\u00e4st\u00e4 kommentti varausvahvistuksen yhteydess\u00e4 lis\u00e4tietoja-kentt\u00e4\u00e4n.<\/p>\n<p><strong>Jos haluat maksaa vain osan palvelun hinnasta Epassin saldolla, voimme laskuttaa loppusumman erikseen<\/strong> &#8211; l\u00e4het\u00e4 t\u00e4st\u00e4 viesti hello@larate.fi : kerro, mink\u00e4 palvelun haluat varata (esim. 60min ravitsemusterapia) ja paljonko Epassin Terveys-saldoa k\u00e4yt\u00e4t t\u00e4h\u00e4n, niin l\u00e4het\u00e4mme loppusumman maksamiseen erillisen maksulinkin.<\/p>\n<\/div>\n<\/div>\n<div>\n<p>&nbsp;<\/p>\n<p><span style=\"font-family: var(--global-body-font-family)\">Tehd\u00e4\u00e4nk\u00f6 hyvin sy\u00f6misest\u00e4 arjen voimavara? \ud83e\udde1<\/span><\/p>\n<\/div>\n<\/div>\n","protected":false},"featured_media":340,"comment_status":"open","ping_status":"closed","template":"","meta":{"_acf_changed":false,"_kad_post_transparent":"default","_kad_post_title":"","_kad_post_layout":"default","_kad_post_sidebar_id":"","_kad_post_content_style":"default","_kad_post_vertical_padding":"default","_kad_post_feature":"","_kad_post_feature_position":"","_kad_post_header":false,"_kad_post_footer":false,"_kad_post_classname":""},"product_brand":[],"product_cat":[21],"product_tag":[],"class_list":{"0":"post-290","1":"product","2":"type-product","3":"status-publish","4":"has-post-thumbnail","6":"product_cat-hyvinvointi","8":"first","9":"instock","10":"downloadable","11":"virtual","12":"purchasable","13":"product-type-simple","14":"entry","15":"content-bg","16":"loop-entry"},"acf":[],"_links":{"self":[{"href":"https:\/\/marketplace.epassi.fi\/larate\/wp-json\/wp\/v2\/product\/290","targetHints":{"allow":["GET"]}}],"collection":[{"href":"https:\/\/marketplace.epassi.fi\/larate\/wp-json\/wp\/v2\/product"}],"about":[{"href":"https:\/\/marketplace.epassi.fi\/larate\/wp-json\/wp\/v2\/types\/product"}],"replies":[{"embeddable":true,"href":"https:\/\/marketplace.epassi.fi\/larate\/wp-json\/wp\/v2\/comments?post=290"}],"wp:featuredmedia":[{"embeddable":true,"href":"https:\/\/marketplace.epassi.fi\/larate\/wp-json\/wp\/v2\/media\/340"}],"wp:attachment":[{"href":"https:\/\/marketplace.epassi.fi\/larate\/wp-json\/wp\/v2\/media?parent=290"}],"wp:term":[{"taxonomy":"product_brand","embeddable":true,"href":"https:\/\/marketplace.epassi.fi\/larate\/wp-json\/wp\/v2\/product_brand?post=290"},{"taxonomy":"product_cat","embeddable":true,"href":"https:\/\/marketplace.epassi.fi\/larate\/wp-json\/wp\/v2\/product_cat?post=290"},{"taxonomy":"product_tag","embeddable":true,"href":"https:\/\/marketplace.epassi.fi\/larate\/wp-json\/wp\/v2\/product_tag?post=290"}],"curies":[{"name":"wp","href":"https:\/\/api.w.org\/{rel}","templated":true}]}}