{"id":290,"date":"2021-10-20T17:09:46","date_gmt":"2021-10-20T17:09:46","guid":{"rendered":"https:\/\/marketplace.epassi.fi\/levi\/?post_type=product&#038;p=290"},"modified":"2026-01-01T14:04:13","modified_gmt":"2026-01-01T14:04:13","slug":"2-paivan-hissilippu","status":"publish","type":"product","link":"https:\/\/marketplace.epassi.fi\/levi\/kauppa\/liikuntaedut\/hiihtokeskus\/2-paivan-hissilippu\/","title":{"rendered":"Levi All-Time Exclusive kausikortti 25-26"},"content":{"rendered":"<div class=\"ql-block\" data-block-id=\"block-0538fdb3-54e7-44d3-862c-d104d0e5bb53\">\n<div class=\"ql-block\" data-block-id=\"block-4b48e6b7-c965-4d07-a566-771efaecf645\">\n<div class=\"ql-block\" data-block-id=\"block-b647aa91-7004-40ab-9b9c-4c5d56cc89f4\">Voit noutaa kausikorttisi Zero tai South Pointin lipunmyynnist\u00e4 Levilt\u00e4, <strong> kolmen vuorokauden p\u00e4\u00e4st\u00e4 ostoksesta<\/strong>. Varauduthan todistamaan henkil\u00f6llisyytesi.<\/div>\n<div class=\"ql-block\" data-block-id=\"block-8b34db30-2d97-4a3b-a3a6-7a58203b3389\">Noudatamme Suomen hiihtokeskusyhdistyksen ja kuluttaja-asiamiehen laatimia hiihtokeskuspalveluja koskevia yleisi\u00e4 sopimusehtoja <a class=\"ql-link\" href=\"https:\/\/www.ski.fi\/info\/sopimusehdot\/hiihtokeskuspalveluiden-sopimusehdot\/\" target=\"_blank\" rel=\"noopener noreferrer\">https:\/\/www.ski.fi\/info\/sopimusehdot\/hiihtokeskuspalveluiden-sopimusehdot\/<\/a><\/div>\n<\/div>\n<div data-block-id=\"block-8b34db30-2d97-4a3b-a3a6-7a58203b3389\">\n<div data-block-id=\"block-253097ad-2404-4ce6-a4ee-19de3747b82d\"><\/div>\n<div data-block-id=\"block-253097ad-2404-4ce6-a4ee-19de3747b82d\"><strong>Hissilippu on henkil\u00f6kohtainen!<\/strong><\/div>\n<\/div>\n<\/div>\n<div data-block-id=\"block-1c8d5874-0f53-411e-97a1-2a43fd2f6e29\"><\/div>\n<div data-block-id=\"block-1c8d5874-0f53-411e-97a1-2a43fd2f6e29\"><\/div>\n","protected":false},"excerpt":{"rendered":"<p class=\"Typographystyled__BodySmall-sc-1pphl7q-11 Typographystyled__BodyLarge-sc-1pphl7q-12 kHhTDe klPFud\">Talvella Levi All-Time Exclusive -kausikortti sis\u00e4lt\u00e4\u00e4 p\u00e4\u00e4syn Levin kaikkiin hisseihin ja rinteisiin sek\u00e4 ski bussin k\u00e4yt\u00f6n. Kes\u00e4ll\u00e4 kausikortilla nautitaan rajattomasti seikkailupuistosta, kes\u00e4kelkkaradasta, padelista, tenniksest\u00e4, minigolfista, frisbeegolfista, Levin maisemahisseist\u00e4 sek\u00e4 Levin Bike Parkin reiteist\u00e4!<\/p>\n<p class=\"Typographystyled__BodySmall-sc-1pphl7q-11 Typographystyled__BodyLarge-sc-1pphl7q-12 kHhTDe klPFud\">Ostamalla Levi All-Time Exclusive -kausikortin, nautit Levitunturin tarjonnasta koko vuoden ja saat v\u00e4litt\u00f6mi\u00e4 s\u00e4\u00e4st\u00f6j\u00e4 niin kes\u00e4ll\u00e4 kuin talvellakin. Nauti alennuksista ruokailussa, vuokraamoissa, v\u00e4linehuolloissa ja hiihtokoulussa sek\u00e4 monista muista eduista heti ostohetkest\u00e4 l\u00e4htien. Levi All-Time Exclusive -kausikortti on voimassa talvikauden alusta 3.10.2025 kes\u00e4kauden 2026 loppuun asti!<\/p>\n<p><a href=\"https:\/\/www.levi.fi\/hissiliput\">Lue lis\u00e4\u00e4 kausikortista t\u00e4\u00e4lt\u00e4!<\/a><\/p>\n<p>&nbsp;<\/p>\n<p>&nbsp;<\/p>\n","protected":false},"featured_media":1511,"comment_status":"open","ping_status":"closed","template":"","meta":{"_acf_changed":false,"_kad_post_transparent":"default","_kad_post_title":"","_kad_post_layout":"default","_kad_post_sidebar_id":"","_kad_post_content_style":"default","_kad_post_vertical_padding":"default","_kad_post_feature":"","_kad_post_feature_position":"","_kad_post_header":false,"_kad_post_footer":false,"_kad_post_classname":""},"product_brand":[],"product_cat":[24,19],"product_tag":[],"class_list":{"0":"post-290","1":"product","2":"type-product","3":"status-publish","4":"has-post-thumbnail","6":"product_cat-hiihtokeskus","7":"product_cat-liikuntaedut","9":"first","10":"instock","11":"virtual","12":"taxable","13":"purchasable","14":"product-type-simple","15":"entry","16":"content-bg","17":"loop-entry"},"acf":[],"_links":{"self":[{"href":"https:\/\/marketplace.epassi.fi\/levi\/wp-json\/wp\/v2\/product\/290","targetHints":{"allow":["GET"]}}],"collection":[{"href":"https:\/\/marketplace.epassi.fi\/levi\/wp-json\/wp\/v2\/product"}],"about":[{"href":"https:\/\/marketplace.epassi.fi\/levi\/wp-json\/wp\/v2\/types\/product"}],"replies":[{"embeddable":true,"href":"https:\/\/marketplace.epassi.fi\/levi\/wp-json\/wp\/v2\/comments?post=290"}],"wp:featuredmedia":[{"embeddable":true,"href":"https:\/\/marketplace.epassi.fi\/levi\/wp-json\/wp\/v2\/media\/1511"}],"wp:attachment":[{"href":"https:\/\/marketplace.epassi.fi\/levi\/wp-json\/wp\/v2\/media?parent=290"}],"wp:term":[{"taxonomy":"product_brand","embeddable":true,"href":"https:\/\/marketplace.epassi.fi\/levi\/wp-json\/wp\/v2\/product_brand?post=290"},{"taxonomy":"product_cat","embeddable":true,"href":"https:\/\/marketplace.epassi.fi\/levi\/wp-json\/wp\/v2\/product_cat?post=290"},{"taxonomy":"product_tag","embeddable":true,"href":"https:\/\/marketplace.epassi.fi\/levi\/wp-json\/wp\/v2\/product_tag?post=290"}],"curies":[{"name":"wp","href":"https:\/\/api.w.org\/{rel}","templated":true}]}}