{"id":22,"date":"2021-09-13T17:45:59","date_gmt":"2021-09-13T17:45:59","guid":{"rendered":"https:\/\/marketplace.epassi.fi\/lumiwellness\/?page_id=22"},"modified":"2021-10-12T10:57:35","modified_gmt":"2021-10-12T10:57:35","slug":"info","status":"publish","type":"page","link":"https:\/\/marketplace.epassi.fi\/lumiwellness\/info\/","title":{"rendered":"Info"},"content":{"rendered":"\n\t<div class=\"entry-content single-content\">\n\n\t\t<div class=\"wp-block-columns\" style=\"gap:30px\">\n\t\t\t<div class=\"wp-block-column\">\n\t\t\t\t<h2>Tarjoamme terveydellist\u00e4 jalkojenhoitoa kaikille!<\/h2>\n\t\t\t\t<p><p>Asiantuntevaa jalkahoitoa Myllypurossa!.<br \/>\nEtsitk\u00f6 ammattitaitoista jalkahoitoa Helsingiss\u00e4? Jalkahoitola LumiWellness palvelee sinua asiantuntemuksella Myllypuron ostarilla (Kiviparintie 2). Olemme koulutettuja terveydenhuollon ammattilaisia, ja tarjoamme asiakasl\u00e4ht\u00f6ist\u00e4 ja turvallista jalkojenhoitoa kaikille.<\/p>\n<p>Erityisosaamiseemme kuuluvat my\u00f6s diabeetikon jalkahoito, syyl\u00e4n hoito (Koagulointi \/ Verutop) sis\u00e4\u00e4nkasvanut kynsi, kynsien ohennus, sienikynsien hoito sek\u00e4 kovettumien ja kipeiden k\u00e4nsien poisto. <\/p>\n<p>Diabeetikon jalkojen tutkimus on olennainen osa diabeteksen hoitoa, sill\u00e4 diabetes voi aiheuttaa hermovaurioita (neuropatiaa) ja verenkiertoh\u00e4iri\u00f6it\u00e4, jotka lis\u00e4\u00e4v\u00e4t jalkojen ongelmien riski\u00e4. Jalkojen s\u00e4\u00e4nn\u00f6llinen tarkastaminen auttaa havaitsemaan varhaiset merkit mahdollisista komplikaatioista, kuten haavaumat, ihomuutokset tai infektio, jotka voivat johtaa vakavampiin ongelmiin, jos niit\u00e4 ei hoideta ajoissa. Tutkimuksessa tarkistetaan jalkojen iho, kynnet, verenkierto ja hermotoiminta. Diabeetikoille suositellaan p\u00e4ivitt\u00e4ist\u00e4 jalkojen tarkastamista kotona ja s\u00e4\u00e4nn\u00f6llisi\u00e4 k\u00e4yntej\u00e4 terveydenhuollon ammattilaisella, joka voi suorittaa perusteellisemman tutkimuksen. Ennaltaehk\u00e4isev\u00e4t toimenpiteet, kuten oikeanlaiset keng\u00e4t ja hyv\u00e4 jalkahygienia, ovat my\u00f6s t\u00e4rkeit\u00e4 jalkojen terveyden yll\u00e4pit\u00e4miseksi.<\/p>\n<p>Lis\u00e4ksi tarkistetaan keng\u00e4t, joten tule vastaanotolle kengill\u00e4, joita useimmiten k\u00e4yt\u00e4t.<br \/>\nJalkahoito Helsinki, Jalkahoito Vantaa<\/p>\n<\/p>\n\t\t\t\t<h3>Jalkahoitola LumiWellness<\/h3>\n\t\t\t\t<p>Myllypuron Ostoskeskus, Kiviparintie 2<br>\n\t\t\t\t\t00920 Helsinki<\/p>\n\t\t\t\t<p><a href=\"tel:046-680 9744\">046-680 9744<\/a><\/p>\n\t\t\t\t<p><a href=\"mailto:info@lumiwellness.fi\">info@lumiwellness.fi<\/a><\/p>\n\n\t\t\t\t<h2>Toimipisteet<\/h2><div class=\"info-page-location-list\"><div class=\"info-page-location\"><h3>Myllypuron Ostoskeskus<\/h3><p>Kiviparintie 2, 00920 Helsinki<\/p><p><a href=\"tel:046-680 9744\">046-680 9744<\/a><br><a href=\"mail:info@lumiwellness.fi\">info@lumiwellness.fi<\/a><p><a href=\"https:\/\/www.google.com\/maps\/search\/?api=1&query=Google&query_place_id=ChIJg7Bqs8IJkkYRNRiz56fzkx0\">Katso sijainti kartalla <span>&#8599;<\/span><\/a><\/p><\/p><p>Asiantuntevaa jalkahoitoa Myllypurossa!\r\nEtsitk\u00f6 ammattitaitoista jalkahoitoa Helsingiss\u00e4? Jalkahoitola LumiWellness palvelee sinua asiantuntemuksella Myllypuron ostarilla (Kiviparintie 2). Olemme koulutettuja terveydenhuollon ammattilaisia, ja tarjoamme asiakasl\u00e4ht\u00f6ist\u00e4 ja turvallista jalkojenhoitoa kaikille.\r\n\r\nErityisosaamiseemme kuuluvat my\u00f6s diabeetikon jalkahoito, syyl\u00e4n hoito (Koagulointi \/ Verutop) sis\u00e4\u00e4nkasvanut kynsi, kynsien ohennus, sienikynsien hoito sek\u00e4 kovettumien ja kipeiden k\u00e4nsien poisto. \r\nJalkahoito Helsinki, Jalkahoito Vantaa<\/p><\/div><div class=\"info-page-location\"><h3>Jalkahoitola LumiWellness<\/h3><p><\/p><p><\/p><\/div><\/div>\t\t\t<\/div>\n\n\t\t\t<div class=\"wp-block-column\">\n\t\t\t\t<figure class=\"wp-block-image size-large\"><img loading=\"lazy\" decoding=\"async\" width=\"768\" height=\"768\" src=\"https:\/\/marketplace.epassi.fi\/lumiwellness\/wp-content\/uploads\/sites\/436\/2025\/11\/E13FD869-E37B-42CA-8186-8B34ADE5DD44-768x768.png\" class=\"attachment-medium_large size-medium_large\" alt=\"\" \/><\/figure>\n\t\t\t<\/div>\n\t\t<\/div>\n\t<\/div>\n\t\n","protected":false},"excerpt":{"rendered":"","protected":false},"author":2,"featured_media":0,"parent":0,"menu_order":0,"comment_status":"closed","ping_status":"closed","template":"","meta":{"_acf_changed":false,"_kad_post_transparent":"","_kad_post_title":"","_kad_post_layout":"","_kad_post_sidebar_id":"","_kad_post_content_style":"","_kad_post_vertical_padding":"","_kad_post_feature":"","_kad_post_feature_position":"","_kad_post_header":false,"_kad_post_footer":false,"_kad_post_classname":"","footnotes":""},"class_list":["post-22","page","type-page","status-publish","hentry"],"acf":[],"_links":{"self":[{"href":"https:\/\/marketplace.epassi.fi\/lumiwellness\/wp-json\/wp\/v2\/pages\/22","targetHints":{"allow":["GET"]}}],"collection":[{"href":"https:\/\/marketplace.epassi.fi\/lumiwellness\/wp-json\/wp\/v2\/pages"}],"about":[{"href":"https:\/\/marketplace.epassi.fi\/lumiwellness\/wp-json\/wp\/v2\/types\/page"}],"author":[{"embeddable":true,"href":"https:\/\/marketplace.epassi.fi\/lumiwellness\/wp-json\/wp\/v2\/users\/2"}],"replies":[{"embeddable":true,"href":"https:\/\/marketplace.epassi.fi\/lumiwellness\/wp-json\/wp\/v2\/comments?post=22"}],"version-history":[{"count":10,"href":"https:\/\/marketplace.epassi.fi\/lumiwellness\/wp-json\/wp\/v2\/pages\/22\/revisions"}],"predecessor-version":[{"id":264,"href":"https:\/\/marketplace.epassi.fi\/lumiwellness\/wp-json\/wp\/v2\/pages\/22\/revisions\/264"}],"wp:attachment":[{"href":"https:\/\/marketplace.epassi.fi\/lumiwellness\/wp-json\/wp\/v2\/media?parent=22"}],"curies":[{"name":"wp","href":"https:\/\/api.w.org\/{rel}","templated":true}]}}