{"id":22,"date":"2021-09-13T17:45:59","date_gmt":"2021-09-13T17:45:59","guid":{"rendered":"https:\/\/marketplace.epassi.fi\/museot\/?page_id=22"},"modified":"2021-10-12T10:57:35","modified_gmt":"2021-10-12T10:57:35","slug":"info","status":"publish","type":"page","link":"https:\/\/marketplace.epassi.fi\/museot\/info\/","title":{"rendered":"Info"},"content":{"rendered":"\n\t<div class=\"entry-content single-content\">\n\n\t\t<div class=\"wp-block-columns\" style=\"gap:30px\">\n\t\t\t<div class=\"wp-block-column\">\n\t\t\t\t<h2>Museokortti \u2013 p\u00e4\u00e4sylippusi yli 360 museoon<\/h2>\n\t\t\t\t<p><p>Osta uusi Museokortti (86 \u20ac) tai jatka korttisi voimassaoloa Epassilla (79 \/ 86 \u20ac). <\/p>\n<p>Epassi k\u00e4y maksutapana Museokortin verkkokaupassa. Lis\u00e4ksi ostaa Museokortin kulttuurieduilla useista eri museoista ymp\u00e4ri Suomen. Tarkista kuitenkin maksutavat museon omilta verkkosivuilta ennen vierailuasi. <\/p>\n<p>Hanki oma Museokorttisi nyt osoitteessa <a href=\"https:\/\/osta.museokortti.fi \">museokortti.fi <\/a><\/p>\n<p>Uuden Museokortin 12 kuukauden voimassaoloaika alkaa vasta ensimm\u00e4isest\u00e4 museovierailusta. Voit ostaa uuden kortin nyt ja ottaa k\u00e4ytt\u00f6\u00f6n, kun sinulle parhaiten sopii. Kun jatkat Museokorttisi voimassaoloa, kortin viimeinen voimassaolop\u00e4iv\u00e4 siirtyy 12 kuukaudella eteenp\u00e4in. <\/p>\n<p>Museokortin asiakaspalvelu palvelee sinua puhelimitse arkisin klo 9-16. Tavoitat meid\u00e4t my\u00f6s s\u00e4hk\u00f6postitse museokortti@museot.fi<\/p>\n<\/p>\n\t\t\t\t<h3>Museokortti<\/h3>\n\t\t\t\t<p><br>\n\t\t\t\t\t <\/p>\n\t\t\t\t<p><a href=\"tel:+358447845745 \">+358447845745 <\/a><\/p>\n\t\t\t\t<p><a href=\"mailto:museokortti@museot.fi\">museokortti@museot.fi<\/a><\/p>\n\n\t\t\t\t\t\t\t<\/div>\n\n\t\t\t<div class=\"wp-block-column\">\n\t\t\t\t<figure class=\"wp-block-image size-large\"><img loading=\"lazy\" decoding=\"async\" width=\"768\" height=\"512\" src=\"https:\/\/marketplace.epassi.fi\/museot\/wp-content\/uploads\/sites\/167\/2024\/06\/Museokortti-joulutarjous-epassi-Krista-Ylinen-768x512.jpg\" class=\"attachment-medium_large size-medium_large\" alt=\"\" \/><\/figure>\n\t\t\t<\/div>\n\t\t<\/div>\n\t<\/div>\n\t\n","protected":false},"excerpt":{"rendered":"","protected":false},"author":2,"featured_media":0,"parent":0,"menu_order":0,"comment_status":"closed","ping_status":"closed","template":"","meta":{"_acf_changed":false,"_kad_post_transparent":"","_kad_post_title":"","_kad_post_layout":"","_kad_post_sidebar_id":"","_kad_post_content_style":"","_kad_post_vertical_padding":"","_kad_post_feature":"","_kad_post_feature_position":"","_kad_post_header":false,"_kad_post_footer":false,"_kad_post_classname":"","footnotes":""},"class_list":["post-22","page","type-page","status-publish","hentry"],"acf":[],"_links":{"self":[{"href":"https:\/\/marketplace.epassi.fi\/museot\/wp-json\/wp\/v2\/pages\/22","targetHints":{"allow":["GET"]}}],"collection":[{"href":"https:\/\/marketplace.epassi.fi\/museot\/wp-json\/wp\/v2\/pages"}],"about":[{"href":"https:\/\/marketplace.epassi.fi\/museot\/wp-json\/wp\/v2\/types\/page"}],"author":[{"embeddable":true,"href":"https:\/\/marketplace.epassi.fi\/museot\/wp-json\/wp\/v2\/users\/2"}],"replies":[{"embeddable":true,"href":"https:\/\/marketplace.epassi.fi\/museot\/wp-json\/wp\/v2\/comments?post=22"}],"version-history":[{"count":10,"href":"https:\/\/marketplace.epassi.fi\/museot\/wp-json\/wp\/v2\/pages\/22\/revisions"}],"predecessor-version":[{"id":264,"href":"https:\/\/marketplace.epassi.fi\/museot\/wp-json\/wp\/v2\/pages\/22\/revisions\/264"}],"wp:attachment":[{"href":"https:\/\/marketplace.epassi.fi\/museot\/wp-json\/wp\/v2\/media?parent=22"}],"curies":[{"name":"wp","href":"https:\/\/api.w.org\/{rel}","templated":true}]}}