{"id":57,"date":"2021-09-13T18:27:35","date_gmt":"2021-09-13T18:27:35","guid":{"rendered":"https:\/\/marketplace.epassi.fi\/mygym\/?post_type=product&#038;p=57"},"modified":"2024-09-01T03:04:14","modified_gmt":"2024-09-01T03:04:14","slug":"ergometritesti-1-4-hloa-60-min","status":"publish","type":"product","link":"https:\/\/marketplace.epassi.fi\/mygym\/kauppa\/liikuntaedut\/liikunta-muut\/ergometritesti-1-4-hloa-60-min\/","title":{"rendered":"Ergometritesti (1-4 hl\u00f6\u00e4) 60 min"},"content":{"rendered":"","protected":false},"excerpt":{"rendered":"<p>\u2022 Hapenotto: kolmiportainen polkupy\u00f6r\u00e4ergometritesti 12 min<br \/>\n\u2022 verenpaineen mittaus<br \/>\n\u2022 kirjallinen ja suullinen tulosten analysointi<br \/>\n\u2022 harjoitusohjelma sykerajaehdotuksella<br \/>\n\u2022 Polkupy\u00f6r\u00e4ergometritesti on mahdollista suoritta my\u00f6s maksimitestin\u00e4.<br \/>\nMaksimitestiss\u00e4 jatketaan testi uupumukseen saakka. Sopii urheilijoille ja<br \/>\ntavoitteellisesti kuntoaan kohottaville kuntoilijoille<\/p>\n","protected":false},"featured_media":15,"comment_status":"open","ping_status":"closed","template":"","meta":{"_acf_changed":false,"_kad_post_transparent":"default","_kad_post_title":"","_kad_post_layout":"default","_kad_post_sidebar_id":"","_kad_post_content_style":"default","_kad_post_vertical_padding":"default","_kad_post_feature":"","_kad_post_feature_position":"","_kad_post_header":false,"_kad_post_footer":false,"_kad_post_classname":""},"product_brand":[],"product_cat":[29,19],"product_tag":[],"class_list":{"0":"post-57","1":"product","2":"type-product","3":"status-publish","4":"has-post-thumbnail","6":"product_cat-liikunta-muut","7":"product_cat-liikuntaedut","9":"first","10":"instock","11":"taxable","12":"shipping-taxable","13":"purchasable","14":"product-type-variable","15":"entry","16":"content-bg","17":"loop-entry"},"acf":[],"_links":{"self":[{"href":"https:\/\/marketplace.epassi.fi\/mygym\/wp-json\/wp\/v2\/product\/57","targetHints":{"allow":["GET"]}}],"collection":[{"href":"https:\/\/marketplace.epassi.fi\/mygym\/wp-json\/wp\/v2\/product"}],"about":[{"href":"https:\/\/marketplace.epassi.fi\/mygym\/wp-json\/wp\/v2\/types\/product"}],"replies":[{"embeddable":true,"href":"https:\/\/marketplace.epassi.fi\/mygym\/wp-json\/wp\/v2\/comments?post=57"}],"wp:featuredmedia":[{"embeddable":true,"href":"https:\/\/marketplace.epassi.fi\/mygym\/wp-json\/wp\/v2\/media\/15"}],"wp:attachment":[{"href":"https:\/\/marketplace.epassi.fi\/mygym\/wp-json\/wp\/v2\/media?parent=57"}],"wp:term":[{"taxonomy":"product_brand","embeddable":true,"href":"https:\/\/marketplace.epassi.fi\/mygym\/wp-json\/wp\/v2\/product_brand?post=57"},{"taxonomy":"product_cat","embeddable":true,"href":"https:\/\/marketplace.epassi.fi\/mygym\/wp-json\/wp\/v2\/product_cat?post=57"},{"taxonomy":"product_tag","embeddable":true,"href":"https:\/\/marketplace.epassi.fi\/mygym\/wp-json\/wp\/v2\/product_tag?post=57"}],"curies":[{"name":"wp","href":"https:\/\/api.w.org\/{rel}","templated":true}]}}