{"id":64,"date":"2021-09-13T18:34:38","date_gmt":"2021-09-13T18:34:38","guid":{"rendered":"https:\/\/marketplace.epassi.fi\/mygym\/?post_type=product&#038;p=64"},"modified":"2024-08-14T08:00:52","modified_gmt":"2024-08-14T08:00:52","slug":"personal-trainer-valmennus-toistaiseksi-4-x-60-min-kk","status":"publish","type":"product","link":"https:\/\/marketplace.epassi.fi\/mygym\/kauppa\/liikuntaedut\/kuntosali\/personal-trainer-valmennus-toistaiseksi-4-x-60-min-kk\/","title":{"rendered":"Personal trainer valmennus toistaiseksi (4 x 60 min\/kk)"},"content":{"rendered":"","protected":false},"excerpt":{"rendered":"<p>Personal trainer valmennus toistaiseksi. Sis\u00e4lt\u00e4\u00e4 4 x 60min tapaamisia kuukaudessa. Tarkoitettu pysyv\u00e4n el\u00e4m\u00e4ntapamuutoksen l\u00f6yt\u00e4miseksi esim. painonhallintaan, lihasvoimaan tai kest\u00e4kuntoon.<\/p>\n","protected":false},"featured_media":65,"comment_status":"open","ping_status":"closed","template":"","meta":{"_acf_changed":false,"_kad_post_transparent":"default","_kad_post_title":"","_kad_post_layout":"default","_kad_post_sidebar_id":"","_kad_post_content_style":"default","_kad_post_vertical_padding":"default","_kad_post_feature":"","_kad_post_feature_position":"","_kad_post_header":false,"_kad_post_footer":false,"_kad_post_classname":""},"product_brand":[],"product_cat":[23,19],"product_tag":[],"class_list":{"0":"post-64","1":"product","2":"type-product","3":"status-publish","4":"has-post-thumbnail","6":"product_cat-kuntosali","7":"product_cat-liikuntaedut","9":"first","10":"instock","11":"sale","12":"taxable","13":"shipping-taxable","14":"product-type-external","15":"entry","16":"content-bg","17":"loop-entry"},"acf":[],"_links":{"self":[{"href":"https:\/\/marketplace.epassi.fi\/mygym\/wp-json\/wp\/v2\/product\/64","targetHints":{"allow":["GET"]}}],"collection":[{"href":"https:\/\/marketplace.epassi.fi\/mygym\/wp-json\/wp\/v2\/product"}],"about":[{"href":"https:\/\/marketplace.epassi.fi\/mygym\/wp-json\/wp\/v2\/types\/product"}],"replies":[{"embeddable":true,"href":"https:\/\/marketplace.epassi.fi\/mygym\/wp-json\/wp\/v2\/comments?post=64"}],"wp:featuredmedia":[{"embeddable":true,"href":"https:\/\/marketplace.epassi.fi\/mygym\/wp-json\/wp\/v2\/media\/65"}],"wp:attachment":[{"href":"https:\/\/marketplace.epassi.fi\/mygym\/wp-json\/wp\/v2\/media?parent=64"}],"wp:term":[{"taxonomy":"product_brand","embeddable":true,"href":"https:\/\/marketplace.epassi.fi\/mygym\/wp-json\/wp\/v2\/product_brand?post=64"},{"taxonomy":"product_cat","embeddable":true,"href":"https:\/\/marketplace.epassi.fi\/mygym\/wp-json\/wp\/v2\/product_cat?post=64"},{"taxonomy":"product_tag","embeddable":true,"href":"https:\/\/marketplace.epassi.fi\/mygym\/wp-json\/wp\/v2\/product_tag?post=64"}],"curies":[{"name":"wp","href":"https:\/\/api.w.org\/{rel}","templated":true}]}}