{"id":273,"date":"2021-10-16T11:12:03","date_gmt":"2021-10-16T08:12:03","guid":{"rendered":"https:\/\/marketplace.epassi.fi\/natura-viva\/?post_type=product&#038;p=273"},"modified":"2023-02-09T11:33:16","modified_gmt":"2023-02-09T09:33:16","slug":"natura-vivan-opastetut-retket-luonnossa","status":"publish","type":"product","link":"https:\/\/marketplace.epassi.fi\/natura-viva\/kauppa\/liikuntaedut\/liikunta-muut\/natura-vivan-opastetut-retket-luonnossa\/","title":{"rendered":"Natura Vivan opastetut retket luonnossa"},"content":{"rendered":"<h3>Retki\u00e4 luonnossa &#8211; osallistu ohjatulle melonta-, sup-, tai fatbike-retkelle!<\/h3>\n<p>Natura Viva j\u00e4rjest\u00e4\u00e4 p\u00e4\u00e4kaupunkiseudulla erilaisia retki\u00e4 luonnossa. Tutustu -retkill\u00e4mme p\u00e4\u00e4set ohjatusti tutustumaan eri ulkoilulajeihin. Hinta vaihtelee retkikohtaisesti.<\/p>\n<h4>Natura Vivan retkivalikoima<\/h4>\n<h5>Kaikille sopivat retket<\/h5>\n<ul>\n<li>Talvimelontaa Espoon saaristossa<\/li>\n<li>Talvimelontaa Helsingin saaristossa<\/li>\n<li>Tutustu melontaan Vuosaaressa<\/li>\n<li>Tutustu melontaan Matinkyl\u00e4ss\u00e4<\/li>\n<li>Tutustu kanoottimelontaan Nuuksion Kansallispuistossa<\/li>\n<li>Tutustu SUP-lautailuun Vuosaaressa<\/li>\n<li>Tutustu Fatbike-py\u00f6r\u00e4ilyyn Vuosaaressa<\/li>\n<li>Kes\u00e4y\u00f6n taikaa -y\u00f6melontaretki<\/li>\n<li>Helsinki By Kayak<\/li>\n<li>Espoo By Kayak<\/li>\n<\/ul>\n<h5>Viikkomelontaretket<\/h5>\n<ul>\n<li>Maanantaimelonta Suvisaaristossa<\/li>\n<li>Torstaimelonta Vuosaaressa<\/li>\n<li>Perjantaimelonta Kivinokan Melontapisteell\u00e4<\/li>\n<li>Perjantaimelonta Matinkyl\u00e4n Melontapisteell\u00e4<\/li>\n<\/ul>\n<h5>Pidemm\u00e4t retket<\/h5>\n<ul>\n<li>Viikonlopun melontaretki P\u00e4ij\u00e4nteen kansallispuistossa<\/li>\n<li>Viikonlopun melontaretki Tammisaaren kansallispuistossa<\/li>\n<\/ul>\n<p>Kaikki Natura Vivan retket on ostettavissa Epassilla!<\/p>\n","protected":false},"excerpt":{"rendered":"<p>Natura Viva j\u00e4rjest\u00e4\u00e4 retki\u00e4 luonnossa! Tutustu retkivalikoimaan ja tule kanssamme melomaan, sup-lautailemaan ja py\u00f6r\u00e4ilem\u00e4\u00e4n!<\/p>\n","protected":false},"featured_media":334,"comment_status":"open","ping_status":"closed","template":"","meta":{"_acf_changed":false,"_kad_post_transparent":"default","_kad_post_title":"","_kad_post_layout":"default","_kad_post_sidebar_id":"","_kad_post_content_style":"default","_kad_post_vertical_padding":"default","_kad_post_feature":"","_kad_post_feature_position":"","_kad_post_header":false,"_kad_post_footer":false,"_kad_post_classname":""},"product_brand":[],"product_cat":[29,19,27],"product_tag":[],"class_list":{"0":"post-273","1":"product","2":"type-product","3":"status-publish","4":"has-post-thumbnail","6":"product_cat-liikunta-muut","7":"product_cat-liikuntaedut","8":"product_cat-ryhmaliikunta","10":"first","11":"instock","12":"taxable","13":"shipping-taxable","14":"product-type-external","15":"entry","16":"content-bg","17":"loop-entry"},"acf":[],"_links":{"self":[{"href":"https:\/\/marketplace.epassi.fi\/natura-viva\/wp-json\/wp\/v2\/product\/273","targetHints":{"allow":["GET"]}}],"collection":[{"href":"https:\/\/marketplace.epassi.fi\/natura-viva\/wp-json\/wp\/v2\/product"}],"about":[{"href":"https:\/\/marketplace.epassi.fi\/natura-viva\/wp-json\/wp\/v2\/types\/product"}],"replies":[{"embeddable":true,"href":"https:\/\/marketplace.epassi.fi\/natura-viva\/wp-json\/wp\/v2\/comments?post=273"}],"wp:featuredmedia":[{"embeddable":true,"href":"https:\/\/marketplace.epassi.fi\/natura-viva\/wp-json\/wp\/v2\/media\/334"}],"wp:attachment":[{"href":"https:\/\/marketplace.epassi.fi\/natura-viva\/wp-json\/wp\/v2\/media?parent=273"}],"wp:term":[{"taxonomy":"product_brand","embeddable":true,"href":"https:\/\/marketplace.epassi.fi\/natura-viva\/wp-json\/wp\/v2\/product_brand?post=273"},{"taxonomy":"product_cat","embeddable":true,"href":"https:\/\/marketplace.epassi.fi\/natura-viva\/wp-json\/wp\/v2\/product_cat?post=273"},{"taxonomy":"product_tag","embeddable":true,"href":"https:\/\/marketplace.epassi.fi\/natura-viva\/wp-json\/wp\/v2\/product_tag?post=273"}],"curies":[{"name":"wp","href":"https:\/\/api.w.org\/{rel}","templated":true}]}}