{"id":389,"date":"2025-07-05T11:44:17","date_gmt":"2025-07-05T08:44:17","guid":{"rendered":"https:\/\/marketplace.epassi.fi\/osteopaatti-jerry-ketola\/?post_type=product&#038;p=389"},"modified":"2025-07-05T11:51:38","modified_gmt":"2025-07-05T08:51:38","slug":"1-x-tekniikkatunti-kuntosalilla","status":"publish","type":"product","link":"https:\/\/marketplace.epassi.fi\/osteopaatti-jerry-ketola\/kauppa\/liikuntaedut\/kuntosali\/1-x-tekniikkatunti-kuntosalilla\/","title":{"rendered":"1 x tekniikkatunti kuntosalilla"},"content":{"rendered":"<p>Teetk\u00f6 liikkeet salilla oikein? Jos olet ep\u00e4varma teetk\u00f6 liikkeet tavalla, joka hy\u00f6dytt\u00e4\u00e4 eniten eik\u00e4 aiheuta ik\u00e4vi\u00e4 kipua niin ota minulta tekniikkatunti.<\/p>\n<p>Tyypillisi\u00e4 tekniikkavirheit\u00e4, joita korjaan ovat maastavedon eri variaatiot, jalkakyykky levytangolla ja erilaiset taljaliikkeet.<\/p>\n<p>&nbsp;<\/p>\n","protected":false},"excerpt":{"rendered":"<p>1 x 60 min tekniikkatunti R5-kuntosalilla Helsingin Mets\u00e4l\u00e4ss\u00e4. Voimassa 6 kk ostop\u00e4iv\u00e4st\u00e4.<\/p>\n","protected":false},"featured_media":366,"comment_status":"open","ping_status":"closed","template":"","meta":{"_acf_changed":false,"_kad_post_transparent":"default","_kad_post_title":"","_kad_post_layout":"default","_kad_post_sidebar_id":"","_kad_post_content_style":"default","_kad_post_vertical_padding":"default","_kad_post_feature":"","_kad_post_feature_position":"","_kad_post_header":false,"_kad_post_footer":false,"_kad_post_classname":""},"product_brand":[],"product_cat":[23,29,19],"product_tag":[],"class_list":{"0":"post-389","1":"product","2":"type-product","3":"status-publish","4":"has-post-thumbnail","6":"product_cat-kuntosali","7":"product_cat-liikunta-muut","8":"product_cat-liikuntaedut","10":"first","11":"instock","12":"virtual","13":"taxable","14":"purchasable","15":"product-type-simple","16":"entry","17":"content-bg","18":"loop-entry"},"acf":[],"_links":{"self":[{"href":"https:\/\/marketplace.epassi.fi\/osteopaatti-jerry-ketola\/wp-json\/wp\/v2\/product\/389","targetHints":{"allow":["GET"]}}],"collection":[{"href":"https:\/\/marketplace.epassi.fi\/osteopaatti-jerry-ketola\/wp-json\/wp\/v2\/product"}],"about":[{"href":"https:\/\/marketplace.epassi.fi\/osteopaatti-jerry-ketola\/wp-json\/wp\/v2\/types\/product"}],"replies":[{"embeddable":true,"href":"https:\/\/marketplace.epassi.fi\/osteopaatti-jerry-ketola\/wp-json\/wp\/v2\/comments?post=389"}],"wp:featuredmedia":[{"embeddable":true,"href":"https:\/\/marketplace.epassi.fi\/osteopaatti-jerry-ketola\/wp-json\/wp\/v2\/media\/366"}],"wp:attachment":[{"href":"https:\/\/marketplace.epassi.fi\/osteopaatti-jerry-ketola\/wp-json\/wp\/v2\/media?parent=389"}],"wp:term":[{"taxonomy":"product_brand","embeddable":true,"href":"https:\/\/marketplace.epassi.fi\/osteopaatti-jerry-ketola\/wp-json\/wp\/v2\/product_brand?post=389"},{"taxonomy":"product_cat","embeddable":true,"href":"https:\/\/marketplace.epassi.fi\/osteopaatti-jerry-ketola\/wp-json\/wp\/v2\/product_cat?post=389"},{"taxonomy":"product_tag","embeddable":true,"href":"https:\/\/marketplace.epassi.fi\/osteopaatti-jerry-ketola\/wp-json\/wp\/v2\/product_tag?post=389"}],"curies":[{"name":"wp","href":"https:\/\/api.w.org\/{rel}","templated":true}]}}