{"id":22,"date":"2021-09-13T17:45:59","date_gmt":"2021-09-13T17:45:59","guid":{"rendered":"https:\/\/marketplace.epassi.fi\/personaltraining-npng\/?page_id=22"},"modified":"2021-10-12T10:57:35","modified_gmt":"2021-10-12T10:57:35","slug":"info","status":"publish","type":"page","link":"https:\/\/marketplace.epassi.fi\/personaltraining-npng\/info\/","title":{"rendered":"Info"},"content":{"rendered":"\n\t<div class=\"entry-content single-content\">\n\n\t\t<div class=\"wp-block-columns\" style=\"gap:30px\">\n\t\t\t<div class=\"wp-block-column\">\n\t\t\t\t<h2>Valmennuksia ja tuloksia vuosien kokemuksella<\/h2>\n\t\t\t\t<p><p>Moro,<\/p>\n<p>Nimeni on Hasse ja olen sertifioitu Personal Trainer Tampereelta tai itse asiassa Pirkkalasta. Minulla on yli 25 vuoden kokemus kuntosalitreenist\u00e4, yli viiden vuoden kokemus tuloksellisesta henkil\u00f6kohtaisesta valmentamisesta sek\u00e4 14 vuoden kokemus ryhm\u00e4liikunnan ohjaamisesta. Aina kaikki ei ole kuitenkaan mennyt kuin \"Str\u00f6ms\u00f6ss\u00e4\"...olen entinen selk\u00e4potilas ja k\u00e4rsin aikoinaan my\u00f6s reilusta ylipainosta.<\/p>\n<p>Valmennusfilosofiani ydin on hyv\u00e4 ja puhdas ruoka, haastava ja oikeanlainen treeni sek\u00e4 riitt\u00e4v\u00e4 lepo. Erityisen kiinnostunut olen tieteellisesti tutkittujen menetelmien k\u00e4ytt\u00e4misest\u00e4 lihasten kasvatuksessa, painonpudotuksessa ja el\u00e4m\u00e4ntapamuutoksessa yleens\u00e4kin.<\/p>\n<p>Henkil\u00f6kohtaisena valmentajana olen rauhallinen, mutta vaativa. Tavoitteeni on, ett\u00e4 tulet saamaan kanssani hyvi\u00e4 tuloksia ja ett\u00e4 tulet olemaan valmennukseen eritt\u00e4in tyytyv\u00e4inen. Vaikka mottoni on \"no pain no gain\", se ei silti tarkoita, ett\u00e4 treenataan \"hampaat irvess\u00e4\" vaan, ett\u00e4 treenataan j\u00e4rkev\u00e4sti. N\u00e4in saadaan my\u00f6s tuloksia aikaan. Treenatessa saa ja pit\u00e4\u00e4 olla my\u00f6s hauskaa \ud83d\ude42<\/p>\n<p>Haluatko laihtua mutta olet huomannut ett\u00e4 \"laihdutusl\u00e4\u00e4ke\" ei toimi? Laihduttamisessa avainasemassa on laihduttajan ruokavalio ja oikeanlainen liikunta. Ent\u00e4 kiinnostaako lihasten kasvatus? T\u00e4ss\u00e4kin avainasemassa on oikeanlainen ruokavalio sek\u00e4 kuntosalitreeni. Jos haluat tuloksia, ota yhteytt\u00e4! Tehd\u00e4\u00e4n tuloksia yhdess\u00e4! Annan valmennuksilleni tyytyv\u00e4isyystakuun. <\/p>\n<\/p>\n\t\t\t\t<h3>Personal Training Tampere<\/h3>\n\t\t\t\t<p>Kukkulantie 2<br>\n\t\t\t\t\t33960 Pirkkala<\/p>\n\t\t\t\t<p><a href=\"tel:\"><\/a><\/p>\n\t\t\t\t<p><a href=\"mailto:personaltrainingtampere@gmail.com\">personaltrainingtampere@gmail.com<\/a><\/p>\n\n\t\t\t\t<h2>Toimipisteet<\/h2><div class=\"info-page-location-list\"><div class=\"info-page-location\"><h3>Tampere<\/h3><p> ,  Tampere<\/p><p><p><a href=\"https:\/\/www.google.com\/maps\/search\/?api=1&query=Google&query_place_id=ChIJXdqTRVXfjkYRwCILHr3j32o\">Katso sijainti kartalla <span>&#8599;<\/span><\/a><\/p><\/p><p><\/p><\/div><\/div>\t\t\t<\/div>\n\n\t\t\t<div class=\"wp-block-column\">\n\t\t\t\t<figure class=\"wp-block-image size-large\"><img loading=\"lazy\" decoding=\"async\" width=\"768\" height=\"512\" src=\"https:\/\/marketplace.epassi.fi\/personaltraining-npng\/wp-content\/uploads\/sites\/15\/2022\/04\/Henkilokohtainen-valmentaja-8-768x512.jpg\" class=\"attachment-medium_large size-medium_large\" alt=\"\" \/><\/figure>\n\t\t\t<\/div>\n\t\t<\/div>\n\t<\/div>\n\t\n","protected":false},"excerpt":{"rendered":"","protected":false},"author":2,"featured_media":0,"parent":0,"menu_order":0,"comment_status":"closed","ping_status":"closed","template":"","meta":{"_acf_changed":false,"_kad_post_transparent":"","_kad_post_title":"","_kad_post_layout":"","_kad_post_sidebar_id":"","_kad_post_content_style":"","_kad_post_vertical_padding":"","_kad_post_feature":"","_kad_post_feature_position":"","_kad_post_header":false,"_kad_post_footer":false,"_kad_post_classname":"","footnotes":""},"class_list":["post-22","page","type-page","status-publish","hentry"],"acf":[],"_links":{"self":[{"href":"https:\/\/marketplace.epassi.fi\/personaltraining-npng\/wp-json\/wp\/v2\/pages\/22","targetHints":{"allow":["GET"]}}],"collection":[{"href":"https:\/\/marketplace.epassi.fi\/personaltraining-npng\/wp-json\/wp\/v2\/pages"}],"about":[{"href":"https:\/\/marketplace.epassi.fi\/personaltraining-npng\/wp-json\/wp\/v2\/types\/page"}],"author":[{"embeddable":true,"href":"https:\/\/marketplace.epassi.fi\/personaltraining-npng\/wp-json\/wp\/v2\/users\/2"}],"replies":[{"embeddable":true,"href":"https:\/\/marketplace.epassi.fi\/personaltraining-npng\/wp-json\/wp\/v2\/comments?post=22"}],"version-history":[{"count":10,"href":"https:\/\/marketplace.epassi.fi\/personaltraining-npng\/wp-json\/wp\/v2\/pages\/22\/revisions"}],"predecessor-version":[{"id":264,"href":"https:\/\/marketplace.epassi.fi\/personaltraining-npng\/wp-json\/wp\/v2\/pages\/22\/revisions\/264"}],"wp:attachment":[{"href":"https:\/\/marketplace.epassi.fi\/personaltraining-npng\/wp-json\/wp\/v2\/media?parent=22"}],"curies":[{"name":"wp","href":"https:\/\/api.w.org\/{rel}","templated":true}]}}