{"id":22,"date":"2021-09-13T17:45:59","date_gmt":"2021-09-13T17:45:59","guid":{"rendered":"https:\/\/marketplace.epassi.fi\/pleimorepadel\/?page_id=22"},"modified":"2021-10-12T10:57:35","modified_gmt":"2021-10-12T10:57:35","slug":"info","status":"publish","type":"page","link":"https:\/\/marketplace.epassi.fi\/pleimorepadel\/info\/","title":{"rendered":"Info"},"content":{"rendered":"\n\t<div class=\"entry-content single-content\">\n\n\t\t<div class=\"wp-block-columns\" style=\"gap:30px\">\n\t\t\t<div class=\"wp-block-column\">\n\t\t\t\t<h2>Ulkopadelkent\u00e4t Espoon Tapiolassa ja Otaniemess\u00e4<\/h2>\n\t\t\t\t<p><p>Yhteens\u00e4 viisi valaistua ulkopadelkentt\u00e4\u00e4 Espoon Tapiolassa ja Otaniemess\u00e4. Meilt\u00e4 saat my\u00f6s vuokrav\u00e4lineet, tapahtumat ja valmennusta. Tervetuloa pelaamaan!<\/p>\n<\/p>\n\t\t\t\t<h3>Pleimore Padel Espoo<\/h3>\n\t\t\t\t<p><br>\n\t\t\t\t\t Espoo<\/p>\n\t\t\t\t<p><a href=\"tel:0400908051\">0400908051<\/a><\/p>\n\t\t\t\t<p><a href=\"mailto:info@pleimorepadel.com\">info@pleimorepadel.com<\/a><\/p>\n\n\t\t\t\t<h2>Toimipisteet<\/h2><div class=\"info-page-location-list\"><div class=\"info-page-location\"><h3>Pleimore Padel Tapiola<\/h3><p>Kaupinkalliontie 8, 02100 Espoo<\/p><p><a href=\"tel:0400908051\">0400908051<\/a><br><a href=\"mail:info@pleimorepadel.com\">info@pleimorepadel.com<\/a><p><a href=\"https:\/\/www.google.com\/maps\/search\/?api=1&query=Google&query_place_id=ChIJb4WL4Zf1jUYRCQJ8qdOTV8I\">Katso sijainti kartalla <span>&#8599;<\/span><\/a><\/p><\/p><p>Kaksi valaistua ulkopadelkentt\u00e4\u00e4 Espoossa Tapiolassa kulttuurikeskuksen kupeessa hyvien kulkuyhteyksien p\u00e4\u00e4ss\u00e4. Meilt\u00e4 saat my\u00f6s vuokrav\u00e4lineet, yksityistapahtumat sek\u00e4 valmennusta!<\/p><\/div><div class=\"info-page-location\"><h3>Pleimore Padel Otaniemi<\/h3><p>Otaranta 7, 02150 Espoo<\/p><p><a href=\"tel:0400908051\">0400908051<\/a><br><a href=\"mail:info@pleimorepadel.com\">info@pleimorepadel.com<\/a><p><a href=\"https:\/\/www.google.com\/maps\/search\/?api=1&query=Google&query_place_id=ChIJoU729vL1jUYRHZu5zaVACds\">Katso sijainti kartalla <span>&#8599;<\/span><\/a><\/p><\/p><p>Kolme valaistua ulkopadelkentt\u00e4\u00e4 Espoossa Otaniemen urheilupuistossa. Meilt\u00e4 saat my\u00f6s vuokrav\u00e4lineet, yksityistapahtumat sek\u00e4 valmennusta!<\/p><\/div><\/div>\t\t\t<\/div>\n\n\t\t\t<div class=\"wp-block-column\">\n\t\t\t\t<figure class=\"wp-block-image size-large\"><img loading=\"lazy\" decoding=\"async\" width=\"768\" height=\"768\" src=\"https:\/\/marketplace.epassi.fi\/pleimorepadel\/wp-content\/uploads\/sites\/269\/2023\/01\/padel1-768x768.jpg\" class=\"attachment-medium_large size-medium_large\" alt=\"\" \/><\/figure>\n\t\t\t<\/div>\n\t\t<\/div>\n\t<\/div>\n\t\n","protected":false},"excerpt":{"rendered":"","protected":false},"author":2,"featured_media":0,"parent":0,"menu_order":0,"comment_status":"closed","ping_status":"closed","template":"","meta":{"_acf_changed":false,"_kad_post_transparent":"","_kad_post_title":"","_kad_post_layout":"","_kad_post_sidebar_id":"","_kad_post_content_style":"","_kad_post_vertical_padding":"","_kad_post_feature":"","_kad_post_feature_position":"","_kad_post_header":false,"_kad_post_footer":false,"_kad_post_classname":"","footnotes":""},"class_list":["post-22","page","type-page","status-publish","hentry"],"acf":[],"_links":{"self":[{"href":"https:\/\/marketplace.epassi.fi\/pleimorepadel\/wp-json\/wp\/v2\/pages\/22","targetHints":{"allow":["GET"]}}],"collection":[{"href":"https:\/\/marketplace.epassi.fi\/pleimorepadel\/wp-json\/wp\/v2\/pages"}],"about":[{"href":"https:\/\/marketplace.epassi.fi\/pleimorepadel\/wp-json\/wp\/v2\/types\/page"}],"author":[{"embeddable":true,"href":"https:\/\/marketplace.epassi.fi\/pleimorepadel\/wp-json\/wp\/v2\/users\/2"}],"replies":[{"embeddable":true,"href":"https:\/\/marketplace.epassi.fi\/pleimorepadel\/wp-json\/wp\/v2\/comments?post=22"}],"version-history":[{"count":10,"href":"https:\/\/marketplace.epassi.fi\/pleimorepadel\/wp-json\/wp\/v2\/pages\/22\/revisions"}],"predecessor-version":[{"id":264,"href":"https:\/\/marketplace.epassi.fi\/pleimorepadel\/wp-json\/wp\/v2\/pages\/22\/revisions\/264"}],"wp:attachment":[{"href":"https:\/\/marketplace.epassi.fi\/pleimorepadel\/wp-json\/wp\/v2\/media?parent=22"}],"curies":[{"name":"wp","href":"https:\/\/api.w.org\/{rel}","templated":true}]}}