{"id":369,"date":"2024-01-08T12:59:40","date_gmt":"2024-01-08T10:59:40","guid":{"rendered":"https:\/\/marketplace.epassi.fi\/powercenter\/?post_type=product&#038;p=369"},"modified":"2026-01-01T05:01:48","modified_gmt":"2026-01-01T03:01:48","slug":"kuntosali-12-kk-52-viikkoa","status":"publish","type":"product","link":"https:\/\/marketplace.epassi.fi\/powercenter\/kauppa\/liikuntaedut\/kuntosali\/kuntosali-12-kk-52-viikkoa\/","title":{"rendered":"Kuntosali 12 kk (52 viikkoa)"},"content":{"rendered":"<p>Koko p\u00e4iv\u00e4n kuntosalikortti klo 04.30-24.00<br \/>\nOstos on voimassa 2 vuotta (730 p\u00e4iv\u00e4\u00e4) ostohetkest\u00e4. Ostos on voimassa 52 viikkoa ostohetkest\u00e4.<\/p>\n<p><b>Olen tutustunut Power Center Oy:n verkkokaupan ehtoihin sek\u00e4 asiakassopimusehtoihin ja suorittamalla maksun hyv\u00e4ksyn ne. Sopimusehdot ja s\u00e4\u00e4nn\u00f6t l\u00f6yd\u00e4t t\u00e4\u00e4lt\u00e4: https:\/\/powercenter.fi\/sopimusehdot-ja-saannot\/<br \/>\nHinnastomme l\u00f6yd\u00e4t t\u00e4\u00e4lt\u00e4: https:\/\/powercenter.fi\/hinnat\/<\/b><\/p>\n<p>&nbsp;<\/p>\n","protected":false},"excerpt":{"rendered":"<p>Koko p\u00e4iv\u00e4n kuntosalikortti klo 04.30-24.00 Ostos on voimassa 2 vuotta (730 p\u00e4iv\u00e4\u00e4) ostohetkest\u00e4. Ostos on voimassa 52 viikkoa ostohetkest\u00e4. Olen tutustunut Power Center Oy:n verkkokaupan ehtoihin sek\u00e4 asiakassopimusehtoihin ja suorittamalla maksun hyv\u00e4ksyn ne. Sopimusehdot ja s\u00e4\u00e4nn\u00f6t l\u00f6yd\u00e4t t\u00e4\u00e4lt\u00e4: https:\/\/powercenter.fi\/sopimusehdot-ja-saannot\/ Hinnastomme l\u00f6yd\u00e4t t\u00e4\u00e4lt\u00e4: https:\/\/powercenter.fi\/hinnat\/ &nbsp;<\/p>\n","protected":false},"featured_media":329,"comment_status":"open","ping_status":"closed","template":"","meta":{"_acf_changed":false,"_kad_post_transparent":"default","_kad_post_title":"","_kad_post_layout":"default","_kad_post_sidebar_id":"","_kad_post_content_style":"default","_kad_post_vertical_padding":"default","_kad_post_feature":"","_kad_post_feature_position":"","_kad_post_header":false,"_kad_post_footer":false,"_kad_post_classname":""},"product_brand":[],"product_cat":[23,19],"product_tag":[],"class_list":{"0":"post-369","1":"product","2":"type-product","3":"status-publish","4":"has-post-thumbnail","6":"product_cat-kuntosali","7":"product_cat-liikuntaedut","9":"first","10":"instock","11":"taxable","12":"shipping-taxable","13":"purchasable","14":"product-type-simple","15":"entry","16":"content-bg","17":"loop-entry"},"acf":[],"_links":{"self":[{"href":"https:\/\/marketplace.epassi.fi\/powercenter\/wp-json\/wp\/v2\/product\/369","targetHints":{"allow":["GET"]}}],"collection":[{"href":"https:\/\/marketplace.epassi.fi\/powercenter\/wp-json\/wp\/v2\/product"}],"about":[{"href":"https:\/\/marketplace.epassi.fi\/powercenter\/wp-json\/wp\/v2\/types\/product"}],"replies":[{"embeddable":true,"href":"https:\/\/marketplace.epassi.fi\/powercenter\/wp-json\/wp\/v2\/comments?post=369"}],"wp:featuredmedia":[{"embeddable":true,"href":"https:\/\/marketplace.epassi.fi\/powercenter\/wp-json\/wp\/v2\/media\/329"}],"wp:attachment":[{"href":"https:\/\/marketplace.epassi.fi\/powercenter\/wp-json\/wp\/v2\/media?parent=369"}],"wp:term":[{"taxonomy":"product_brand","embeddable":true,"href":"https:\/\/marketplace.epassi.fi\/powercenter\/wp-json\/wp\/v2\/product_brand?post=369"},{"taxonomy":"product_cat","embeddable":true,"href":"https:\/\/marketplace.epassi.fi\/powercenter\/wp-json\/wp\/v2\/product_cat?post=369"},{"taxonomy":"product_tag","embeddable":true,"href":"https:\/\/marketplace.epassi.fi\/powercenter\/wp-json\/wp\/v2\/product_tag?post=369"}],"curies":[{"name":"wp","href":"https:\/\/api.w.org\/{rel}","templated":true}]}}