{"id":398,"date":"2025-02-11T12:13:36","date_gmt":"2025-02-11T10:13:36","guid":{"rendered":"https:\/\/marketplace.epassi.fi\/pt-kuntoklubit\/?post_type=product&#038;p=398"},"modified":"2025-03-10T05:07:49","modified_gmt":"2025-03-10T03:07:49","slug":"pt-soolo","status":"publish","type":"product","link":"https:\/\/marketplace.epassi.fi\/pt-kuntoklubit\/kauppa\/liikuntaedut\/kuntosali\/pt-soolo\/","title":{"rendered":"Personal Trainer Soolo-tapaaminen"},"content":{"rendered":"<p>Kuntoile yhdess\u00e4 Personal Trainerin kanssa. PT-tapaamisen kesto 45 min. Harjoituksen sis\u00e4lt\u00f6 soivaan yhdeess\u00e4 asiakkaan ja PT:n kanssa. Ostettu tapaaminen on k\u00e4ytett\u00e4v\u00e4 viimeist\u00e4\u00e4n kuukauden kuluessa ostohetkest\u00e4. Vapaita PT-aikoja rajoitettu m\u00e4\u00e4r\u00e4.<\/p>\n<p>Ilmoita ostotapahtuman\/kassatapahtuman &#8221;Lis\u00e4tietoja&#8221;-kohdassa, miss\u00e4 yksik\u00f6ss\u00e4 tai kenen PT:n kanssa haluat k\u00e4ytt\u00e4\u00e4 tapaamisen.<\/p>\n","protected":false},"excerpt":{"rendered":"<p>Kuntoile yhdess\u00e4 Personal Trainerin kanssa. PT-tapaamisen kesto 45 min. Harjoituksen sis\u00e4lt\u00f6 soivaan yhdeess\u00e4 asiakkaan ja PT:n kanssa. Ostettu tapaaminen on k\u00e4ytett\u00e4v\u00e4 viimeist\u00e4\u00e4n kuukauden kuluessa ostohetkest\u00e4. Vapaita PT-aikoja rajoitettu m\u00e4\u00e4r\u00e4. Ilmoita ostotapahtuman\/kassatapahtuman &#8221;Lis\u00e4tietoja&#8221;-kohdassa, miss\u00e4 yksik\u00f6ss\u00e4 tai kenen PT:n kanssa haluat k\u00e4ytt\u00e4\u00e4 tapaamisen.<\/p>\n","protected":false},"featured_media":400,"comment_status":"open","ping_status":"closed","template":"","meta":{"_acf_changed":false,"_kad_post_transparent":"default","_kad_post_title":"","_kad_post_layout":"default","_kad_post_sidebar_id":"","_kad_post_content_style":"default","_kad_post_vertical_padding":"default","_kad_post_feature":"","_kad_post_feature_position":"","_kad_post_header":false,"_kad_post_footer":false,"_kad_post_classname":""},"product_brand":[],"product_cat":[23,29,19],"product_tag":[],"class_list":{"0":"post-398","1":"product","2":"type-product","3":"status-publish","4":"has-post-thumbnail","6":"product_cat-kuntosali","7":"product_cat-liikunta-muut","8":"product_cat-liikuntaedut","10":"first","11":"instock","12":"virtual","13":"taxable","14":"purchasable","15":"product-type-simple","16":"entry","17":"content-bg","18":"loop-entry"},"acf":[],"_links":{"self":[{"href":"https:\/\/marketplace.epassi.fi\/pt-kuntoklubit\/wp-json\/wp\/v2\/product\/398","targetHints":{"allow":["GET"]}}],"collection":[{"href":"https:\/\/marketplace.epassi.fi\/pt-kuntoklubit\/wp-json\/wp\/v2\/product"}],"about":[{"href":"https:\/\/marketplace.epassi.fi\/pt-kuntoklubit\/wp-json\/wp\/v2\/types\/product"}],"replies":[{"embeddable":true,"href":"https:\/\/marketplace.epassi.fi\/pt-kuntoklubit\/wp-json\/wp\/v2\/comments?post=398"}],"wp:featuredmedia":[{"embeddable":true,"href":"https:\/\/marketplace.epassi.fi\/pt-kuntoklubit\/wp-json\/wp\/v2\/media\/400"}],"wp:attachment":[{"href":"https:\/\/marketplace.epassi.fi\/pt-kuntoklubit\/wp-json\/wp\/v2\/media?parent=398"}],"wp:term":[{"taxonomy":"product_brand","embeddable":true,"href":"https:\/\/marketplace.epassi.fi\/pt-kuntoklubit\/wp-json\/wp\/v2\/product_brand?post=398"},{"taxonomy":"product_cat","embeddable":true,"href":"https:\/\/marketplace.epassi.fi\/pt-kuntoklubit\/wp-json\/wp\/v2\/product_cat?post=398"},{"taxonomy":"product_tag","embeddable":true,"href":"https:\/\/marketplace.epassi.fi\/pt-kuntoklubit\/wp-json\/wp\/v2\/product_tag?post=398"}],"curies":[{"name":"wp","href":"https:\/\/api.w.org\/{rel}","templated":true}]}}