{"id":22,"date":"2021-09-13T17:45:59","date_gmt":"2021-09-13T17:45:59","guid":{"rendered":"https:\/\/marketplace.epassi.fi\/puhti\/?page_id=22"},"modified":"2021-10-12T10:57:35","modified_gmt":"2021-10-12T10:57:35","slug":"info","status":"publish","type":"page","link":"https:\/\/marketplace.epassi.fi\/puhti\/info\/","title":{"rendered":"Info"},"content":{"rendered":"\n\t<div class=\"entry-content single-content\">\n\n\t\t<div class=\"wp-block-columns\" style=\"gap:30px\">\n\t\t\t<div class=\"wp-block-column\">\n\t\t\t\t<h2>Laboratoriokokeet helposti ilman l\u00e4hetett\u00e4<\/h2>\n\t\t\t\t<p><p>Puhti tarjoaa parasta palvelua oman hyvinvoinnin mittaamiseen ja kehitt\u00e4miseen. Puhdin kautta saat laboratoriokoepaketit helposti ja nopeasti, ilman l\u00e4\u00e4k\u00e4rik\u00e4ynti\u00e4 ja l\u00e4hetett\u00e4. Voit ottaa valmiin testipaketin, valita halutessasi mukaan lis\u00e4testej\u00e4 tai suunnitella kokonaan oman testikokonaisuuden. Laboratoriotestin voi ottaa noin 75 toimipisteess\u00e4 50 eri paikkakunnalla ymp\u00e4ri Suomen. Tuloksia p\u00e4\u00e4set katsomaan yleens\u00e4 jo seuraavana p\u00e4iv\u00e4n\u00e4 Oma Puhti -sivulla.<\/p>\n<p>Voit tehd\u00e4 tilauksen Puhdin verkkosivuilta ePassi Hyvinvoinnilla. Maksutapa k\u00e4y kaikkiin Puhdin testipaketteihin ja laboratoriotutkimuksiin.<\/p>\n<\/p>\n\t\t\t\t<h3>Puhti<\/h3>\n\t\t\t\t<p>Pohjoinen Hesperiankatu 17 C<br>\n\t\t\t\t\t00260 Helsinki<\/p>\n\t\t\t\t<p><a href=\"tel:\"><\/a><\/p>\n\t\t\t\t<p><a href=\"mailto:asiakaspalvelu@puhti.fi\">asiakaspalvelu@puhti.fi<\/a><\/p>\n\n\t\t\t\t\t\t\t<\/div>\n\n\t\t\t<div class=\"wp-block-column\">\n\t\t\t\t<figure class=\"wp-block-image size-large\"><img loading=\"lazy\" decoding=\"async\" width=\"768\" height=\"512\" src=\"https:\/\/marketplace.epassi.fi\/puhti\/wp-content\/uploads\/sites\/148\/2021\/11\/puhti-1920-19-768x512.jpg\" class=\"attachment-medium_large size-medium_large\" alt=\"Puhti\" \/><\/figure>\n\t\t\t<\/div>\n\t\t<\/div>\n\t<\/div>\n\t\n","protected":false},"excerpt":{"rendered":"","protected":false},"author":2,"featured_media":0,"parent":0,"menu_order":0,"comment_status":"closed","ping_status":"closed","template":"","meta":{"_acf_changed":false,"_kad_post_transparent":"","_kad_post_title":"","_kad_post_layout":"","_kad_post_sidebar_id":"","_kad_post_content_style":"","_kad_post_vertical_padding":"","_kad_post_feature":"","_kad_post_feature_position":"","_kad_post_header":false,"_kad_post_footer":false,"_kad_post_classname":"","footnotes":""},"class_list":["post-22","page","type-page","status-publish","hentry"],"acf":[],"_links":{"self":[{"href":"https:\/\/marketplace.epassi.fi\/puhti\/wp-json\/wp\/v2\/pages\/22","targetHints":{"allow":["GET"]}}],"collection":[{"href":"https:\/\/marketplace.epassi.fi\/puhti\/wp-json\/wp\/v2\/pages"}],"about":[{"href":"https:\/\/marketplace.epassi.fi\/puhti\/wp-json\/wp\/v2\/types\/page"}],"author":[{"embeddable":true,"href":"https:\/\/marketplace.epassi.fi\/puhti\/wp-json\/wp\/v2\/users\/2"}],"replies":[{"embeddable":true,"href":"https:\/\/marketplace.epassi.fi\/puhti\/wp-json\/wp\/v2\/comments?post=22"}],"version-history":[{"count":10,"href":"https:\/\/marketplace.epassi.fi\/puhti\/wp-json\/wp\/v2\/pages\/22\/revisions"}],"predecessor-version":[{"id":264,"href":"https:\/\/marketplace.epassi.fi\/puhti\/wp-json\/wp\/v2\/pages\/22\/revisions\/264"}],"wp:attachment":[{"href":"https:\/\/marketplace.epassi.fi\/puhti\/wp-json\/wp\/v2\/media?parent=22"}],"curies":[{"name":"wp","href":"https:\/\/api.w.org\/{rel}","templated":true}]}}