{"id":345,"date":"2022-12-08T19:33:24","date_gmt":"2022-12-08T17:33:24","guid":{"rendered":"https:\/\/marketplace.epassi.fi\/purelahti\/?post_type=product&#038;p=345"},"modified":"2025-10-30T15:30:51","modified_gmt":"2025-10-30T13:30:51","slug":"soodapuhdistus-eli-hampaiden-jauhepuhdistus","status":"publish","type":"product","link":"https:\/\/marketplace.epassi.fi\/purelahti\/kauppa\/hyvinvointi\/hammaslaakari\/soodapuhdistus-eli-hampaiden-jauhepuhdistus\/","title":{"rendered":"Soodapuhdistus eli hampaiden jauhepuhdistus"},"content":{"rendered":"<p>Soodapuhdistuksessa aluksi varmistamme ty\u00f6skentelytilamme suussasi laittamalla sinulle pehme\u00e4n, silikonisen suunaukipit\u00e4j\u00e4n, joka k\u00e4\u00e4nt\u00e4\u00e4 huulesi pois putsauksen tielt\u00e4. Seuraavaksi suihkuttelemme hampaasi puhtaaksi veden- ja ilmanpaineen tehostamalla jauhesuihkulla. Lopuksi viimeistelemme puhdistuksen hampaidesi fluorauksella tai hoitoaineella. Soodapuhdistus ei koske tai satu, vaan tuntuu enint\u00e4\u00e4n pienen\u00e4 pistelyn\u00e4 kieless\u00e4si ja ikeniss\u00e4si. Varmistamme tietenkin, ett\u00e4 olosi on hyv\u00e4 ja huoleton l\u00e4pi hoidon.<\/p>\n<p>Soodapuhdistus ei ole valkaisuhoito, vaan hampaidesi ulkopinnan puhdistus. On kuitenkin mahdollista, ett\u00e4 hymysi n\u00e4ytt\u00e4\u00e4 vaaleammalta ja kirkkaammalta, kun se puhdistuu v\u00e4rj\u00e4ytymist\u00e4. Soodapuhdistus ei poista hammaskive\u00e4, mutta se puhdistaa hampaistasi plakkia ja hammasv\u00e4leist\u00e4si bakteereja. Soodapuhdistuksen j\u00e4lkeen hampaasi ovat kiilt\u00e4v\u00e4t sek\u00e4 kirkkaat ja liukkaan puhtaat.\u00a0 Jos edellisest\u00e4 hammaskiven poistosta on kulunut jo hetken aikaa, suosittelemme puhdistamaan hammaskivet hampaidesi pinnoilta ja varsinkin hammasv\u00e4leist\u00e4si ennen soodapuhdistuksen tekoa. N\u00e4in saamme hampaistasi ainutlaatuisen puhtaat.<\/p>\n<p>Soodapuhdistus sopii kenelle tahansa, joka nauttii hampaidensa aidosta puhtaudesta ja haluaa pit\u00e4\u00e4 hyv\u00e4\u00e4 huolta hymyst\u00e4\u00e4n ja terveydest\u00e4\u00e4n ennaltaehk\u00e4isev\u00e4\u00e4n hoitoon panostamalla.<\/p>\n","protected":false},"excerpt":{"rendered":"<p>Soodapuhdistuksessa suihkuttelemme hymysi jauheen, veden ja ilmanpaineen puhdistavalla yhdistelm\u00e4ll\u00e4. Soodapuhdistus saa hampaasi ainutlaatuisen puhtaiksi ja poistaa samalla kahvin, teen, tupakan ja muiden v\u00e4rj\u00e4\u00e4vien tekij\u00f6iden aikaansaamat tummentumat! Huomioithan, ett\u00e4 jauhepuhdistus ei poista hammaskive\u00e4, joten hampaat tulisi olla puhdistettu hammaskivest\u00e4 hiljattain. Jos sinulla on jo muodostunut hammaskive\u00e4 edellisen hoidon j\u00e4lkeen suositellemme valitsemaan palveluksi hammaskiven poiston, johon sis\u00e4ltyy my\u00f6s jauhepuhdistus osana hoitokokonaisuutta. Hinta on omavastuuosuus KELA- korvauksen j\u00e4lkeen. Suuhygienistik\u00e4ynnit korvataan ilman hammasl\u00e4\u00e4k\u00e4rin l\u00e4hetett\u00e4 enint\u00e4\u00e4n 2 kertaa kalenterivuodessa.<\/p>\n","protected":false},"featured_media":328,"comment_status":"open","ping_status":"closed","template":"","meta":{"_acf_changed":false,"_kad_post_transparent":"default","_kad_post_title":"","_kad_post_layout":"default","_kad_post_sidebar_id":"","_kad_post_content_style":"default","_kad_post_vertical_padding":"default","_kad_post_feature":"","_kad_post_feature_position":"","_kad_post_header":false,"_kad_post_footer":false,"_kad_post_classname":""},"product_brand":[],"product_cat":[30,21],"product_tag":[],"class_list":{"0":"post-345","1":"product","2":"type-product","3":"status-publish","4":"has-post-thumbnail","6":"product_cat-hammaslaakari","7":"product_cat-hyvinvointi","9":"first","10":"instock","11":"virtual","12":"taxable","13":"purchasable","14":"product-type-simple","15":"entry","16":"content-bg","17":"loop-entry"},"acf":[],"_links":{"self":[{"href":"https:\/\/marketplace.epassi.fi\/purelahti\/wp-json\/wp\/v2\/product\/345","targetHints":{"allow":["GET"]}}],"collection":[{"href":"https:\/\/marketplace.epassi.fi\/purelahti\/wp-json\/wp\/v2\/product"}],"about":[{"href":"https:\/\/marketplace.epassi.fi\/purelahti\/wp-json\/wp\/v2\/types\/product"}],"replies":[{"embeddable":true,"href":"https:\/\/marketplace.epassi.fi\/purelahti\/wp-json\/wp\/v2\/comments?post=345"}],"wp:featuredmedia":[{"embeddable":true,"href":"https:\/\/marketplace.epassi.fi\/purelahti\/wp-json\/wp\/v2\/media\/328"}],"wp:attachment":[{"href":"https:\/\/marketplace.epassi.fi\/purelahti\/wp-json\/wp\/v2\/media?parent=345"}],"wp:term":[{"taxonomy":"product_brand","embeddable":true,"href":"https:\/\/marketplace.epassi.fi\/purelahti\/wp-json\/wp\/v2\/product_brand?post=345"},{"taxonomy":"product_cat","embeddable":true,"href":"https:\/\/marketplace.epassi.fi\/purelahti\/wp-json\/wp\/v2\/product_cat?post=345"},{"taxonomy":"product_tag","embeddable":true,"href":"https:\/\/marketplace.epassi.fi\/purelahti\/wp-json\/wp\/v2\/product_tag?post=345"}],"curies":[{"name":"wp","href":"https:\/\/api.w.org\/{rel}","templated":true}]}}