{"id":22,"date":"2021-09-13T17:45:59","date_gmt":"2021-09-13T17:45:59","guid":{"rendered":"https:\/\/marketplace.epassi.fi\/purjehduskoulu-nemo\/?page_id=22"},"modified":"2021-10-12T10:57:35","modified_gmt":"2021-10-12T10:57:35","slug":"info","status":"publish","type":"page","link":"https:\/\/marketplace.epassi.fi\/purjehduskoulu-nemo\/info\/","title":{"rendered":"Info"},"content":{"rendered":"\n\t<div class=\"entry-content single-content\">\n\n\t\t<div class=\"wp-block-columns\" style=\"gap:30px\">\n\t\t\t<div class=\"wp-block-column\">\n\t\t\t\t<h2>Nemo Sailing Oy (purjehduskoulu Nemo)<\/h2>\n\t\t\t\t<p><p>Nemo Sailing kouluttaa ja valmentaa uusia merenk\u00e4vij\u00f6it\u00e4 nauttimaan vastuullisesti maailman merist\u00e4.<\/p>\n<p>Tarjoamme mm. purjehduskursseja sek\u00e4 ilta-, retki-, matka-, seikkailu-, kilpa- ja charter-purjehduksia.<\/p>\n<p>Lis\u00e4ksi tarjoamme apua mm. oman veneen valinnassa, hankinnassa, siirroissa, varustamisessa, yll\u00e4pidossa, valtamerimatkojen suunnittelussa ja muussa mit\u00e4 veneilyyn kuuluu.<\/p>\n<p>Lue lis\u00e4\u00e4: <A HREF=\"http:\/\/nemosailing.fi\" TARGET=\"_blank\">nemosailing.fi<\/A><\/p>\n<\/p>\n\t\t\t\t<h3>Purjehduskoulu Nemo<\/h3>\n\t\t\t\t<p>Vattuniemen puistotie 1<br>\n\t\t\t\t\t00210 Helsinki<\/p>\n\t\t\t\t<p><a href=\"tel:+358 400 160 027\">+358 400 160 027<\/a><\/p>\n\t\t\t\t<p><a href=\"mailto:info@nemosailing.fi\">info@nemosailing.fi<\/a><\/p>\n\n\t\t\t\t<h2>Toimipisteet<\/h2><div class=\"info-page-location-list\"><div class=\"info-page-location\"><h3>Nemo Sailing Lauttasaari<\/h3><p>Vattuniemen puistotie 1a, 00210 Helsinki<\/p><p><a href=\"tel:+358 400 160 027\">+358 400 160 027<\/a><br><a href=\"mail:info@nemosailing.fi\">info@nemosailing.fi<\/a><p><a href=\"https:\/\/www.google.com\/maps\/search\/?api=1&query=Google&query_place_id=ChIJ__-j5VkKkkYRMBlZDtkS7f4\">Katso sijainti kartalla <span>&#8599;<\/span><\/a><\/p><\/p><p>Toimimme p\u00e4\u00e4s\u00e4\u00e4nt\u00f6isesti Helsingin Lauttasaaressa HSK:n satamasta k\u00e4sin. Kokoontumispaikkana pid\u00e4mme Ravintola Blue Peterin edustaa.<\/p><\/div><\/div>\t\t\t<\/div>\n\n\t\t\t<div class=\"wp-block-column\">\n\t\t\t\t<figure class=\"wp-block-image size-large\"><img loading=\"lazy\" decoding=\"async\" width=\"768\" height=\"768\" src=\"https:\/\/marketplace.epassi.fi\/purjehduskoulu-nemo\/wp-content\/uploads\/sites\/304\/2022\/12\/80290BB1-3C24-48A9-A2E4-27C8941CF39E-768x768.jpg\" class=\"attachment-medium_large size-medium_large\" alt=\"\" \/><\/figure>\n\t\t\t<\/div>\n\t\t<\/div>\n\t<\/div>\n\t\n","protected":false},"excerpt":{"rendered":"","protected":false},"author":2,"featured_media":0,"parent":0,"menu_order":0,"comment_status":"closed","ping_status":"closed","template":"","meta":{"_acf_changed":false,"_kad_post_transparent":"","_kad_post_title":"","_kad_post_layout":"","_kad_post_sidebar_id":"","_kad_post_content_style":"","_kad_post_vertical_padding":"","_kad_post_feature":"","_kad_post_feature_position":"","_kad_post_header":false,"_kad_post_footer":false,"_kad_post_classname":"","footnotes":""},"class_list":["post-22","page","type-page","status-publish","hentry"],"acf":[],"_links":{"self":[{"href":"https:\/\/marketplace.epassi.fi\/purjehduskoulu-nemo\/wp-json\/wp\/v2\/pages\/22","targetHints":{"allow":["GET"]}}],"collection":[{"href":"https:\/\/marketplace.epassi.fi\/purjehduskoulu-nemo\/wp-json\/wp\/v2\/pages"}],"about":[{"href":"https:\/\/marketplace.epassi.fi\/purjehduskoulu-nemo\/wp-json\/wp\/v2\/types\/page"}],"author":[{"embeddable":true,"href":"https:\/\/marketplace.epassi.fi\/purjehduskoulu-nemo\/wp-json\/wp\/v2\/users\/2"}],"replies":[{"embeddable":true,"href":"https:\/\/marketplace.epassi.fi\/purjehduskoulu-nemo\/wp-json\/wp\/v2\/comments?post=22"}],"version-history":[{"count":10,"href":"https:\/\/marketplace.epassi.fi\/purjehduskoulu-nemo\/wp-json\/wp\/v2\/pages\/22\/revisions"}],"predecessor-version":[{"id":264,"href":"https:\/\/marketplace.epassi.fi\/purjehduskoulu-nemo\/wp-json\/wp\/v2\/pages\/22\/revisions\/264"}],"wp:attachment":[{"href":"https:\/\/marketplace.epassi.fi\/purjehduskoulu-nemo\/wp-json\/wp\/v2\/media?parent=22"}],"curies":[{"name":"wp","href":"https:\/\/api.w.org\/{rel}","templated":true}]}}