{"id":282,"date":"2021-12-13T14:42:19","date_gmt":"2021-12-13T12:42:19","guid":{"rendered":"https:\/\/marketplace.epassi.fi\/rauhassa\/?post_type=product&#038;p=282"},"modified":"2025-10-30T15:26:36","modified_gmt":"2025-10-30T13:26:36","slug":"lahjakortti","status":"publish","type":"product","link":"https:\/\/marketplace.epassi.fi\/rauhassa\/kauppa\/hyvinvointi\/hieronta\/lahjakortti\/","title":{"rendered":"4x sarjakortti"},"content":{"rendered":"<p>Parhaat hy\u00f6dyt saa irti s\u00e4\u00e4nn\u00f6llisell\u00e4 hieromisella, lahjakortilla <strong>nelj\u00e4<\/strong> 45min hierontakertaa huokeaan hintaan! Lahjakortti voimassa 31.1.2023 asti.<\/p>\n","protected":false},"excerpt":{"rendered":"<p>Parhaat hy\u00f6dyt saa irti s\u00e4\u00e4nn\u00f6llisell\u00e4 hieromisella, lahjakortilla <strong>nelj\u00e4<\/strong> 45min hierontakertaa huokeaan hintaan! Lahjakortti voimassa 31.1.2023 asti.<\/p>\n","protected":false},"featured_media":393,"comment_status":"open","ping_status":"closed","template":"","meta":{"_acf_changed":false,"_kad_post_transparent":"default","_kad_post_title":"","_kad_post_layout":"default","_kad_post_sidebar_id":"","_kad_post_content_style":"default","_kad_post_vertical_padding":"default","_kad_post_feature":"","_kad_post_feature_position":"","_kad_post_header":false,"_kad_post_footer":false,"_kad_post_classname":""},"product_brand":[],"product_cat":[31,21],"product_tag":[],"class_list":{"0":"post-282","1":"product","2":"type-product","3":"status-publish","4":"has-post-thumbnail","6":"product_cat-hieronta","7":"product_cat-hyvinvointi","9":"first","10":"instock","11":"purchasable","12":"product-type-simple","13":"entry","14":"content-bg","15":"loop-entry"},"acf":[],"_links":{"self":[{"href":"https:\/\/marketplace.epassi.fi\/rauhassa\/wp-json\/wp\/v2\/product\/282","targetHints":{"allow":["GET"]}}],"collection":[{"href":"https:\/\/marketplace.epassi.fi\/rauhassa\/wp-json\/wp\/v2\/product"}],"about":[{"href":"https:\/\/marketplace.epassi.fi\/rauhassa\/wp-json\/wp\/v2\/types\/product"}],"replies":[{"embeddable":true,"href":"https:\/\/marketplace.epassi.fi\/rauhassa\/wp-json\/wp\/v2\/comments?post=282"}],"wp:featuredmedia":[{"embeddable":true,"href":"https:\/\/marketplace.epassi.fi\/rauhassa\/wp-json\/wp\/v2\/media\/393"}],"wp:attachment":[{"href":"https:\/\/marketplace.epassi.fi\/rauhassa\/wp-json\/wp\/v2\/media?parent=282"}],"wp:term":[{"taxonomy":"product_brand","embeddable":true,"href":"https:\/\/marketplace.epassi.fi\/rauhassa\/wp-json\/wp\/v2\/product_brand?post=282"},{"taxonomy":"product_cat","embeddable":true,"href":"https:\/\/marketplace.epassi.fi\/rauhassa\/wp-json\/wp\/v2\/product_cat?post=282"},{"taxonomy":"product_tag","embeddable":true,"href":"https:\/\/marketplace.epassi.fi\/rauhassa\/wp-json\/wp\/v2\/product_tag?post=282"}],"curies":[{"name":"wp","href":"https:\/\/api.w.org\/{rel}","templated":true}]}}